[INFO] cloning repository https://github.com/numerodix/pcitools
[INFO] running `Command { std: "git" "-c" "credential.helper=" "-c" "credential.helper=/workspace/cargo-home/bin/git-credential-null" "clone" "--bare" "https://github.com/numerodix/pcitools" "/workspace/cache/git-repos/https%3A%2F%2Fgithub.com%2Fnumerodix%2Fpcitools", kill_on_drop: false }`
[INFO] [stderr] Cloning into bare repository '/workspace/cache/git-repos/https%3A%2F%2Fgithub.com%2Fnumerodix%2Fpcitools'...
[INFO] running `Command { std: "git" "rev-parse" "HEAD", kill_on_drop: false }`
[INFO] [stdout] 674af2c7d26c7819ea6ae63ea1013ffc642adf1d
[INFO] checking numerodix/pcitools against 1.55.0 for beta-1.56-3
[INFO] running `Command { std: "git" "clone" "/workspace/cache/git-repos/https%3A%2F%2Fgithub.com%2Fnumerodix%2Fpcitools" "/workspace/builds/worker-4/source", kill_on_drop: false }`
[INFO] [stderr] Cloning into '/workspace/builds/worker-4/source'...
[INFO] [stderr] done.
[INFO] validating manifest of git repo https://github.com/numerodix/pcitools on toolchain 1.55.0
[INFO] running `Command { std: "/workspace/cargo-home/bin/cargo" "+1.55.0" "metadata" "--manifest-path" "Cargo.toml" "--no-deps", kill_on_drop: false }`
[INFO] started tweaking git repo https://github.com/numerodix/pcitools
[INFO] finished tweaking git repo https://github.com/numerodix/pcitools
[INFO] tweaked toml for git repo https://github.com/numerodix/pcitools written to /workspace/builds/worker-4/source/Cargo.toml
[INFO] crate git repo https://github.com/numerodix/pcitools already has a lockfile, it will not be regenerated
[INFO] running `Command { std: "/workspace/cargo-home/bin/cargo" "+1.55.0" "fetch" "--manifest-path" "Cargo.toml", kill_on_drop: false }`
[INFO] running `Command { std: "docker" "create" "-v" "/var/lib/crater-agent-workspace/builds/worker-4/target:/opt/rustwide/target:rw,Z" "-v" "/var/lib/crater-agent-workspace/builds/worker-4/source:/opt/rustwide/workdir:ro,Z" "-v" "/var/lib/crater-agent-workspace/cargo-home:/opt/rustwide/cargo-home:ro,Z" "-v" "/var/lib/crater-agent-workspace/rustup-home:/opt/rustwide/rustup-home:ro,Z" "-e" "SOURCE_DIR=/opt/rustwide/workdir" "-e" "CARGO_TARGET_DIR=/opt/rustwide/target" "-e" "CARGO_HOME=/opt/rustwide/cargo-home" "-e" "RUSTUP_HOME=/opt/rustwide/rustup-home" "-w" "/opt/rustwide/workdir" "-m" "1610612736" "--user" "0:0" "--network" "none" "ghcr.io/rust-lang/crates-build-env/linux@sha256:a89201d6b5b9fd45c15d5952ece0a0129e7e80cb26ec023fd59cf09bc26f1604" "/opt/rustwide/cargo-home/bin/cargo" "+1.55.0" "metadata" "--no-deps" "--format-version=1", kill_on_drop: false }`
[INFO] [stdout] c1f49460736e6575618a0d0e1a738c3403359055aefe23dd3935d39d254263f6
[INFO] [stderr] WARNING: Your kernel does not support swap limit capabilities or the cgroup is not mounted. Memory limited without swap.
[INFO] running `Command { std: "docker" "start" "-a" "c1f49460736e6575618a0d0e1a738c3403359055aefe23dd3935d39d254263f6", kill_on_drop: false }`
[INFO] running `Command { std: "docker" "inspect" "c1f49460736e6575618a0d0e1a738c3403359055aefe23dd3935d39d254263f6", kill_on_drop: false }`
[INFO] running `Command { std: "docker" "rm" "-f" "c1f49460736e6575618a0d0e1a738c3403359055aefe23dd3935d39d254263f6", kill_on_drop: false }`
[INFO] [stdout] c1f49460736e6575618a0d0e1a738c3403359055aefe23dd3935d39d254263f6
[INFO] running `Command { std: "docker" "create" "-v" "/var/lib/crater-agent-workspace/builds/worker-4/target:/opt/rustwide/target:rw,Z" "-v" "/var/lib/crater-agent-workspace/builds/worker-4/source:/opt/rustwide/workdir:ro,Z" "-v" "/var/lib/crater-agent-workspace/cargo-home:/opt/rustwide/cargo-home:ro,Z" "-v" "/var/lib/crater-agent-workspace/rustup-home:/opt/rustwide/rustup-home:ro,Z" "-e" "SOURCE_DIR=/opt/rustwide/workdir" "-e" "CARGO_TARGET_DIR=/opt/rustwide/target" "-e" "CARGO_INCREMENTAL=0" "-e" "RUST_BACKTRACE=full" "-e" "RUSTFLAGS=--cap-lints=warn" "-e" "CARGO_HOME=/opt/rustwide/cargo-home" "-e" "RUSTUP_HOME=/opt/rustwide/rustup-home" "-w" "/opt/rustwide/workdir" "-m" "1610612736" "--user" "0:0" "--network" "none" "ghcr.io/rust-lang/crates-build-env/linux@sha256:a89201d6b5b9fd45c15d5952ece0a0129e7e80cb26ec023fd59cf09bc26f1604" "/opt/rustwide/cargo-home/bin/cargo" "+1.55.0" "check" "--frozen" "--all" "--all-targets" "--message-format=json", kill_on_drop: false }`
[INFO] [stderr] WARNING: Your kernel does not support swap limit capabilities or the cgroup is not mounted. Memory limited without swap.
[INFO] [stdout] e29a211da046bae76b3180657c88bde5423026a5543f27f8d8c2f4d58ed4b7d8
[INFO] running `Command { std: "docker" "start" "-a" "e29a211da046bae76b3180657c88bde5423026a5543f27f8d8c2f4d58ed4b7d8", kill_on_drop: false }`
[INFO] [stderr]     Checking pcitools v0.1.0 (/opt/rustwide/workdir)
[INFO] [stdout] error[E0308]: mismatched types
[INFO] [stdout]      --> src/config_space/devices.rs:4:84
[INFO] [stdout]       |
[INFO] [stdout] 4     |       pub static ref DEVICE_MAP: BTreeMap<(u16, u16), &'static str> = BTreeMap::from([
[INFO] [stdout]       |  ____________________________________________________________________________________^
[INFO] [stdout] 5     | |         // START
[INFO] [stdout] 6     | |         ((0x0010, 0x8139), "AT-2500TX V3 Ethernet"),
[INFO] [stdout] 7     | |         ((0x0014, 0x7a00), "Hyper Transport Bridge Controller"),
[INFO] [stdout] ...     |
[INFO] [stdout] 16699 | |         // END
[INFO] [stdout] 16700 | |     ]);
[INFO] [stdout]       | |_____^ expected struct `BTreeMap`, found array of 16693 elements
[INFO] [stdout]       |
[INFO] [stdout]       = note: expected struct `BTreeMap<(u16, u16), &str>`
[INFO] [stdout]                   found array `[(({integer}, {integer}), &str); 16693]`
[INFO] [stdout] 
[INFO] [stdout] 
[INFO] [stdout] error[E0308]: mismatched types
[INFO] [stdout]     --> src/config_space/vendors.rs:4:77
[INFO] [stdout]      |
[INFO] [stdout] 4    |       pub static ref VENDOR_MAP: BTreeMap<u16, &'static str> = BTreeMap::from([
[INFO] [stdout]      |  _____________________________________________________________________________^
[INFO] [stdout] 5    | |         // START
[INFO] [stdout] 6    | |         (0x0001, "SafeNet (wrong ID)"),
[INFO] [stdout] 7    | |         (0x0010, "Allied Telesis, Inc (Wrong ID)"),
[INFO] [stdout] ...    |
[INFO] [stdout] 2263 | |         // END
[INFO] [stdout] 2264 | |     ]);
[INFO] [stdout]      | |_____^ expected struct `BTreeMap`, found array of 2257 elements
[INFO] [stdout]      |
[INFO] [stdout]      = note: expected struct `BTreeMap<u16, &str>`
[INFO] [stdout]                  found array `[({integer}, &str); 2257]`
[INFO] [stdout] 
[INFO] [stdout] 
[INFO] [stdout] error: aborting due to 2 previous errors
[INFO] [stdout] 
[INFO] [stdout] 
[INFO] [stdout] For more information about this error, try `rustc --explain E0308`.
[INFO] [stdout] 
[INFO] [stdout] error[E0308]: mismatched types
[INFO] [stdout]      --> src/config_space/devices.rs:4:84
[INFO] [stdout]       |
[INFO] [stdout] 4     |       pub static ref DEVICE_MAP: BTreeMap<(u16, u16), &'static str> = BTreeMap::from([
[INFO] [stdout]       |  ____________________________________________________________________________________^
[INFO] [stdout] 5     | |         // START
[INFO] [stdout] 6     | |         ((0x0010, 0x8139), "AT-2500TX V3 Ethernet"),
[INFO] [stdout] 7     | |         ((0x0014, 0x7a00), "Hyper Transport Bridge Controller"),
[INFO] [stdout] ...     |
[INFO] [stdout] 16699 | |         // END
[INFO] [stdout] 16700 | |     ]);
[INFO] [stdout]       | |_____^ expected struct `BTreeMap`, found array of 16693 elements
[INFO] [stdout]       |
[INFO] [stdout]       = note: expected struct `BTreeMap<(u16, u16), &str>`
[INFO] [stdout]                   found array `[(({integer}, {integer}), &str); 16693]`
[INFO] [stdout] 
[INFO] [stdout] 
[INFO] [stderr] error: could not compile `pcitools` due to 3 previous errors
[INFO] [stderr] warning: build failed, waiting for other jobs to finish...
[INFO] [stdout] error[E0308]: mismatched types
[INFO] [stdout]     --> src/config_space/vendors.rs:4:77
[INFO] [stdout]      |
[INFO] [stdout] 4    |       pub static ref VENDOR_MAP: BTreeMap<u16, &'static str> = BTreeMap::from([
[INFO] [stdout]      |  _____________________________________________________________________________^
[INFO] [stdout] 5    | |         // START
[INFO] [stdout] 6    | |         (0x0001, "SafeNet (wrong ID)"),
[INFO] [stdout] 7    | |         (0x0010, "Allied Telesis, Inc (Wrong ID)"),
[INFO] [stdout] ...    |
[INFO] [stdout] 2263 | |         // END
[INFO] [stdout] 2264 | |     ]);
[INFO] [stdout]      | |_____^ expected struct `BTreeMap`, found array of 2257 elements
[INFO] [stdout]      |
[INFO] [stdout]      = note: expected struct `BTreeMap<u16, &str>`
[INFO] [stdout]                  found array `[({integer}, &str); 2257]`
[INFO] [stdout] 
[INFO] [stdout] 
[INFO] [stdout] error: aborting due to 2 previous errors
[INFO] [stdout] 
[INFO] [stdout] 
[INFO] [stdout] For more information about this error, try `rustc --explain E0308`.
[INFO] [stdout] 
[INFO] [stderr] error: build failed
[INFO] running `Command { std: "docker" "inspect" "e29a211da046bae76b3180657c88bde5423026a5543f27f8d8c2f4d58ed4b7d8", kill_on_drop: false }`
[INFO] running `Command { std: "docker" "rm" "-f" "e29a211da046bae76b3180657c88bde5423026a5543f27f8d8c2f4d58ed4b7d8", kill_on_drop: false }`
[INFO] [stdout] e29a211da046bae76b3180657c88bde5423026a5543f27f8d8c2f4d58ed4b7d8
