[INFO] fetching crate cpr 1.1.0...
[INFO] checking cpr-1.1.0 against beta-2021-10-15 for beta-1.56-3
[INFO] extracting crate cpr 1.1.0 into /workspace/builds/worker-102/source
[INFO] validating manifest of crates.io crate cpr 1.1.0 on toolchain beta-2021-10-15
[INFO] running `Command { std: "/workspace/cargo-home/bin/cargo" "+beta-2021-10-15" "metadata" "--manifest-path" "Cargo.toml" "--no-deps", kill_on_drop: false }`
[INFO] started tweaking crates.io crate cpr 1.1.0
[INFO] removed 0 missing tests
[INFO] finished tweaking crates.io crate cpr 1.1.0
[INFO] tweaked toml for crates.io crate cpr 1.1.0 written to /workspace/builds/worker-102/source/Cargo.toml
[INFO] running `Command { std: "/workspace/cargo-home/bin/cargo" "+beta-2021-10-15" "generate-lockfile" "--manifest-path" "Cargo.toml" "-Zno-index-update", kill_on_drop: false }`
[INFO] running `Command { std: "/workspace/cargo-home/bin/cargo" "+beta-2021-10-15" "fetch" "--manifest-path" "Cargo.toml", kill_on_drop: false }`
[INFO] [stderr]     Blocking waiting for file lock on package cache
[INFO] running `Command { std: "docker" "create" "-v" "/var/lib/crater-agent-workspace/builds/worker-102/target:/opt/rustwide/target:rw,Z" "-v" "/var/lib/crater-agent-workspace/builds/worker-102/source:/opt/rustwide/workdir:ro,Z" "-v" "/var/lib/crater-agent-workspace/cargo-home:/opt/rustwide/cargo-home:ro,Z" "-v" "/var/lib/crater-agent-workspace/rustup-home:/opt/rustwide/rustup-home:ro,Z" "-e" "SOURCE_DIR=/opt/rustwide/workdir" "-e" "CARGO_TARGET_DIR=/opt/rustwide/target" "-e" "CARGO_HOME=/opt/rustwide/cargo-home" "-e" "RUSTUP_HOME=/opt/rustwide/rustup-home" "-w" "/opt/rustwide/workdir" "-m" "1610612736" "--user" "0:0" "--network" "none" "ghcr.io/rust-lang/crates-build-env/linux@sha256:a89201d6b5b9fd45c15d5952ece0a0129e7e80cb26ec023fd59cf09bc26f1604" "/opt/rustwide/cargo-home/bin/cargo" "+beta-2021-10-15" "metadata" "--no-deps" "--format-version=1", kill_on_drop: false }`
[INFO] [stdout] 1f9bf9e77d8b3e810ef601258c85cc934f6cd2cdb82a314da544a802761f6ff2
[INFO] running `Command { std: "docker" "start" "-a" "1f9bf9e77d8b3e810ef601258c85cc934f6cd2cdb82a314da544a802761f6ff2", kill_on_drop: false }`
[INFO] running `Command { std: "docker" "inspect" "1f9bf9e77d8b3e810ef601258c85cc934f6cd2cdb82a314da544a802761f6ff2", kill_on_drop: false }`
[INFO] running `Command { std: "docker" "rm" "-f" "1f9bf9e77d8b3e810ef601258c85cc934f6cd2cdb82a314da544a802761f6ff2", kill_on_drop: false }`
[INFO] [stdout] 1f9bf9e77d8b3e810ef601258c85cc934f6cd2cdb82a314da544a802761f6ff2
[INFO] running `Command { std: "docker" "create" "-v" "/var/lib/crater-agent-workspace/builds/worker-102/target:/opt/rustwide/target:rw,Z" "-v" "/var/lib/crater-agent-workspace/builds/worker-102/source:/opt/rustwide/workdir:ro,Z" "-v" "/var/lib/crater-agent-workspace/cargo-home:/opt/rustwide/cargo-home:ro,Z" "-v" "/var/lib/crater-agent-workspace/rustup-home:/opt/rustwide/rustup-home:ro,Z" "-e" "SOURCE_DIR=/opt/rustwide/workdir" "-e" "CARGO_TARGET_DIR=/opt/rustwide/target" "-e" "CARGO_INCREMENTAL=0" "-e" "RUST_BACKTRACE=full" "-e" "RUSTFLAGS=--cap-lints=warn" "-e" "CARGO_HOME=/opt/rustwide/cargo-home" "-e" "RUSTUP_HOME=/opt/rustwide/rustup-home" "-w" "/opt/rustwide/workdir" "-m" "1610612736" "--user" "0:0" "--network" "none" "ghcr.io/rust-lang/crates-build-env/linux@sha256:a89201d6b5b9fd45c15d5952ece0a0129e7e80cb26ec023fd59cf09bc26f1604" "/opt/rustwide/cargo-home/bin/cargo" "+beta-2021-10-15" "check" "--frozen" "--all" "--all-targets" "--message-format=json", kill_on_drop: false }`
[INFO] [stdout] afadaec29e246b1e1018fcd68c8309702d27f9597686c659671b7c228dba6c9c
[INFO] running `Command { std: "docker" "start" "-a" "afadaec29e246b1e1018fcd68c8309702d27f9597686c659671b7c228dba6c9c", kill_on_drop: false }`
[INFO] [stderr]    Compiling autocfg v1.0.1
[INFO] [stderr]    Compiling libc v0.2.103
[INFO] [stderr]     Checking rustc-serialize v0.3.24
[INFO] [stderr]     Checking cfg-if v1.0.0
[INFO] [stderr]    Compiling semver v0.1.20
[INFO] [stderr]     Checking ppv-lite86 v0.2.14
[INFO] [stderr]     Checking void v1.0.2
[INFO] [stderr]     Checking byteorder v0.5.3
[INFO] [stderr]     Checking bit-vec v0.6.3
[INFO] [stderr]     Checking approx v0.1.1
[INFO] [stderr]     Checking custom_derive v0.1.7
[INFO] [stderr]     Checking unicode-width v0.1.9
[INFO] [stderr]     Checking vec_map v0.6.0
[INFO] [stderr]     Checking bit-vec v0.4.4
[INFO] [stderr]     Checking itertools v0.4.19
[INFO] [stderr]     Checking lazy_static v0.1.16
[INFO] [stderr]     Checking fnv v1.0.7
[INFO] [stderr]     Checking scoped_threadpool v0.1.9
[INFO] [stderr]     Checking unreachable v0.1.1
[INFO] [stderr]     Checking getopts v0.2.21
[INFO] [stderr]     Checking bit-set v0.3.0
[INFO] [stderr]    Compiling rustc_version v0.1.7
[INFO] [stderr]    Compiling num-traits v0.2.14
[INFO] [stderr]    Compiling num-integer v0.1.44
[INFO] [stderr]    Compiling num-iter v0.1.42
[INFO] [stderr]    Compiling num-bigint v0.4.2
[INFO] [stderr]    Compiling num-rational v0.4.0
[INFO] [stderr]    Compiling newtype_derive v0.1.6
[INFO] [stderr]     Checking getrandom v0.2.3
[INFO] [stderr]     Checking rand v0.4.6
[INFO] [stderr]     Checking num_cpus v1.13.0
[INFO] [stderr]     Checking time v0.1.44
[INFO] [stderr]     Checking rand_core v0.6.3
[INFO] [stderr]     Checking csv v0.14.7
[INFO] [stderr]     Checking rand_chacha v0.3.1
[INFO] [stderr]     Checking num-complex v0.4.0
[INFO] [stderr]     Checking num-complex v0.1.43
[INFO] [stderr]     Checking num-traits v0.1.43
[INFO] [stderr]     Checking rand v0.8.4
[INFO] [stderr]     Checking ordered-float v0.2.3
[INFO] [stderr]     Checking num-bigint v0.1.44
[INFO] [stderr]     Checking num-rational v0.1.42
[INFO] [stderr]     Checking num v0.1.42
[INFO] [stderr]     Checking num v0.4.0
[INFO] [stderr]     Checking nalgebra v0.4.0
[INFO] [stdout] error[E0432]: unresolved import `rand::Rand`
[INFO] [stdout]  --> /opt/rustwide/cargo-home/registry/src/github.com-1ecc6299db9ec823/nalgebra-0.4.0/src/structs/dmat.rs:9:18
[INFO] [stdout]   |
[INFO] [stdout] 9 | use rand::{self, Rand};
[INFO] [stdout]   |                  ^^^^ no `Rand` in the root
[INFO] [stdout] 
[INFO] [stdout] 
[INFO] [stdout] error[E0432]: unresolved import `rand::Rand`
[INFO] [stdout]  --> /opt/rustwide/cargo-home/registry/src/github.com-1ecc6299db9ec823/nalgebra-0.4.0/src/structs/dvec.rs:9:18
[INFO] [stdout]   |
[INFO] [stdout] 9 | use rand::{self, Rand};
[INFO] [stdout]   |                  ^^^^ no `Rand` in the root
[INFO] [stdout] 
[INFO] [stdout] 
[INFO] [stdout] error[E0432]: unresolved import `rand::Rand`
[INFO] [stdout]   --> /opt/rustwide/cargo-home/registry/src/github.com-1ecc6299db9ec823/nalgebra-0.4.0/src/structs/vec.rs:10:12
[INFO] [stdout]    |
[INFO] [stdout] 10 | use rand::{Rand, Rng};
[INFO] [stdout]    |            ^^^^ no `Rand` in the root
[INFO] [stdout] 
[INFO] [stdout] 
[INFO] [stdout] error[E0432]: unresolved import `rand::Rand`
[INFO] [stdout]   --> /opt/rustwide/cargo-home/registry/src/github.com-1ecc6299db9ec823/nalgebra-0.4.0/src/structs/pnt.rs:10:12
[INFO] [stdout]    |
[INFO] [stdout] 10 | use rand::{Rand, Rng};
[INFO] [stdout]    |            ^^^^ no `Rand` in the root
[INFO] [stdout] 
[INFO] [stdout] 
[INFO] [stdout] error[E0432]: unresolved import `rand::Rand`
[INFO] [stdout]  --> /opt/rustwide/cargo-home/registry/src/github.com-1ecc6299db9ec823/nalgebra-0.4.0/src/structs/quat.rs:9:12
[INFO] [stdout]   |
[INFO] [stdout] 9 | use rand::{Rand, Rng};
[INFO] [stdout]   |            ^^^^ no `Rand` in the root
[INFO] [stdout] 
[INFO] [stdout] 
[INFO] [stdout] error[E0432]: unresolved import `rand::Rand`
[INFO] [stdout]  --> /opt/rustwide/cargo-home/registry/src/github.com-1ecc6299db9ec823/nalgebra-0.4.0/src/structs/mat.rs:8:12
[INFO] [stdout]   |
[INFO] [stdout] 8 | use rand::{Rand, Rng};
[INFO] [stdout]   |            ^^^^ no `Rand` in the root
[INFO] [stdout] 
[INFO] [stdout] 
[INFO] [stdout] error[E0432]: unresolved import `rand::Rand`
[INFO] [stdout]  --> /opt/rustwide/cargo-home/registry/src/github.com-1ecc6299db9ec823/nalgebra-0.4.0/src/structs/rot.rs:6:12
[INFO] [stdout]   |
[INFO] [stdout] 6 | use rand::{Rand, Rng};
[INFO] [stdout]   |            ^^^^ no `Rand` in the root
[INFO] [stdout] 
[INFO] [stdout] 
[INFO] [stdout] error[E0432]: unresolved import `rand::Rand`
[INFO] [stdout]  --> /opt/rustwide/cargo-home/registry/src/github.com-1ecc6299db9ec823/nalgebra-0.4.0/src/structs/iso.rs:7:12
[INFO] [stdout]   |
[INFO] [stdout] 7 | use rand::{Rand, Rng};
[INFO] [stdout]   |            ^^^^ no `Rand` in the root
[INFO] [stdout] 
[INFO] [stdout] 
[INFO] [stdout] error[E0432]: unresolved import `rand::Rand`
[INFO] [stdout]  --> /opt/rustwide/cargo-home/registry/src/github.com-1ecc6299db9ec823/nalgebra-0.4.0/src/structs/spec/vec0.rs:6:12
[INFO] [stdout]   |
[INFO] [stdout] 6 | use rand::{Rand, Rng};
[INFO] [stdout]   |            ^^^^ no `Rand` in the root
[INFO] [stdout] 
[INFO] [stdout] 
[INFO] [stdout] error: aborting due to 9 previous errors
[INFO] [stdout] 
[INFO] [stdout] 
[INFO] [stdout] For more information about this error, try `rustc --explain E0432`.
[INFO] [stdout] 
[INFO] [stderr] error: could not compile `nalgebra` due to 10 previous errors
[INFO] running `Command { std: "docker" "inspect" "afadaec29e246b1e1018fcd68c8309702d27f9597686c659671b7c228dba6c9c", kill_on_drop: false }`
[INFO] running `Command { std: "docker" "rm" "-f" "afadaec29e246b1e1018fcd68c8309702d27f9597686c659671b7c228dba6c9c", kill_on_drop: false }`
[INFO] [stdout] afadaec29e246b1e1018fcd68c8309702d27f9597686c659671b7c228dba6c9c
