[INFO] fetching crate actix-redis 0.10.0-beta.2...
[INFO] checking actix-redis-0.10.0-beta.2 against beta-2021-10-15 for beta-1.56-3
[INFO] extracting crate actix-redis 0.10.0-beta.2 into /workspace/builds/worker-41/source
[INFO] validating manifest of crates.io crate actix-redis 0.10.0-beta.2 on toolchain beta-2021-10-15
[INFO] running `Command { std: "/workspace/cargo-home/bin/cargo" "+beta-2021-10-15" "metadata" "--manifest-path" "Cargo.toml" "--no-deps", kill_on_drop: false }`
[INFO] started tweaking crates.io crate actix-redis 0.10.0-beta.2
[INFO] removed 0 missing examples
[INFO] finished tweaking crates.io crate actix-redis 0.10.0-beta.2
[INFO] tweaked toml for crates.io crate actix-redis 0.10.0-beta.2 written to /workspace/builds/worker-41/source/Cargo.toml
[INFO] crate crates.io crate actix-redis 0.10.0-beta.2 already has a lockfile, it will not be regenerated
[INFO] running `Command { std: "/workspace/cargo-home/bin/cargo" "+beta-2021-10-15" "fetch" "--manifest-path" "Cargo.toml", kill_on_drop: false }`
[INFO] [stderr]  Downloading crates ...
[INFO] [stderr]   Downloaded actix-session v0.5.0-beta.2
[INFO] [stderr]   Downloaded redis v0.19.0
[INFO] [stderr]   Downloaded redis-async v0.8.1
[INFO] running `Command { std: "docker" "create" "-v" "/var/lib/crater-agent-workspace/builds/worker-41/target:/opt/rustwide/target:rw,Z" "-v" "/var/lib/crater-agent-workspace/builds/worker-41/source:/opt/rustwide/workdir:ro,Z" "-v" "/var/lib/crater-agent-workspace/cargo-home:/opt/rustwide/cargo-home:ro,Z" "-v" "/var/lib/crater-agent-workspace/rustup-home:/opt/rustwide/rustup-home:ro,Z" "-e" "SOURCE_DIR=/opt/rustwide/workdir" "-e" "CARGO_TARGET_DIR=/opt/rustwide/target" "-e" "CARGO_HOME=/opt/rustwide/cargo-home" "-e" "RUSTUP_HOME=/opt/rustwide/rustup-home" "-w" "/opt/rustwide/workdir" "-m" "1610612736" "--user" "0:0" "--network" "none" "ghcr.io/rust-lang/crates-build-env/linux@sha256:a89201d6b5b9fd45c15d5952ece0a0129e7e80cb26ec023fd59cf09bc26f1604" "/opt/rustwide/cargo-home/bin/cargo" "+beta-2021-10-15" "metadata" "--no-deps" "--format-version=1", kill_on_drop: false }`
[INFO] [stdout] f9521049e912e0a0e4794997c8c6a1bca6bd3af98d83802a6acf1157c736e1ff
[INFO] running `Command { std: "docker" "start" "-a" "f9521049e912e0a0e4794997c8c6a1bca6bd3af98d83802a6acf1157c736e1ff", kill_on_drop: false }`
[INFO] running `Command { std: "docker" "inspect" "f9521049e912e0a0e4794997c8c6a1bca6bd3af98d83802a6acf1157c736e1ff", kill_on_drop: false }`
[INFO] running `Command { std: "docker" "rm" "-f" "f9521049e912e0a0e4794997c8c6a1bca6bd3af98d83802a6acf1157c736e1ff", kill_on_drop: false }`
[INFO] [stdout] f9521049e912e0a0e4794997c8c6a1bca6bd3af98d83802a6acf1157c736e1ff
[INFO] running `Command { std: "docker" "create" "-v" "/var/lib/crater-agent-workspace/builds/worker-41/target:/opt/rustwide/target:rw,Z" "-v" "/var/lib/crater-agent-workspace/builds/worker-41/source:/opt/rustwide/workdir:ro,Z" "-v" "/var/lib/crater-agent-workspace/cargo-home:/opt/rustwide/cargo-home:ro,Z" "-v" "/var/lib/crater-agent-workspace/rustup-home:/opt/rustwide/rustup-home:ro,Z" "-e" "SOURCE_DIR=/opt/rustwide/workdir" "-e" "CARGO_TARGET_DIR=/opt/rustwide/target" "-e" "CARGO_INCREMENTAL=0" "-e" "RUST_BACKTRACE=full" "-e" "RUSTFLAGS=--cap-lints=warn" "-e" "CARGO_HOME=/opt/rustwide/cargo-home" "-e" "RUSTUP_HOME=/opt/rustwide/rustup-home" "-w" "/opt/rustwide/workdir" "-m" "1610612736" "--user" "0:0" "--network" "none" "ghcr.io/rust-lang/crates-build-env/linux@sha256:a89201d6b5b9fd45c15d5952ece0a0129e7e80cb26ec023fd59cf09bc26f1604" "/opt/rustwide/cargo-home/bin/cargo" "+beta-2021-10-15" "check" "--frozen" "--all" "--all-targets" "--message-format=json", kill_on_drop: false }`
[INFO] [stdout] a9e128768ec70ddc3bb646c012e4b774ea28ac40ad1c7a0d4510560ca16400ab
[INFO] running `Command { std: "docker" "start" "-a" "a9e128768ec70ddc3bb646c012e4b774ea28ac40ad1c7a0d4510560ca16400ab", kill_on_drop: false }`
[INFO] [stderr]     Blocking waiting for file lock on package cache
[INFO] [stderr]    Compiling libc v0.2.97
[INFO] [stderr]    Compiling proc-macro2 v1.0.27
[INFO] [stderr]    Compiling syn v1.0.73
[INFO] [stderr]    Compiling typenum v1.13.0
[INFO] [stderr]    Compiling memchr v2.4.0
[INFO] [stderr]    Compiling futures-core v0.3.15
[INFO] [stderr]     Checking once_cell v1.8.0
[INFO] [stderr]     Checking bytes v1.0.1
[INFO] [stderr]     Checking smallvec v1.6.1
[INFO] [stderr]     Checking futures-sink v0.3.15
[INFO] [stderr]    Compiling futures-task v0.3.15
[INFO] [stderr]     Checking slab v0.4.3
[INFO] [stderr]     Checking futures-io v0.3.15
[INFO] [stderr]     Checking subtle v2.4.0
[INFO] [stderr]     Checking itoa v0.4.7
[INFO] [stderr]    Compiling pkg-config v0.3.19
[INFO] [stderr]    Compiling serde_derive v1.0.126
[INFO] [stderr]    Compiling cc v1.0.68
[INFO] [stderr]     Checking ppv-lite86 v0.2.10
[INFO] [stderr]     Checking matches v0.1.8
[INFO] [stderr]    Compiling serde v1.0.126
[INFO] [stderr]     Checking local-waker v0.1.1
[INFO] [stderr]    Compiling paste v1.0.5
[INFO] [stderr]     Checking cpufeatures v0.1.5
[INFO] [stderr]     Checking cpuid-bool v0.2.0
[INFO] [stderr]    Compiling httparse v1.4.1
[INFO] [stderr]    Compiling openssl v0.10.35
[INFO] [stderr]     Checking hashbrown v0.9.1
[INFO] [stderr]    Compiling native-tls v0.2.7
[INFO] [stderr]    Compiling serde_json v1.0.64
[INFO] [stderr]    Compiling crossbeam-utils v0.8.5
[INFO] [stderr]    Compiling futures-channel v0.3.15
[INFO] [stderr]    Compiling async-trait v0.1.50
[INFO] [stderr]     Checking language-tags v0.3.2
[INFO] [stderr]     Checking sha1 v0.6.0
[INFO] [stderr]     Checking dtoa v0.4.8
[INFO] [stderr]     Checking instant v0.1.9
[INFO] [stderr]     Checking lock_api v0.4.4
[INFO] [stderr]    Compiling tokio v1.7.1
[INFO] [stderr]    Compiling futures-macro v0.3.15
[INFO] [stderr]    Compiling futures-util v0.3.15
[INFO] [stderr]    Compiling indexmap v1.6.2
[INFO] [stderr]    Compiling time v0.2.27
[INFO] [stderr]    Compiling ahash v0.7.4
[INFO] [stderr]    Compiling cookie v0.15.0
[INFO] [stderr]     Checking tinyvec v1.2.0
[INFO] [stderr]     Checking tracing-core v0.1.18
[INFO] [stderr]     Checking http v0.2.4
[INFO] [stderr]     Checking bytestring v1.0.0
[INFO] [stderr]     Checking actix-utils v3.0.0
[INFO] [stderr]     Checking form_urlencoded v1.0.1
[INFO] [stderr]     Checking unicode-bidi v0.3.5
[INFO] [stderr]     Checking tracing v0.1.26
[INFO] [stderr]     Checking actix-service v2.0.0
[INFO] [stderr]     Checking unicode-normalization v0.1.19
[INFO] [stderr]    Compiling openssl-sys v0.9.65
[INFO] [stderr]     Checking crossbeam-channel v0.5.1
[INFO] [stderr]    Compiling quote v1.0.9
[INFO] [stderr]     Checking parking_lot_core v0.8.3
[INFO] [stderr]     Checking mio v0.7.13
[INFO] [stderr]     Checking signal-hook-registry v1.4.0
[INFO] [stderr]     Checking getrandom v0.2.3
[INFO] [stderr]     Checking getrandom v0.1.16
[INFO] [stderr]     Checking num_cpus v1.13.0
[INFO] [stderr]     Checking socket2 v0.4.0
[INFO] [stderr]     Checking aho-corasick v0.7.18
[INFO] [stderr]     Checking rand_core v0.5.1
[INFO] [stderr]     Checking rand_core v0.6.3
[INFO] [stderr]     Checking parking_lot v0.11.1
[INFO] [stderr]     Checking generic-array v0.14.4
[INFO] [stderr]     Checking rand_chacha v0.2.2
[INFO] [stderr]     Checking rand_chacha v0.3.1
[INFO] [stderr]     Checking idna v0.2.3
[INFO] [stderr]     Checking rand v0.7.3
[INFO] [stderr]     Checking digest v0.9.0
[INFO] [stderr]     Checking cipher v0.2.5
[INFO] [stderr]     Checking block-buffer v0.9.0
[INFO] [stderr]     Checking universal-hash v0.4.0
[INFO] [stderr]     Checking crypto-mac v0.10.0
[INFO] [stderr]     Checking aead v0.3.2
[INFO] [stderr]     Checking regex v1.5.4
[INFO] [stderr]     Checking rand v0.8.4
[INFO] [stderr]     Checking hmac v0.10.1
[INFO] [stderr]     Checking aes-soft v0.6.4
[INFO] [stderr]     Checking ctr v0.6.0
[INFO] [stderr]     Checking sha2 v0.9.5
[INFO] [stderr]     Checking sha-1 v0.9.6
[INFO] [stderr]     Checking polyval v0.4.5
[INFO] [stderr]     Checking hkdf v0.10.0
[INFO] [stderr]     Checking url v2.2.2
[INFO] [stderr]     Checking ghash v0.3.1
[INFO] [stderr]     Checking aes v0.6.0
[INFO] [stderr]     Checking aes-gcm v0.8.0
[INFO] [stderr]     Checking backoff v0.2.1
[INFO] [stderr]     Checking tokio-util v0.6.7
[INFO] [stderr]     Checking tokio-native-tls v0.3.0
[INFO] [stderr]     Checking actix-codec v0.4.0
[INFO] [stderr]    Compiling actix-macros v0.2.1
[INFO] [stderr]    Compiling time-macros-impl v0.1.2
[INFO] [stderr]    Compiling derive_more v0.99.14
[INFO] [stderr]    Compiling pin-project-internal v1.0.7
[INFO] [stderr]    Compiling actix-web-codegen v0.5.0-beta.3
[INFO] [stderr]     Checking actix-rt v2.2.0
[INFO] [stderr]     Checking time-macros v0.1.1
[INFO] [stderr]     Checking actix-server v2.0.0-beta.5
[INFO] [stderr]     Checking pin-project v1.0.7
[INFO] [stderr]     Checking actix-tls v3.0.0-beta.5
[INFO] [stderr]     Checking h2 v0.3.3
[INFO] [stderr]     Checking local-channel v0.1.2
[INFO] [stderr]     Checking combine v4.6.0
[INFO] [stderr]     Checking actix v0.12.0
[INFO] [stderr]     Checking redis-async v0.8.1
[INFO] [stderr]     Checking actix-router v0.2.7
[INFO] [stderr]     Checking serde_urlencoded v0.7.0
[INFO] [stderr]     Checking actix-http v3.0.0-beta.8
[INFO] [stderr]     Checking redis v0.19.0
[INFO] [stderr]     Checking actix-web v4.0.0-beta.8
[INFO] [stderr]     Checking actix-session v0.5.0-beta.2
[INFO] [stderr]     Checking actix-redis v0.10.0-beta.2 (/opt/rustwide/workdir)
[INFO] [stdout] error[E0433]: failed to resolve: use of undeclared crate or module `actix_test`
[INFO] [stdout]    --> src/session.rs:491:19
[INFO] [stdout]     |
[INFO] [stdout] 491 |         let srv = actix_test::start(|| {
[INFO] [stdout]     |                   ^^^^^^^^^^ use of undeclared crate or module `actix_test`
[INFO] [stdout] 
[INFO] [stdout] 
[INFO] [stdout] error[E0433]: failed to resolve: use of undeclared crate or module `actix_test`
[INFO] [stdout]    --> src/session.rs:691:19
[INFO] [stdout]     |
[INFO] [stdout] 691 |         let srv = actix_test::start(|| {
[INFO] [stdout]     |                   ^^^^^^^^^^ use of undeclared crate or module `actix_test`
[INFO] [stdout] 
[INFO] [stdout] 
[INFO] [stdout] error: aborting due to 2 previous errors
[INFO] [stdout] 
[INFO] [stdout] 
[INFO] [stdout] For more information about this error, try `rustc --explain E0433`.
[INFO] [stdout] 
[INFO] [stderr] error: could not compile `actix-redis` due to 3 previous errors
[INFO] [stderr] warning: build failed, waiting for other jobs to finish...
[INFO] [stdout] error[E0433]: failed to resolve: use of undeclared crate or module `env_logger`
[INFO] [stdout]   --> tests/test_redis.rs:20:5
[INFO] [stdout]    |
[INFO] [stdout] 20 |     env_logger::init();
[INFO] [stdout]    |     ^^^^^^^^^^ use of undeclared crate or module `env_logger`
[INFO] [stdout] 
[INFO] [stdout] 
[INFO] [stdout] error[E0433]: failed to resolve: use of undeclared crate or module `env_logger`
[INFO] [stdout]   --> examples/basic.rs:23:5
[INFO] [stdout]    |
[INFO] [stdout] 23 |     env_logger::init();
[INFO] [stdout]    |     ^^^^^^^^^^ use of undeclared crate or module `env_logger`
[INFO] [stdout] 
[INFO] [stdout] 
[INFO] [stdout] error[E0433]: failed to resolve: use of undeclared crate or module `env_logger`
[INFO] [stdout]   --> examples/authentication.rs:75:5
[INFO] [stdout]    |
[INFO] [stdout] 75 |     env_logger::init();
[INFO] [stdout]    |     ^^^^^^^^^^ use of undeclared crate or module `env_logger`
[INFO] [stdout] 
[INFO] [stdout] 
[INFO] [stdout] error: aborting due to previous error
[INFO] [stdout] 
[INFO] [stdout] 
[INFO] [stdout] For more information about this error, try `rustc --explain E0433`.
[INFO] [stdout] 
[INFO] [stdout] error: aborting due to previous error
[INFO] [stdout] 
[INFO] [stdout] 
[INFO] [stdout] For more information about this error, try `rustc --explain E0433`.
[INFO] [stdout] 
[INFO] [stdout] error: aborting due to previous error
[INFO] [stdout] 
[INFO] [stdout] 
[INFO] [stdout] For more information about this error, try `rustc --explain E0433`.
[INFO] [stdout] 
[INFO] [stderr] error: build failed
[INFO] running `Command { std: "docker" "inspect" "a9e128768ec70ddc3bb646c012e4b774ea28ac40ad1c7a0d4510560ca16400ab", kill_on_drop: false }`
[INFO] running `Command { std: "docker" "rm" "-f" "a9e128768ec70ddc3bb646c012e4b774ea28ac40ad1c7a0d4510560ca16400ab", kill_on_drop: false }`
[INFO] [stdout] a9e128768ec70ddc3bb646c012e4b774ea28ac40ad1c7a0d4510560ca16400ab
