[INFO] cloning repository https://github.com/umegaya/dbagg
[INFO] running `Command { std: "git" "-c" "credential.helper=" "-c" "credential.helper=/workspace/cargo-home/bin/git-credential-null" "clone" "--bare" "https://github.com/umegaya/dbagg" "/workspace/cache/git-repos/https%3A%2F%2Fgithub.com%2Fumegaya%2Fdbagg", kill_on_drop: false }`
[INFO] [stderr] Cloning into bare repository '/workspace/cache/git-repos/https%3A%2F%2Fgithub.com%2Fumegaya%2Fdbagg'...
[INFO] running `Command { std: "git" "rev-parse" "HEAD", kill_on_drop: false }`
[INFO] [stdout] 8eb2b121cdac2408c75fc140abe7dae547d825dc
[INFO] checking umegaya/dbagg against beta-2021-10-15 for beta-1.56-3
[INFO] running `Command { std: "git" "clone" "/workspace/cache/git-repos/https%3A%2F%2Fgithub.com%2Fumegaya%2Fdbagg" "/workspace/builds/worker-89/source", kill_on_drop: false }`
[INFO] [stderr] Cloning into '/workspace/builds/worker-89/source'...
[INFO] [stderr] done.
[INFO] validating manifest of git repo https://github.com/umegaya/dbagg on toolchain beta-2021-10-15
[INFO] running `Command { std: "/workspace/cargo-home/bin/cargo" "+beta-2021-10-15" "metadata" "--manifest-path" "Cargo.toml" "--no-deps", kill_on_drop: false }`
[INFO] started tweaking git repo https://github.com/umegaya/dbagg
[INFO] finished tweaking git repo https://github.com/umegaya/dbagg
[INFO] tweaked toml for git repo https://github.com/umegaya/dbagg written to /workspace/builds/worker-89/source/Cargo.toml
[INFO] crate git repo https://github.com/umegaya/dbagg already has a lockfile, it will not be regenerated
[INFO] running `Command { std: "/workspace/cargo-home/bin/cargo" "+beta-2021-10-15" "fetch" "--manifest-path" "Cargo.toml", kill_on_drop: false }`
[INFO] [stderr]     Blocking waiting for file lock on package cache
[INFO] [stderr]     Blocking waiting for file lock on package cache
[INFO] [stderr]  Downloading crates ...
[INFO] [stderr]   Downloaded httparse v1.1.0
[INFO] [stderr]   Downloaded num_cpus v0.2.10
[INFO] [stderr]   Downloaded rand v0.3.12
[INFO] [stderr]   Downloaded log v0.3.4
[INFO] [stderr]   Downloaded uuid v0.1.18
[INFO] [stderr]   Downloaded phf_codegen v0.7.9
[INFO] [stderr]   Downloaded language-tags v0.2.0
[INFO] [stderr]   Downloaded libc v0.2.4
[INFO] [stderr]   Downloaded phf v0.7.9
[INFO] [stderr]   Downloaded phf_generator v0.7.9
[INFO] [stderr]   Downloaded chrono v0.2.17
[INFO] [stderr]   Downloaded num v0.1.29
[INFO] [stderr]   Downloaded serde_json v0.6.0
[INFO] [stderr]   Downloaded bufstream v0.1.1
[INFO] [stderr]   Downloaded getopts v0.2.14
[INFO] [stderr]   Downloaded phf_shared v0.7.9
[INFO] [stderr]   Downloaded memchr v0.1.7
[INFO] [stderr]   Downloaded net2 v0.2.19
[INFO] [stderr]   Downloaded aho-corasick v0.4.0
[INFO] [stderr]   Downloaded gcc v0.3.21
[INFO] [stderr]   Downloaded openssl v0.7.3
[INFO] [stderr]   Downloaded open v1.1.0
[INFO] [stderr]   Downloaded cookie v0.2.2
[INFO] [stderr]   Downloaded syntex v0.22.0
[INFO] [stderr]   Downloaded hyper v0.7.0
[INFO] [stderr]   Downloaded itertools v0.4.4
[INFO] [stderr]   Downloaded serde v0.6.6
[INFO] [stderr]   Downloaded time v0.1.34
[INFO] [stderr]   Downloaded regex v0.1.44
[INFO] [stderr]   Downloaded openssl-sys-extras v0.7.3
[INFO] [stderr]   Downloaded term v0.2.14
[INFO] [stderr]   Downloaded kernel32-sys v0.2.1
[INFO] [stderr]   Downloaded winapi v0.2.5
[INFO] [stderr]   Downloaded url v0.5.2
[INFO] [stderr]   Downloaded mime v0.1.1
[INFO] [stderr]   Downloaded serde_macros v0.6.5
[INFO] [stderr]   Downloaded serde_codegen v0.6.6
[INFO] [stderr]   Downloaded postgres v0.10.2
[INFO] [stderr]   Downloaded yup-hyper-mock v1.3.1
[INFO] [stderr]   Downloaded quasi_macros v0.3.10
[INFO] [stderr]   Downloaded quasi v0.3.10
[INFO] [stderr]   Downloaded quasi_codegen v0.3.10
[INFO] [stderr]   Downloaded syntex_syntax v0.23.0
[INFO] [stderr]   Downloaded openssl-sys v0.7.3
[INFO] [stderr]   Downloaded google-script1 v0.1.9+20150922
[INFO] [stderr]   Downloaded yup-oauth2 v0.5.2
[INFO] [stderr]   Downloaded unicase v1.1.0
[INFO] [stderr]   Downloaded aster v0.9.1
[INFO] running `Command { std: "docker" "create" "-v" "/var/lib/crater-agent-workspace/builds/worker-89/target:/opt/rustwide/target:rw,Z" "-v" "/var/lib/crater-agent-workspace/builds/worker-89/source:/opt/rustwide/workdir:ro,Z" "-v" "/var/lib/crater-agent-workspace/cargo-home:/opt/rustwide/cargo-home:ro,Z" "-v" "/var/lib/crater-agent-workspace/rustup-home:/opt/rustwide/rustup-home:ro,Z" "-e" "SOURCE_DIR=/opt/rustwide/workdir" "-e" "CARGO_TARGET_DIR=/opt/rustwide/target" "-e" "CARGO_HOME=/opt/rustwide/cargo-home" "-e" "RUSTUP_HOME=/opt/rustwide/rustup-home" "-w" "/opt/rustwide/workdir" "-m" "1610612736" "--user" "0:0" "--network" "none" "ghcr.io/rust-lang/crates-build-env/linux@sha256:a89201d6b5b9fd45c15d5952ece0a0129e7e80cb26ec023fd59cf09bc26f1604" "/opt/rustwide/cargo-home/bin/cargo" "+beta-2021-10-15" "metadata" "--no-deps" "--format-version=1", kill_on_drop: false }`
[INFO] [stdout] 0211298cfeadde416c93df6dd60a331abe18be928ded23556e07d43788fd320b
[INFO] running `Command { std: "docker" "start" "-a" "0211298cfeadde416c93df6dd60a331abe18be928ded23556e07d43788fd320b", kill_on_drop: false }`
[INFO] running `Command { std: "docker" "inspect" "0211298cfeadde416c93df6dd60a331abe18be928ded23556e07d43788fd320b", kill_on_drop: false }`
[INFO] running `Command { std: "docker" "rm" "-f" "0211298cfeadde416c93df6dd60a331abe18be928ded23556e07d43788fd320b", kill_on_drop: false }`
[INFO] [stdout] 0211298cfeadde416c93df6dd60a331abe18be928ded23556e07d43788fd320b
[INFO] running `Command { std: "docker" "create" "-v" "/var/lib/crater-agent-workspace/builds/worker-89/target:/opt/rustwide/target:rw,Z" "-v" "/var/lib/crater-agent-workspace/builds/worker-89/source:/opt/rustwide/workdir:ro,Z" "-v" "/var/lib/crater-agent-workspace/cargo-home:/opt/rustwide/cargo-home:ro,Z" "-v" "/var/lib/crater-agent-workspace/rustup-home:/opt/rustwide/rustup-home:ro,Z" "-e" "SOURCE_DIR=/opt/rustwide/workdir" "-e" "CARGO_TARGET_DIR=/opt/rustwide/target" "-e" "CARGO_INCREMENTAL=0" "-e" "RUST_BACKTRACE=full" "-e" "RUSTFLAGS=--cap-lints=warn" "-e" "CARGO_HOME=/opt/rustwide/cargo-home" "-e" "RUSTUP_HOME=/opt/rustwide/rustup-home" "-w" "/opt/rustwide/workdir" "-m" "1610612736" "--user" "0:0" "--network" "none" "ghcr.io/rust-lang/crates-build-env/linux@sha256:a89201d6b5b9fd45c15d5952ece0a0129e7e80cb26ec023fd59cf09bc26f1604" "/opt/rustwide/cargo-home/bin/cargo" "+beta-2021-10-15" "check" "--frozen" "--all" "--all-targets" "--message-format=json", kill_on_drop: false }`
[INFO] [stdout] cd5b845bbccd9109ee381ad91e5456bece0ab5a8b98a4f7a4944bc1998b761fe
[INFO] running `Command { std: "docker" "start" "-a" "cd5b845bbccd9109ee381ad91e5456bece0ab5a8b98a4f7a4944bc1998b761fe", kill_on_drop: false }`
[INFO] [stderr]     Blocking waiting for file lock on package cache
[INFO] [stderr]    Compiling winapi-build v0.1.1
[INFO] [stderr]     Checking libc v0.2.4
[INFO] [stderr]    Compiling winapi v0.2.5
[INFO] [stderr]    Compiling bitflags v0.3.3
[INFO] [stderr]    Compiling rustc-serialize v0.3.16
[INFO] [stderr]    Compiling unicode-xid v0.0.3
[INFO] [stderr]    Compiling pkg-config v0.3.6
[INFO] [stderr]    Compiling gcc v0.3.21
[INFO] [stderr]     Checking lazy_static v0.1.15
[INFO] [stderr]     Checking matches v0.1.2
[INFO] [stderr]    Compiling phf_shared v0.7.9
[INFO] [stderr]     Checking unicase v1.1.0
[INFO] [stderr]     Checking language-tags v0.2.0
[INFO] [stderr]     Checking httparse v1.1.0
[INFO] [stderr]     Checking cfg-if v0.1.0
[INFO] [stderr]     Checking itertools v0.4.4
[INFO] [stderr]     Checking regex-syntax v0.2.2
[INFO] [stderr]     Checking byteorder v0.4.2
[INFO] [stderr]     Checking bufstream v0.1.1
[INFO] [stderr]     Checking getopts v0.2.14
[INFO] [stderr]     Checking open v1.1.0
[INFO] [stdout] error[E0642]: patterns aren't allowed in functions without bodies
[INFO] [stdout]    --> /opt/rustwide/cargo-home/registry/src/github.com-1ecc6299db9ec823/rustc-serialize-0.3.16/src/serialize.rs:145:45
[INFO] [stdout]     |
[INFO] [stdout] 145 | ...                   &f_name: &str,
[INFO] [stdout]     |                       ^^^^^^^ pattern not allowed in function without body
[INFO] [stdout] 
[INFO] [stdout] 
[INFO] [stderr]     Checking log v0.3.4
[INFO] [stderr]     Checking memchr v0.1.7
[INFO] [stdout] error[E0642]: patterns aren't allowed in functions without bodies
[INFO] [stdout]    --> /opt/rustwide/cargo-home/registry/src/github.com-1ecc6299db9ec823/rustc-serialize-0.3.16/src/serialize.rs:145:45
[INFO] [stdout]     |
[INFO] [stdout] 145 | ...                   &f_name: &str,
[INFO] [stdout]     |                       ^^^^^^^ pattern not allowed in function without body
[INFO] [stdout] 
[INFO] [stdout] 
[INFO] [stderr]     Checking phf v0.7.9
[INFO] [stdout] error[E0503]: cannot use `state` because it was mutably borrowed
[INFO] [stdout]     --> /opt/rustwide/cargo-home/registry/src/github.com-1ecc6299db9ec823/getopts-0.2.14/src/lib.rs:1008:25
[INFO] [stdout]      |
[INFO] [stdout] 955  |     let mut machine = |cont: &mut bool, (i, c): (usize, char)| {
[INFO] [stdout]      |                       ---------------------------------------- borrow of `state` occurs here
[INFO] [stdout] ...
[INFO] [stdout] 959  |         state = match (state, whitespace, limit) {
[INFO] [stdout]      |         ----- borrow occurs due to use of `state` in closure
[INFO] [stdout] ...
[INFO] [stdout] 1008 |     while cont && match state { B | C => true, A => false } {
[INFO] [stdout]      |                         ^^^^^ use of borrowed `state`
[INFO] [stdout] 1009 |         machine(&mut cont, (fake_i, ' '));
[INFO] [stdout]      |         ------- borrow later used here
[INFO] [stdout] 
[INFO] [stdout] 
[INFO] [stdout] error: aborting due to previous error
[INFO] [stdout] 
[INFO] [stdout] 
[INFO] [stdout] For more information about this error, try `rustc --explain E0503`.
[INFO] [stdout] 
[INFO] [stderr] error: could not compile `getopts` due to 2 previous errors
[INFO] [stderr] warning: build failed, waiting for other jobs to finish...
[INFO] [stdout] error: aborting due to previous error
[INFO] [stdout] 
[INFO] [stdout] 
[INFO] [stdout] For more information about this error, try `rustc --explain E0642`.
[INFO] [stdout] 
[INFO] [stdout] error: aborting due to previous error
[INFO] [stdout] 
[INFO] [stdout] 
[INFO] [stdout] For more information about this error, try `rustc --explain E0642`.
[INFO] [stdout] 
[INFO] [stderr] error: build failed
[INFO] running `Command { std: "docker" "inspect" "cd5b845bbccd9109ee381ad91e5456bece0ab5a8b98a4f7a4944bc1998b761fe", kill_on_drop: false }`
[INFO] running `Command { std: "docker" "rm" "-f" "cd5b845bbccd9109ee381ad91e5456bece0ab5a8b98a4f7a4944bc1998b761fe", kill_on_drop: false }`
[INFO] [stdout] cd5b845bbccd9109ee381ad91e5456bece0ab5a8b98a4f7a4944bc1998b761fe
