[INFO] cloning repository https://github.com/shockham/geomevolv
[INFO] running `Command { std: "git" "-c" "credential.helper=" "-c" "credential.helper=/workspace/cargo-home/bin/git-credential-null" "clone" "--bare" "https://github.com/shockham/geomevolv" "/workspace/cache/git-repos/https%3A%2F%2Fgithub.com%2Fshockham%2Fgeomevolv", kill_on_drop: false }`
[INFO] [stderr] Cloning into bare repository '/workspace/cache/git-repos/https%3A%2F%2Fgithub.com%2Fshockham%2Fgeomevolv'...
[INFO] running `Command { std: "git" "rev-parse" "HEAD", kill_on_drop: false }`
[INFO] [stdout] 6d4fdc00954ae9861edf03328495230d7151a95c
[INFO] checking shockham/geomevolv against beta-2021-10-15 for beta-1.56-3
[INFO] running `Command { std: "git" "clone" "/workspace/cache/git-repos/https%3A%2F%2Fgithub.com%2Fshockham%2Fgeomevolv" "/workspace/builds/worker-6/source", kill_on_drop: false }`
[INFO] [stderr] Cloning into '/workspace/builds/worker-6/source'...
[INFO] [stderr] done.
[INFO] validating manifest of git repo https://github.com/shockham/geomevolv on toolchain beta-2021-10-15
[INFO] running `Command { std: "/workspace/cargo-home/bin/cargo" "+beta-2021-10-15" "metadata" "--manifest-path" "Cargo.toml" "--no-deps", kill_on_drop: false }`
[INFO] started tweaking git repo https://github.com/shockham/geomevolv
[INFO] finished tweaking git repo https://github.com/shockham/geomevolv
[INFO] tweaked toml for git repo https://github.com/shockham/geomevolv written to /workspace/builds/worker-6/source/Cargo.toml
[INFO] crate git repo https://github.com/shockham/geomevolv already has a lockfile, it will not be regenerated
[INFO] running `Command { std: "/workspace/cargo-home/bin/cargo" "+beta-2021-10-15" "fetch" "--manifest-path" "Cargo.toml", kill_on_drop: false }`
[INFO] [stderr]  Downloading crates ...
[INFO] [stderr]   Downloaded unicase v1.0.0
[INFO] [stderr]   Downloaded lazy_static v0.1.14
[INFO] [stderr]   Downloaded byteorder v0.3.11
[INFO] [stderr]   Downloaded solicit v0.4.1
[INFO] [stderr]   Downloaded aho-corasick v0.3.0
[INFO] [stderr]   Downloaded mustache v0.6.1
[INFO] [stderr]   Downloaded regex-syntax v0.2.1
[INFO] [stderr]   Downloaded rand v0.3.10
[INFO] [stderr]   Downloaded nickel v0.6.0
[INFO] [stderr]   Downloaded memchr v0.1.5
[INFO] [stderr]   Downloaded time v0.1.32
[INFO] [stderr]   Downloaded winapi v0.2.2
[INFO] [stderr]   Downloaded websocket v0.12.2
[INFO] [stderr]   Downloaded gcc v0.3.13
[INFO] [stderr]   Downloaded hyper v0.6.9
[INFO] running `Command { std: "docker" "create" "-v" "/var/lib/crater-agent-workspace/builds/worker-6/target:/opt/rustwide/target:rw,Z" "-v" "/var/lib/crater-agent-workspace/builds/worker-6/source:/opt/rustwide/workdir:ro,Z" "-v" "/var/lib/crater-agent-workspace/cargo-home:/opt/rustwide/cargo-home:ro,Z" "-v" "/var/lib/crater-agent-workspace/rustup-home:/opt/rustwide/rustup-home:ro,Z" "-e" "SOURCE_DIR=/opt/rustwide/workdir" "-e" "CARGO_TARGET_DIR=/opt/rustwide/target" "-e" "CARGO_HOME=/opt/rustwide/cargo-home" "-e" "RUSTUP_HOME=/opt/rustwide/rustup-home" "-w" "/opt/rustwide/workdir" "-m" "1610612736" "--user" "0:0" "--network" "none" "ghcr.io/rust-lang/crates-build-env/linux@sha256:a89201d6b5b9fd45c15d5952ece0a0129e7e80cb26ec023fd59cf09bc26f1604" "/opt/rustwide/cargo-home/bin/cargo" "+beta-2021-10-15" "metadata" "--no-deps" "--format-version=1", kill_on_drop: false }`
[INFO] [stderr] WARNING: Your kernel does not support swap limit capabilities or the cgroup is not mounted. Memory limited without swap.
[INFO] [stdout] 7a45822bedbcf0062dc19b0bf71bacf47b1f199dbb2fc0a555d2df31dd2b5668
[INFO] running `Command { std: "docker" "start" "-a" "7a45822bedbcf0062dc19b0bf71bacf47b1f199dbb2fc0a555d2df31dd2b5668", kill_on_drop: false }`
[INFO] running `Command { std: "docker" "inspect" "7a45822bedbcf0062dc19b0bf71bacf47b1f199dbb2fc0a555d2df31dd2b5668", kill_on_drop: false }`
[INFO] running `Command { std: "docker" "rm" "-f" "7a45822bedbcf0062dc19b0bf71bacf47b1f199dbb2fc0a555d2df31dd2b5668", kill_on_drop: false }`
[INFO] [stdout] 7a45822bedbcf0062dc19b0bf71bacf47b1f199dbb2fc0a555d2df31dd2b5668
[INFO] running `Command { std: "docker" "create" "-v" "/var/lib/crater-agent-workspace/builds/worker-6/target:/opt/rustwide/target:rw,Z" "-v" "/var/lib/crater-agent-workspace/builds/worker-6/source:/opt/rustwide/workdir:ro,Z" "-v" "/var/lib/crater-agent-workspace/cargo-home:/opt/rustwide/cargo-home:ro,Z" "-v" "/var/lib/crater-agent-workspace/rustup-home:/opt/rustwide/rustup-home:ro,Z" "-e" "SOURCE_DIR=/opt/rustwide/workdir" "-e" "CARGO_TARGET_DIR=/opt/rustwide/target" "-e" "CARGO_INCREMENTAL=0" "-e" "RUST_BACKTRACE=full" "-e" "RUSTFLAGS=--cap-lints=warn" "-e" "CARGO_HOME=/opt/rustwide/cargo-home" "-e" "RUSTUP_HOME=/opt/rustwide/rustup-home" "-w" "/opt/rustwide/workdir" "-m" "1610612736" "--user" "0:0" "--network" "none" "ghcr.io/rust-lang/crates-build-env/linux@sha256:a89201d6b5b9fd45c15d5952ece0a0129e7e80cb26ec023fd59cf09bc26f1604" "/opt/rustwide/cargo-home/bin/cargo" "+beta-2021-10-15" "check" "--frozen" "--all" "--all-targets" "--message-format=json", kill_on_drop: false }`
[INFO] [stderr] WARNING: Your kernel does not support swap limit capabilities or the cgroup is not mounted. Memory limited without swap.
[INFO] [stdout] 8b4f594f17f29e59ae09c75c8a6a1fd32f4299e8076f8750deb0f760fd53930a
[INFO] running `Command { std: "docker" "start" "-a" "8b4f594f17f29e59ae09c75c8a6a1fd32f4299e8076f8750deb0f760fd53930a", kill_on_drop: false }`
[INFO] [stderr]     Checking libc v0.1.10
[INFO] [stderr]    Compiling gcc v0.3.13
[INFO] [stderr]    Compiling pkg-config v0.3.5
[INFO] [stderr]     Checking winapi v0.2.2
[INFO] [stderr]     Checking rustc-serialize v0.3.16
[INFO] [stderr]     Checking lazy_static v0.1.14
[INFO] [stderr]     Checking matches v0.1.2
[INFO] [stderr]     Checking bitflags v0.3.2
[INFO] [stderr]     Checking traitobject v0.0.3
[INFO] [stderr]     Checking traitobject v0.0.1
[INFO] [stderr]     Checking unicase v1.0.0
[INFO] [stderr]     Checking language-tags v0.0.7
[INFO] [stderr]     Checking httparse v0.1.6
[INFO] [stderr]     Checking regex-syntax v0.2.1
[INFO] [stderr]     Checking groupable v0.2.0
[INFO] [stderr]     Checking byteorder v0.3.11
[INFO] [stderr]    Compiling kernel32-sys v0.1.4
[INFO] [stderr]    Compiling advapi32-sys v0.1.2
[INFO] [stderr]     Checking unsafe-any v0.4.1
[INFO] [stdout] error[E0642]: patterns aren't allowed in functions without bodies
[INFO] [stdout]    --> /opt/rustwide/cargo-home/registry/src/github.com-1ecc6299db9ec823/rustc-serialize-0.3.16/src/serialize.rs:145:45
[INFO] [stdout]     |
[INFO] [stdout] 145 | ...                   &f_name: &str,
[INFO] [stdout]     |                       ^^^^^^^ pattern not allowed in function without body
[INFO] [stdout] 
[INFO] [stdout] 
[INFO] [stderr]     Checking log v0.3.1
[INFO] [stderr]     Checking memchr v0.1.5
[INFO] [stderr]     Checking num_cpus v0.2.6
[INFO] [stderr]     Checking typemap v0.3.3
[INFO] [stderr]     Checking aho-corasick v0.3.0
[INFO] [stderr]     Checking hpack v0.2.0
[INFO] [stderr]     Checking mime v0.1.0
[INFO] [stderr]    Compiling openssl-sys v0.6.4
[INFO] [stderr]     Checking plugin v0.2.6
[INFO] [stderr]     Checking time v0.1.32
[INFO] [stderr]     Checking rand v0.3.10
[INFO] [stderr]     Checking solicit v0.4.1
[INFO] [stderr]     Checking regex v0.1.41
[INFO] [stdout] error[E0277]: the size for values of type `Self` cannot be known at compilation time
[INFO] [stdout]    --> /opt/rustwide/cargo-home/registry/src/github.com-1ecc6299db9ec823/solicit-0.4.1/src/http/frame/mod.rs:134:41
[INFO] [stdout]     |
[INFO] [stdout] 134 |     fn from_raw(raw_frame: RawFrame) -> Option<Self>;
[INFO] [stdout]     |                                         ^^^^^^^^^^^^ doesn't have a size known at compile-time
[INFO] [stdout]     |
[INFO] [stdout] note: required by a bound in `Option`
[INFO] [stdout] help: consider further restricting `Self`
[INFO] [stdout]     |
[INFO] [stdout] 134 |     fn from_raw(raw_frame: RawFrame) -> Option<Self> where Self: Sized;
[INFO] [stdout]     |                                                      +++++++++++++++++
[INFO] [stdout] 
[INFO] [stdout] 
[INFO] [stdout] error[E0277]: the size for values of type `Self` cannot be known at compilation time
[INFO] [stdout]    --> /opt/rustwide/cargo-home/registry/src/github.com-1ecc6299db9ec823/solicit-0.4.1/src/http/transport.rs:60:28
[INFO] [stdout]     |
[INFO] [stdout] 60  |     fn try_split(&self) -> Result<Self, io::Error>;
[INFO] [stdout]     |                            ^^^^^^^^^^^^^^^^^^^^^^^ doesn't have a size known at compile-time
[INFO] [stdout]     |
[INFO] [stdout] note: required by a bound in `Result`
[INFO] [stdout] help: consider further restricting `Self`
[INFO] [stdout]     |
[INFO] [stdout] 60  |     fn try_split(&self) -> Result<Self, io::Error> where Self: Sized;
[INFO] [stdout]     |                                                    +++++++++++++++++
[INFO] [stdout] 
[INFO] [stdout] 
[INFO] [stdout] error: aborting due to 2 previous errors
[INFO] [stdout] 
[INFO] [stdout] 
[INFO] [stdout] For more information about this error, try `rustc --explain E0277`.
[INFO] [stdout] 
[INFO] [stderr] error: could not compile `solicit` due to 3 previous errors
[INFO] [stderr] warning: build failed, waiting for other jobs to finish...
[INFO] [stdout] error[E0446]: private type `SingleSearch` in public interface
[INFO] [stdout]    --> /opt/rustwide/cargo-home/registry/src/github.com-1ecc6299db9ec823/regex-0.1.41/src/prefix.rs:46:12
[INFO] [stdout]     |
[INFO] [stdout] 46  |     Single(SingleSearch),
[INFO] [stdout]     |            ^^^^^^^^^^^^ can't leak private type
[INFO] [stdout] ...
[INFO] [stdout] 169 | struct SingleSearch {
[INFO] [stdout]     | ------------------- `SingleSearch` declared as private
[INFO] [stdout] 
[INFO] [stdout] 
[INFO] [stdout] error: aborting due to previous error
[INFO] [stdout] 
[INFO] [stdout] 
[INFO] [stdout] For more information about this error, try `rustc --explain E0446`.
[INFO] [stdout] 
[INFO] [stdout] error: aborting due to previous error
[INFO] [stdout] 
[INFO] [stdout] 
[INFO] [stdout] For more information about this error, try `rustc --explain E0642`.
[INFO] [stdout] 
[INFO] [stderr] error: build failed
[INFO] running `Command { std: "docker" "inspect" "8b4f594f17f29e59ae09c75c8a6a1fd32f4299e8076f8750deb0f760fd53930a", kill_on_drop: false }`
[INFO] running `Command { std: "docker" "rm" "-f" "8b4f594f17f29e59ae09c75c8a6a1fd32f4299e8076f8750deb0f760fd53930a", kill_on_drop: false }`
[INFO] [stdout] 8b4f594f17f29e59ae09c75c8a6a1fd32f4299e8076f8750deb0f760fd53930a
