[INFO] cloning repository https://github.com/sebastiangeiger/iron-api-example
[INFO] running `Command { std: "git" "-c" "credential.helper=" "-c" "credential.helper=/workspace/cargo-home/bin/git-credential-null" "clone" "--bare" "https://github.com/sebastiangeiger/iron-api-example" "/workspace/cache/git-repos/https%3A%2F%2Fgithub.com%2Fsebastiangeiger%2Firon-api-example", kill_on_drop: false }`
[INFO] [stderr] Cloning into bare repository '/workspace/cache/git-repos/https%3A%2F%2Fgithub.com%2Fsebastiangeiger%2Firon-api-example'...
[INFO] running `Command { std: "git" "rev-parse" "HEAD", kill_on_drop: false }`
[INFO] [stdout] cd789297c456afdfe2e47ee753e68a829d1dafa2
[INFO] checking sebastiangeiger/iron-api-example against beta-2021-10-15 for beta-1.56-3
[INFO] running `Command { std: "git" "clone" "/workspace/cache/git-repos/https%3A%2F%2Fgithub.com%2Fsebastiangeiger%2Firon-api-example" "/workspace/builds/worker-50/source", kill_on_drop: false }`
[INFO] [stderr] Cloning into '/workspace/builds/worker-50/source'...
[INFO] [stderr] done.
[INFO] validating manifest of git repo https://github.com/sebastiangeiger/iron-api-example on toolchain beta-2021-10-15
[INFO] running `Command { std: "/workspace/cargo-home/bin/cargo" "+beta-2021-10-15" "metadata" "--manifest-path" "Cargo.toml" "--no-deps", kill_on_drop: false }`
[INFO] started tweaking git repo https://github.com/sebastiangeiger/iron-api-example
[INFO] finished tweaking git repo https://github.com/sebastiangeiger/iron-api-example
[INFO] tweaked toml for git repo https://github.com/sebastiangeiger/iron-api-example written to /workspace/builds/worker-50/source/Cargo.toml
[INFO] crate git repo https://github.com/sebastiangeiger/iron-api-example already has a lockfile, it will not be regenerated
[INFO] running `Command { std: "/workspace/cargo-home/bin/cargo" "+beta-2021-10-15" "fetch" "--manifest-path" "Cargo.toml", kill_on_drop: false }`
[INFO] [stderr]     Blocking waiting for file lock on package cache
[INFO] [stderr]     Blocking waiting for file lock on package cache
[INFO] [stderr]  Downloading crates ...
[INFO] [stderr]   Downloaded router v0.0.10
[INFO] [stderr]   Downloaded iron v0.1.17
[INFO] [stderr]   Downloaded route-recognizer v0.1.11
[INFO] [stderr]   Downloaded libsqlite3-sys v0.1.0
[INFO] [stderr]   Downloaded rusqlite v0.1.0
[INFO] running `Command { std: "docker" "create" "-v" "/var/lib/crater-agent-workspace/builds/worker-50/target:/opt/rustwide/target:rw,Z" "-v" "/var/lib/crater-agent-workspace/builds/worker-50/source:/opt/rustwide/workdir:ro,Z" "-v" "/var/lib/crater-agent-workspace/cargo-home:/opt/rustwide/cargo-home:ro,Z" "-v" "/var/lib/crater-agent-workspace/rustup-home:/opt/rustwide/rustup-home:ro,Z" "-e" "SOURCE_DIR=/opt/rustwide/workdir" "-e" "CARGO_TARGET_DIR=/opt/rustwide/target" "-e" "CARGO_HOME=/opt/rustwide/cargo-home" "-e" "RUSTUP_HOME=/opt/rustwide/rustup-home" "-w" "/opt/rustwide/workdir" "-m" "1610612736" "--user" "0:0" "--network" "none" "ghcr.io/rust-lang/crates-build-env/linux@sha256:a89201d6b5b9fd45c15d5952ece0a0129e7e80cb26ec023fd59cf09bc26f1604" "/opt/rustwide/cargo-home/bin/cargo" "+beta-2021-10-15" "metadata" "--no-deps" "--format-version=1", kill_on_drop: false }`
[INFO] [stdout] c485ae2a68dc0158ace060aa58afc637d598ab4cfef02f8b019f768639d54ab4
[INFO] running `Command { std: "docker" "start" "-a" "c485ae2a68dc0158ace060aa58afc637d598ab4cfef02f8b019f768639d54ab4", kill_on_drop: false }`
[INFO] running `Command { std: "docker" "inspect" "c485ae2a68dc0158ace060aa58afc637d598ab4cfef02f8b019f768639d54ab4", kill_on_drop: false }`
[INFO] running `Command { std: "docker" "rm" "-f" "c485ae2a68dc0158ace060aa58afc637d598ab4cfef02f8b019f768639d54ab4", kill_on_drop: false }`
[INFO] [stdout] c485ae2a68dc0158ace060aa58afc637d598ab4cfef02f8b019f768639d54ab4
[INFO] running `Command { std: "docker" "create" "-v" "/var/lib/crater-agent-workspace/builds/worker-50/target:/opt/rustwide/target:rw,Z" "-v" "/var/lib/crater-agent-workspace/builds/worker-50/source:/opt/rustwide/workdir:ro,Z" "-v" "/var/lib/crater-agent-workspace/cargo-home:/opt/rustwide/cargo-home:ro,Z" "-v" "/var/lib/crater-agent-workspace/rustup-home:/opt/rustwide/rustup-home:ro,Z" "-e" "SOURCE_DIR=/opt/rustwide/workdir" "-e" "CARGO_TARGET_DIR=/opt/rustwide/target" "-e" "CARGO_INCREMENTAL=0" "-e" "RUST_BACKTRACE=full" "-e" "RUSTFLAGS=--cap-lints=warn" "-e" "CARGO_HOME=/opt/rustwide/cargo-home" "-e" "RUSTUP_HOME=/opt/rustwide/rustup-home" "-w" "/opt/rustwide/workdir" "-m" "1610612736" "--user" "0:0" "--network" "none" "ghcr.io/rust-lang/crates-build-env/linux@sha256:a89201d6b5b9fd45c15d5952ece0a0129e7e80cb26ec023fd59cf09bc26f1604" "/opt/rustwide/cargo-home/bin/cargo" "+beta-2021-10-15" "check" "--frozen" "--all" "--all-targets" "--message-format=json", kill_on_drop: false }`
[INFO] [stdout] a0c0b03dba2194e88e5171810f14f1c6b77e4d511960d52b7610d1ec62f7187e
[INFO] running `Command { std: "docker" "start" "-a" "a0c0b03dba2194e88e5171810f14f1c6b77e4d511960d52b7610d1ec62f7187e", kill_on_drop: false }`
[INFO] [stderr]     Blocking waiting for file lock on package cache
[INFO] [stderr]    Compiling pkg-config v0.3.4
[INFO] [stderr]    Compiling gcc v0.3.5
[INFO] [stderr]     Checking libc v0.1.8
[INFO] [stderr]     Checking bitflags v0.1.1
[INFO] [stderr]     Checking rustc-serialize v0.3.14
[INFO] [stderr]     Checking traitobject v0.0.3
[INFO] [stderr]     Checking lazy_static v0.1.10
[INFO] [stderr]     Checking matches v0.1.2
[INFO] [stderr]     Checking typeable v0.1.1
[INFO] [stderr]     Checking unicase v0.1.0
[INFO] [stderr]     Checking traitobject v0.0.1
[INFO] [stderr]     Checking httparse v0.1.2
[INFO] [stderr]    Compiling rusqlite v0.1.0
[INFO] [stderr]     Checking modifier v0.1.0
[INFO] [stderr]     Checking route-recognizer v0.1.11
[INFO] [stderr]     Checking unsafe-any v0.4.1
[INFO] [stdout] error[E0642]: patterns aren't allowed in functions without bodies
[INFO] [stdout]    --> /opt/rustwide/cargo-home/registry/src/github.com-1ecc6299db9ec823/rustc-serialize-0.3.14/src/serialize.rs:144:45
[INFO] [stdout]     |
[INFO] [stdout] 144 | ...                   &f_name: &str,
[INFO] [stdout]     |                       ^^^^^^^ pattern not allowed in function without body
[INFO] [stdout] 
[INFO] [stdout] 
[INFO] [stdout] error[E0463]: can't find crate for `pkg_config`
[INFO] [stdout]  --> /opt/rustwide/cargo-home/registry/src/github.com-1ecc6299db9ec823/rusqlite-0.1.0/build.rs:1:1
[INFO] [stdout]   |
[INFO] [stdout] 1 | extern crate pkg_config;
[INFO] [stdout]   | ^^^^^^^^^^^^^^^^^^^^^^^^ can't find crate
[INFO] [stdout] 
[INFO] [stdout] 
[INFO] [stdout] error: aborting due to previous error
[INFO] [stdout] 
[INFO] [stdout] 
[INFO] [stdout] For more information about this error, try `rustc --explain E0463`.
[INFO] [stdout] 
[INFO] [stderr] error: could not compile `rusqlite` due to 2 previous errors
[INFO] [stderr] warning: build failed, waiting for other jobs to finish...
[INFO] [stdout] error[E0277]: the size for values of type `Self` cannot be known at compilation time
[INFO] [stdout]    --> /opt/rustwide/cargo-home/registry/src/github.com-1ecc6299db9ec823/rustc-serialize-0.3.14/src/serialize.rs:200:41
[INFO] [stdout]     |
[INFO] [stdout] 200 |     fn decode<D: Decoder>(d: &mut D) -> Result<Self, D::Error>;
[INFO] [stdout]     |                                         ^^^^^^^^^^^^^^^^^^^^^^ doesn't have a size known at compile-time
[INFO] [stdout]     |
[INFO] [stdout] note: required by a bound in `Result`
[INFO] [stdout] help: consider further restricting `Self`
[INFO] [stdout]     |
[INFO] [stdout] 200 |     fn decode<D: Decoder>(d: &mut D) -> Result<Self, D::Error> where Self: Sized;
[INFO] [stdout]     |                                                                +++++++++++++++++
[INFO] [stdout] 
[INFO] [stdout] 
[INFO] [stdout] error: aborting due to 2 previous errors
[INFO] [stdout] 
[INFO] [stdout] 
[INFO] [stdout] Some errors have detailed explanations: E0277, E0642.
[INFO] [stdout] 
[INFO] [stdout] For more information about an error, try `rustc --explain E0277`.
[INFO] [stdout] 
[INFO] [stderr] error: build failed
[INFO] running `Command { std: "docker" "inspect" "a0c0b03dba2194e88e5171810f14f1c6b77e4d511960d52b7610d1ec62f7187e", kill_on_drop: false }`
[INFO] running `Command { std: "docker" "rm" "-f" "a0c0b03dba2194e88e5171810f14f1c6b77e4d511960d52b7610d1ec62f7187e", kill_on_drop: false }`
[INFO] [stdout] a0c0b03dba2194e88e5171810f14f1c6b77e4d511960d52b7610d1ec62f7187e
