[INFO] cloning repository https://github.com/nearsyh/YuGiOh-Search
[INFO] running `Command { std: "git" "-c" "credential.helper=" "-c" "credential.helper=/workspace/cargo-home/bin/git-credential-null" "clone" "--bare" "https://github.com/nearsyh/YuGiOh-Search" "/workspace/cache/git-repos/https%3A%2F%2Fgithub.com%2Fnearsyh%2FYuGiOh-Search", kill_on_drop: false }`
[INFO] [stderr] Cloning into bare repository '/workspace/cache/git-repos/https%3A%2F%2Fgithub.com%2Fnearsyh%2FYuGiOh-Search'...
[INFO] running `Command { std: "git" "rev-parse" "HEAD", kill_on_drop: false }`
[INFO] [stdout] 611bb0bbafc1569e003d614674c1894de04c2209
[INFO] checking nearsyh/YuGiOh-Search against beta-2021-10-15 for beta-1.56-3
[INFO] running `Command { std: "git" "clone" "/workspace/cache/git-repos/https%3A%2F%2Fgithub.com%2Fnearsyh%2FYuGiOh-Search" "/workspace/builds/worker-63/source", kill_on_drop: false }`
[INFO] [stderr] Cloning into '/workspace/builds/worker-63/source'...
[INFO] [stderr] done.
[INFO] validating manifest of git repo https://github.com/nearsyh/YuGiOh-Search on toolchain beta-2021-10-15
[INFO] running `Command { std: "/workspace/cargo-home/bin/cargo" "+beta-2021-10-15" "metadata" "--manifest-path" "Cargo.toml" "--no-deps", kill_on_drop: false }`
[INFO] started tweaking git repo https://github.com/nearsyh/YuGiOh-Search
[INFO] finished tweaking git repo https://github.com/nearsyh/YuGiOh-Search
[INFO] tweaked toml for git repo https://github.com/nearsyh/YuGiOh-Search written to /workspace/builds/worker-63/source/Cargo.toml
[INFO] crate git repo https://github.com/nearsyh/YuGiOh-Search already has a lockfile, it will not be regenerated
[INFO] running `Command { std: "/workspace/cargo-home/bin/cargo" "+beta-2021-10-15" "fetch" "--manifest-path" "Cargo.toml", kill_on_drop: false }`
[INFO] [stderr]     Updating git repository `https://github.com/servo/html5ever/`
[INFO] [stderr]     Updating git submodule `https://github.com/html5lib/html5lib-tests`
[INFO] [stderr]     Blocking waiting for file lock on package cache
[INFO] [stderr]  Downloading crates ...
[INFO] [stderr]   Downloaded libc v0.1.9
[INFO] [stderr]   Downloaded pnacl-build-helper v1.4.2
[INFO] [stderr]   Downloaded time v0.1.30
[INFO] [stderr]   Downloaded bufstream v0.1.1
[INFO] [stderr]   Downloaded phf v0.7.3
[INFO] [stderr]   Downloaded phf_codegen v0.7.3
[INFO] [stderr]   Downloaded phf_generator v0.7.3
[INFO] [stderr]   Downloaded phf_shared v0.7.3
[INFO] [stderr]   Downloaded phf_macros v0.7.3
[INFO] [stderr]   Downloaded string_cache v0.1.5
[INFO] [stderr]   Downloaded string_cache_plugin v0.1.2
[INFO] [stderr]   Downloaded string_cache_shared v0.1.3
[INFO] [stderr]   Downloaded futf v0.1.0
[INFO] [stderr]   Downloaded tendril v0.1.2
[INFO] [stderr]   Downloaded postgres v0.9.3
[INFO] running `Command { std: "docker" "create" "-v" "/var/lib/crater-agent-workspace/builds/worker-63/target:/opt/rustwide/target:rw,Z" "-v" "/var/lib/crater-agent-workspace/builds/worker-63/source:/opt/rustwide/workdir:ro,Z" "-v" "/var/lib/crater-agent-workspace/cargo-home:/opt/rustwide/cargo-home:ro,Z" "-v" "/var/lib/crater-agent-workspace/rustup-home:/opt/rustwide/rustup-home:ro,Z" "-e" "SOURCE_DIR=/opt/rustwide/workdir" "-e" "CARGO_TARGET_DIR=/opt/rustwide/target" "-e" "CARGO_HOME=/opt/rustwide/cargo-home" "-e" "RUSTUP_HOME=/opt/rustwide/rustup-home" "-w" "/opt/rustwide/workdir" "-m" "1610612736" "--user" "0:0" "--network" "none" "ghcr.io/rust-lang/crates-build-env/linux@sha256:a89201d6b5b9fd45c15d5952ece0a0129e7e80cb26ec023fd59cf09bc26f1604" "/opt/rustwide/cargo-home/bin/cargo" "+beta-2021-10-15" "metadata" "--no-deps" "--format-version=1", kill_on_drop: false }`
[INFO] [stdout] b374f6f6d734760b125f207cb15da444771e22ef74c384bc1d7ee7745f3b5975
[INFO] running `Command { std: "docker" "start" "-a" "b374f6f6d734760b125f207cb15da444771e22ef74c384bc1d7ee7745f3b5975", kill_on_drop: false }`
[INFO] running `Command { std: "docker" "inspect" "b374f6f6d734760b125f207cb15da444771e22ef74c384bc1d7ee7745f3b5975", kill_on_drop: false }`
[INFO] running `Command { std: "docker" "rm" "-f" "b374f6f6d734760b125f207cb15da444771e22ef74c384bc1d7ee7745f3b5975", kill_on_drop: false }`
[INFO] [stdout] b374f6f6d734760b125f207cb15da444771e22ef74c384bc1d7ee7745f3b5975
[INFO] running `Command { std: "docker" "create" "-v" "/var/lib/crater-agent-workspace/builds/worker-63/target:/opt/rustwide/target:rw,Z" "-v" "/var/lib/crater-agent-workspace/builds/worker-63/source:/opt/rustwide/workdir:ro,Z" "-v" "/var/lib/crater-agent-workspace/cargo-home:/opt/rustwide/cargo-home:ro,Z" "-v" "/var/lib/crater-agent-workspace/rustup-home:/opt/rustwide/rustup-home:ro,Z" "-e" "SOURCE_DIR=/opt/rustwide/workdir" "-e" "CARGO_TARGET_DIR=/opt/rustwide/target" "-e" "CARGO_INCREMENTAL=0" "-e" "RUST_BACKTRACE=full" "-e" "RUSTFLAGS=--cap-lints=warn" "-e" "CARGO_HOME=/opt/rustwide/cargo-home" "-e" "RUSTUP_HOME=/opt/rustwide/rustup-home" "-w" "/opt/rustwide/workdir" "-m" "1610612736" "--user" "0:0" "--network" "none" "ghcr.io/rust-lang/crates-build-env/linux@sha256:a89201d6b5b9fd45c15d5952ece0a0129e7e80cb26ec023fd59cf09bc26f1604" "/opt/rustwide/cargo-home/bin/cargo" "+beta-2021-10-15" "check" "--frozen" "--all" "--all-targets" "--message-format=json", kill_on_drop: false }`
[INFO] [stdout] f35ef5a438ff007cb3867790306c3a13b1fc517d93520c2056c05e308c959a6a
[INFO] running `Command { std: "docker" "start" "-a" "f35ef5a438ff007cb3867790306c3a13b1fc517d93520c2056c05e308c959a6a", kill_on_drop: false }`
[INFO] [stderr]     Blocking waiting for file lock on package cache
[INFO] [stderr]     Checking libc v0.1.9
[INFO] [stderr]     Checking encoding_index_tests v0.1.4
[INFO] [stderr]    Compiling phf_shared v0.7.3
[INFO] [stderr]    Compiling winapi-build v0.1.0
[INFO] [stderr]    Compiling pkg-config v0.3.5
[INFO] [stderr]    Compiling gcc v0.3.8
[INFO] [stderr]     Checking lazy_static v0.1.11
[INFO] [stderr]     Checking rustc-serialize v0.3.15
[INFO] [stderr]     Checking debug-builders v0.1.0
[INFO] [stderr]    Compiling mac v0.0.2
[INFO] [stderr]     Checking bitflags v0.3.2
[INFO] [stderr]     Checking matches v0.1.2
[INFO] [stderr]    Compiling string_cache_shared v0.1.3
[INFO] [stderr]     Checking language-tags v0.0.7
[INFO] [stderr]     Checking httparse v0.1.5
[INFO] [stderr]     Checking typeable v0.1.2
[INFO] [stderr]     Checking unicase v0.1.0
[INFO] [stderr]     Checking byteorder v0.3.11
[INFO] [stderr]     Checking bufstream v0.1.1
[INFO] [stderr]     Checking traitobject v0.0.1
[INFO] [stdout] error[E0432]: unresolved import `std::raw`
[INFO] [stdout]   --> /opt/rustwide/cargo-home/registry/src/github.com-1ecc6299db9ec823/string_cache_shared-0.1.3/lib.rs:17:16
[INFO] [stdout]    |
[INFO] [stdout] 17 | use std::{mem, raw, intrinsics};
[INFO] [stdout]    |                ^^^ no `raw` in the root
[INFO] [stdout] 
[INFO] [stdout] 
[INFO] [stdout] error[E0432]: unresolved import `std::slice::bytes`
[INFO] [stdout]   --> /opt/rustwide/cargo-home/registry/src/github.com-1ecc6299db9ec823/string_cache_shared-0.1.3/lib.rs:18:5
[INFO] [stdout]    |
[INFO] [stdout] 18 | use std::slice::bytes;
[INFO] [stdout]    |     ^^^^^^^^^^^^^^^^^ no `bytes` in `slice`
[INFO] [stdout] 
[INFO] [stdout] 
[INFO] [stdout] error[E0554]: `#![feature]` may not be used on the beta release channel
[INFO] [stdout]   --> /opt/rustwide/cargo-home/registry/src/github.com-1ecc6299db9ec823/string_cache_shared-0.1.3/lib.rs:14:1
[INFO] [stdout]    |
[INFO] [stdout] 14 | #![feature(raw, slice_bytes, core_intrinsics)]
[INFO] [stdout]    | ^^^^^^^^^^^^^^^^^^^^^^^^^^^^^^^^^^^^^^^^^^^^^^
[INFO] [stdout] 
[INFO] [stdout] 
[INFO] [stdout] error: aborting due to 3 previous errors
[INFO] [stdout] 
[INFO] [stdout] 
[INFO] [stdout] Some errors have detailed explanations: E0432, E0554.
[INFO] [stdout] 
[INFO] [stdout] For more information about an error, try `rustc --explain E0432`.
[INFO] [stdout] 
[INFO] [stderr]     Checking futf v0.1.0
[INFO] [stderr] error: could not compile `string_cache_shared` due to 4 previous errors
[INFO] [stderr] warning: build failed, waiting for other jobs to finish...
[INFO] [stdout] error[E0642]: patterns aren't allowed in functions without bodies
[INFO] [stdout]    --> /opt/rustwide/cargo-home/registry/src/github.com-1ecc6299db9ec823/rustc-serialize-0.3.15/src/serialize.rs:145:45
[INFO] [stdout]     |
[INFO] [stdout] 145 | ...                   &f_name: &str,
[INFO] [stdout]     |                       ^^^^^^^ pattern not allowed in function without body
[INFO] [stdout] 
[INFO] [stdout] 
[INFO] [stdout] error[E0432]: unresolved import `std::raw`
[INFO] [stdout]   --> /opt/rustwide/cargo-home/registry/src/github.com-1ecc6299db9ec823/string_cache_shared-0.1.3/lib.rs:17:16
[INFO] [stdout]    |
[INFO] [stdout] 17 | use std::{mem, raw, intrinsics};
[INFO] [stdout]    |                ^^^ no `raw` in the root
[INFO] [stdout] 
[INFO] [stdout] 
[INFO] [stdout] error[E0432]: unresolved import `std::slice::bytes`
[INFO] [stdout]   --> /opt/rustwide/cargo-home/registry/src/github.com-1ecc6299db9ec823/string_cache_shared-0.1.3/lib.rs:18:5
[INFO] [stdout]    |
[INFO] [stdout] 18 | use std::slice::bytes;
[INFO] [stdout]    |     ^^^^^^^^^^^^^^^^^ no `bytes` in `slice`
[INFO] [stdout] 
[INFO] [stdout] 
[INFO] [stdout] error[E0554]: `#![feature]` may not be used on the beta release channel
[INFO] [stdout]   --> /opt/rustwide/cargo-home/registry/src/github.com-1ecc6299db9ec823/string_cache_shared-0.1.3/lib.rs:14:1
[INFO] [stdout]    |
[INFO] [stdout] 14 | #![feature(raw, slice_bytes, core_intrinsics)]
[INFO] [stdout]    | ^^^^^^^^^^^^^^^^^^^^^^^^^^^^^^^^^^^^^^^^^^^^^^
[INFO] [stdout] 
[INFO] [stdout] 
[INFO] [stdout] error: aborting due to 3 previous errors
[INFO] [stdout] 
[INFO] [stdout] 
[INFO] [stdout] Some errors have detailed explanations: E0432, E0554.
[INFO] [stdout] 
[INFO] [stdout] For more information about an error, try `rustc --explain E0432`.
[INFO] [stdout] 
[INFO] [stdout] error[E0554]: `#![feature]` may not be used on the beta release channel
[INFO] [stdout]  --> /opt/rustwide/cargo-home/registry/src/github.com-1ecc6299db9ec823/futf-0.1.0/src/lib.rs:7:1
[INFO] [stdout]   |
[INFO] [stdout] 7 | #![feature(core_intrinsics)]
[INFO] [stdout]   | ^^^^^^^^^^^^^^^^^^^^^^^^^^^^
[INFO] [stdout] 
[INFO] [stdout] 
[INFO] [stdout] error: aborting due to previous error
[INFO] [stdout] 
[INFO] [stdout] 
[INFO] [stdout] For more information about this error, try `rustc --explain E0554`.
[INFO] [stdout] 
[INFO] [stdout] error[E0642]: patterns aren't allowed in functions without bodies
[INFO] [stdout]    --> /opt/rustwide/cargo-home/registry/src/github.com-1ecc6299db9ec823/rustc-serialize-0.3.15/src/serialize.rs:145:45
[INFO] [stdout]     |
[INFO] [stdout] 145 | ...                   &f_name: &str,
[INFO] [stdout]     |                       ^^^^^^^ pattern not allowed in function without body
[INFO] [stdout] 
[INFO] [stdout] 
[INFO] [stdout] error[E0277]: the size for values of type `Self` cannot be known at compilation time
[INFO] [stdout]    --> /opt/rustwide/cargo-home/registry/src/github.com-1ecc6299db9ec823/rustc-serialize-0.3.15/src/serialize.rs:201:41
[INFO] [stdout]     |
[INFO] [stdout] 201 |     fn decode<D: Decoder>(d: &mut D) -> Result<Self, D::Error>;
[INFO] [stdout]     |                                         ^^^^^^^^^^^^^^^^^^^^^^ doesn't have a size known at compile-time
[INFO] [stdout]     |
[INFO] [stdout] note: required by a bound in `Result`
[INFO] [stdout] help: consider further restricting `Self`
[INFO] [stdout]     |
[INFO] [stdout] 201 |     fn decode<D: Decoder>(d: &mut D) -> Result<Self, D::Error> where Self: Sized;
[INFO] [stdout]     |                                                                +++++++++++++++++
[INFO] [stdout] 
[INFO] [stdout] 
[INFO] [stdout] error: aborting due to 2 previous errors
[INFO] [stdout] 
[INFO] [stdout] 
[INFO] [stdout] Some errors have detailed explanations: E0277, E0642.
[INFO] [stdout] 
[INFO] [stdout] For more information about an error, try `rustc --explain E0277`.
[INFO] [stdout] 
[INFO] [stdout] error[E0277]: the size for values of type `Self` cannot be known at compilation time
[INFO] [stdout]    --> /opt/rustwide/cargo-home/registry/src/github.com-1ecc6299db9ec823/rustc-serialize-0.3.15/src/serialize.rs:201:41
[INFO] [stdout]     |
[INFO] [stdout] 201 |     fn decode<D: Decoder>(d: &mut D) -> Result<Self, D::Error>;
[INFO] [stdout]     |                                         ^^^^^^^^^^^^^^^^^^^^^^ doesn't have a size known at compile-time
[INFO] [stdout]     |
[INFO] [stdout] note: required by a bound in `Result`
[INFO] [stdout] help: consider further restricting `Self`
[INFO] [stdout]     |
[INFO] [stdout] 201 |     fn decode<D: Decoder>(d: &mut D) -> Result<Self, D::Error> where Self: Sized;
[INFO] [stdout]     |                                                                +++++++++++++++++
[INFO] [stdout] 
[INFO] [stdout] 
[INFO] [stdout] error: aborting due to 2 previous errors
[INFO] [stdout] 
[INFO] [stdout] 
[INFO] [stdout] Some errors have detailed explanations: E0277, E0642.
[INFO] [stdout] 
[INFO] [stdout] For more information about an error, try `rustc --explain E0277`.
[INFO] [stdout] 
[INFO] [stderr] error: build failed
[INFO] running `Command { std: "docker" "inspect" "f35ef5a438ff007cb3867790306c3a13b1fc517d93520c2056c05e308c959a6a", kill_on_drop: false }`
[INFO] running `Command { std: "docker" "rm" "-f" "f35ef5a438ff007cb3867790306c3a13b1fc517d93520c2056c05e308c959a6a", kill_on_drop: false }`
[INFO] [stdout] f35ef5a438ff007cb3867790306c3a13b1fc517d93520c2056c05e308c959a6a
