[INFO] cloning repository https://github.com/madeso/rust-game-engine
[INFO] running `Command { std: "git" "-c" "credential.helper=" "-c" "credential.helper=/workspace/cargo-home/bin/git-credential-null" "clone" "--bare" "https://github.com/madeso/rust-game-engine" "/workspace/cache/git-repos/https%3A%2F%2Fgithub.com%2Fmadeso%2Frust-game-engine", kill_on_drop: false }`
[INFO] [stderr] Cloning into bare repository '/workspace/cache/git-repos/https%3A%2F%2Fgithub.com%2Fmadeso%2Frust-game-engine'...
[INFO] running `Command { std: "git" "rev-parse" "HEAD", kill_on_drop: false }`
[INFO] [stdout] 1bfbac04a382726c7b7e61b5d51df16f9d34e601
[INFO] checking madeso/rust-game-engine against beta-2021-10-15 for beta-1.56-3
[INFO] running `Command { std: "git" "clone" "/workspace/cache/git-repos/https%3A%2F%2Fgithub.com%2Fmadeso%2Frust-game-engine" "/workspace/builds/worker-40/source", kill_on_drop: false }`
[INFO] [stderr] Cloning into '/workspace/builds/worker-40/source'...
[INFO] [stderr] done.
[INFO] validating manifest of git repo https://github.com/madeso/rust-game-engine on toolchain beta-2021-10-15
[INFO] running `Command { std: "/workspace/cargo-home/bin/cargo" "+beta-2021-10-15" "metadata" "--manifest-path" "Cargo.toml" "--no-deps", kill_on_drop: false }`
[INFO] started tweaking git repo https://github.com/madeso/rust-game-engine
[INFO] finished tweaking git repo https://github.com/madeso/rust-game-engine
[INFO] tweaked toml for git repo https://github.com/madeso/rust-game-engine written to /workspace/builds/worker-40/source/Cargo.toml
[INFO] crate git repo https://github.com/madeso/rust-game-engine already has a lockfile, it will not be regenerated
[INFO] running `Command { std: "/workspace/cargo-home/bin/cargo" "+beta-2021-10-15" "fetch" "--manifest-path" "Cargo.toml", kill_on_drop: false }`
[INFO] [stderr]     Blocking waiting for file lock on package cache
[INFO] [stderr]     Blocking waiting for file lock on package cache
[INFO] [stderr]  Downloading crates ...
[INFO] [stderr]   Downloaded glob v0.2.10
[INFO] [stderr]   Downloaded bitflags v0.3.0
[INFO] [stderr]   Downloaded gl_generator v0.0.25
[INFO] [stderr]   Downloaded lzw v0.8.0
[INFO] [stderr]   Downloaded image v0.3.11
[INFO] [stderr]   Downloaded cgmath v0.2.0
[INFO] [stderr]   Downloaded gif v0.5.0
[INFO] [stderr]   Downloaded khronos_api v0.0.6
[INFO] [stderr]   Downloaded byteorder v0.3.10
[INFO] [stderr]   Downloaded sdl2-sys v0.5.0
[INFO] [stderr]   Downloaded enum_primitive v0.0.1
[INFO] [stderr]   Downloaded smallvec v0.1.4
[INFO] [stderr]   Downloaded sdl2 v0.5.0
[INFO] [stderr]   Downloaded glium_sdl2 v0.3.0
[INFO] [stderr]   Downloaded nalgebra v0.2.18
[INFO] [stderr]   Downloaded protobuf v1.0.1
[INFO] [stderr]   Downloaded glium v0.6.5
[INFO] running `Command { std: "docker" "create" "-v" "/var/lib/crater-agent-workspace/builds/worker-40/target:/opt/rustwide/target:rw,Z" "-v" "/var/lib/crater-agent-workspace/builds/worker-40/source:/opt/rustwide/workdir:ro,Z" "-v" "/var/lib/crater-agent-workspace/cargo-home:/opt/rustwide/cargo-home:ro,Z" "-v" "/var/lib/crater-agent-workspace/rustup-home:/opt/rustwide/rustup-home:ro,Z" "-e" "SOURCE_DIR=/opt/rustwide/workdir" "-e" "CARGO_TARGET_DIR=/opt/rustwide/target" "-e" "CARGO_HOME=/opt/rustwide/cargo-home" "-e" "RUSTUP_HOME=/opt/rustwide/rustup-home" "-w" "/opt/rustwide/workdir" "-m" "1610612736" "--user" "0:0" "--network" "none" "ghcr.io/rust-lang/crates-build-env/linux@sha256:a89201d6b5b9fd45c15d5952ece0a0129e7e80cb26ec023fd59cf09bc26f1604" "/opt/rustwide/cargo-home/bin/cargo" "+beta-2021-10-15" "metadata" "--no-deps" "--format-version=1", kill_on_drop: false }`
[INFO] [stdout] 2347df2c379f9124bb7a3cf11b60cd5c1cc4ad3b1cea78d8de8a30ae21352aca
[INFO] running `Command { std: "docker" "start" "-a" "2347df2c379f9124bb7a3cf11b60cd5c1cc4ad3b1cea78d8de8a30ae21352aca", kill_on_drop: false }`
[INFO] running `Command { std: "docker" "inspect" "2347df2c379f9124bb7a3cf11b60cd5c1cc4ad3b1cea78d8de8a30ae21352aca", kill_on_drop: false }`
[INFO] running `Command { std: "docker" "rm" "-f" "2347df2c379f9124bb7a3cf11b60cd5c1cc4ad3b1cea78d8de8a30ae21352aca", kill_on_drop: false }`
[INFO] [stdout] 2347df2c379f9124bb7a3cf11b60cd5c1cc4ad3b1cea78d8de8a30ae21352aca
[INFO] running `Command { std: "docker" "create" "-v" "/var/lib/crater-agent-workspace/builds/worker-40/target:/opt/rustwide/target:rw,Z" "-v" "/var/lib/crater-agent-workspace/builds/worker-40/source:/opt/rustwide/workdir:ro,Z" "-v" "/var/lib/crater-agent-workspace/cargo-home:/opt/rustwide/cargo-home:ro,Z" "-v" "/var/lib/crater-agent-workspace/rustup-home:/opt/rustwide/rustup-home:ro,Z" "-e" "SOURCE_DIR=/opt/rustwide/workdir" "-e" "CARGO_TARGET_DIR=/opt/rustwide/target" "-e" "CARGO_INCREMENTAL=0" "-e" "RUST_BACKTRACE=full" "-e" "RUSTFLAGS=--cap-lints=warn" "-e" "CARGO_HOME=/opt/rustwide/cargo-home" "-e" "RUSTUP_HOME=/opt/rustwide/rustup-home" "-w" "/opt/rustwide/workdir" "-m" "1610612736" "--user" "0:0" "--network" "none" "ghcr.io/rust-lang/crates-build-env/linux@sha256:a89201d6b5b9fd45c15d5952ece0a0129e7e80cb26ec023fd59cf09bc26f1604" "/opt/rustwide/cargo-home/bin/cargo" "+beta-2021-10-15" "check" "--frozen" "--all" "--all-targets" "--message-format=json", kill_on_drop: false }`
[INFO] [stdout] 9ae0a7370b9dc5de76bcb62d45b2063c5ec534a942c208e29752aebd04e62429
[INFO] running `Command { std: "docker" "start" "-a" "9ae0a7370b9dc5de76bcb62d45b2063c5ec534a942c208e29752aebd04e62429", kill_on_drop: false }`
[INFO] [stderr]     Blocking waiting for file lock on package cache
[INFO] [stderr]     Checking libc v0.1.8
[INFO] [stderr]     Checking rustc-serialize v0.3.15
[INFO] [stderr]    Compiling bitflags v0.3.0
[INFO] [stderr]    Compiling khronos_api v0.0.6
[INFO] [stderr]     Checking color_quant v1.0.0
[INFO] [stderr]    Compiling sdl2-sys v0.5.0
[INFO] [stderr]     Checking lzw v0.8.0
[INFO] [stderr]     Checking glob v0.2.10
[INFO] [stderr]     Checking byteorder v0.3.10
[INFO] [stderr]     Checking smallvec v0.1.4
[INFO] [stderr]     Checking bitflags v0.2.1
[INFO] [stderr]     Checking lazy_static v0.1.11
[INFO] [stderr]     Checking protobuf v1.0.1
[INFO] [stderr]    Compiling xml-rs v0.1.25
[INFO] [stdout] error[E0642]: patterns aren't allowed in functions without bodies
[INFO] [stdout]    --> /opt/rustwide/cargo-home/registry/src/github.com-1ecc6299db9ec823/rustc-serialize-0.3.15/src/serialize.rs:145:45
[INFO] [stdout]     |
[INFO] [stdout] 145 | ...                   &f_name: &str,
[INFO] [stdout]     |                       ^^^^^^^ pattern not allowed in function without body
[INFO] [stdout] 
[INFO] [stdout] 
[INFO] [stdout] error[E0532]: expected tuple struct or tuple variant, found unit variant `RustType::Bool`
[INFO] [stdout]    --> /opt/rustwide/cargo-home/registry/src/github.com-1ecc6299db9ec823/protobuf-1.0.1/src/lib/codegen.rs:165:13
[INFO] [stdout]     |
[INFO] [stdout] 32  |     Bool,
[INFO] [stdout]     |     ---- `RustType::Bool` defined here
[INFO] [stdout] ...
[INFO] [stdout] 165 |             RustType::Bool(..)                       => "false".to_string(),
[INFO] [stdout]     |             ^^^^^^^^^^^^^^^^^^
[INFO] [stdout]     |
[INFO] [stdout] help: use this syntax instead
[INFO] [stdout]     |
[INFO] [stdout] 165 |             RustType::Bool                       => "false".to_string(),
[INFO] [stdout]     |             ~~~~~~~~~~~~~~
[INFO] [stdout] help: consider importing one of these items instead
[INFO] [stdout]     |
[INFO] [stdout] 1   | use reflect::accessor::RepeatedGet::Bool;
[INFO] [stdout]     |
[INFO] [stdout] 1   | use reflect::accessor::SingularGet::Bool;
[INFO] [stdout]     |
[INFO] [stdout] 
[INFO] [stdout] 
[INFO] [stdout] error[E0277]: the size for values of type `Self` cannot be known at compilation time
[INFO] [stdout]    --> /opt/rustwide/cargo-home/registry/src/github.com-1ecc6299db9ec823/rustc-serialize-0.3.15/src/serialize.rs:201:41
[INFO] [stdout]     |
[INFO] [stdout] 201 |     fn decode<D: Decoder>(d: &mut D) -> Result<Self, D::Error>;
[INFO] [stdout]     |                                         ^^^^^^^^^^^^^^^^^^^^^^ doesn't have a size known at compile-time
[INFO] [stdout]     |
[INFO] [stdout] note: required by a bound in `Result`
[INFO] [stdout] help: consider further restricting `Self`
[INFO] [stdout]     |
[INFO] [stdout] 201 |     fn decode<D: Decoder>(d: &mut D) -> Result<Self, D::Error> where Self: Sized;
[INFO] [stdout]     |                                                                +++++++++++++++++
[INFO] [stdout] 
[INFO] [stdout] 
[INFO] [stderr]     Checking gif v0.5.0
[INFO] [stderr]    Compiling log v0.3.1
[INFO] [stdout] error: aborting due to 2 previous errors
[INFO] [stdout] 
[INFO] [stdout] 
[INFO] [stdout] error[E0277]: the size for values of type `Self` cannot be known at compilation time
[INFO] [stdout]   --> /opt/rustwide/cargo-home/registry/src/github.com-1ecc6299db9ec823/xml-rs-0.1.25/src/util.rs:15:33
[INFO] [stdout]    |
[INFO] [stdout] 15 |     fn cloned_pairwise(self) -> ClonedPairwise<Self>;
[INFO] [stdout]    |                                 ^^^^^^^^^^^^^^^^^^^^ doesn't have a size known at compile-time
[INFO] [stdout]    |
[INFO] [stdout] note: required by a bound in `ClonedPairwise`
[INFO] [stdout]   --> /opt/rustwide/cargo-home/registry/src/github.com-1ecc6299db9ec823/xml-rs-0.1.25/src/util.rs:27:27
[INFO] [stdout]    |
[INFO] [stdout] 27 | pub struct ClonedPairwise<I>(I);
[INFO] [stdout]    |                           ^ required by this bound in `ClonedPairwise`
[INFO] [stdout] help: you could relax the implicit `Sized` bound on `I` if it were used through indirection like `&I` or `Box<I>`
[INFO] [stdout]   --> /opt/rustwide/cargo-home/registry/src/github.com-1ecc6299db9ec823/xml-rs-0.1.25/src/util.rs:27:27
[INFO] [stdout]    |
[INFO] [stdout] 27 | pub struct ClonedPairwise<I>(I);
[INFO] [stdout]    |                           ^  - ...if indirection were used here: `Box<I>`
[INFO] [stdout]    |                           |
[INFO] [stdout]    |                           this could be changed to `I: ?Sized`...
[INFO] [stdout] help: consider further restricting `Self`
[INFO] [stdout]    |
[INFO] [stdout] 15 |     fn cloned_pairwise(self) -> ClonedPairwise<Self> where Self: Sized;
[INFO] [stdout]    |                                                      +++++++++++++++++
[INFO] [stdout] 
[INFO] [stdout] 
[INFO] [stdout] error[E0277]: the size for values of type `Self` cannot be known at compilation time
[INFO] [stdout]   --> /opt/rustwide/cargo-home/registry/src/github.com-1ecc6299db9ec823/protobuf-1.0.1/src/lib/paginate.rs:2:39
[INFO] [stdout]    |
[INFO] [stdout] 2  |     fn paginate(self, page: usize) -> Paginate<Self>;
[INFO] [stdout]    |                                       ^^^^^^^^^^^^^^ doesn't have a size known at compile-time
[INFO] [stdout]    |
[INFO] [stdout] note: required by a bound in `Paginate`
[INFO] [stdout]   --> /opt/rustwide/cargo-home/registry/src/github.com-1ecc6299db9ec823/protobuf-1.0.1/src/lib/paginate.rs:14:17
[INFO] [stdout]    |
[INFO] [stdout] 14 | struct Paginate<I> {
[INFO] [stdout]    |                 ^ required by this bound in `Paginate`
[INFO] [stdout] help: you could relax the implicit `Sized` bound on `I` if it were used through indirection like `&I` or `Box<I>`
[INFO] [stdout]   --> /opt/rustwide/cargo-home/registry/src/github.com-1ecc6299db9ec823/protobuf-1.0.1/src/lib/paginate.rs:14:17
[INFO] [stdout]    |
[INFO] [stdout] 14 | struct Paginate<I> {
[INFO] [stdout]    |                 ^ this could be changed to `I: ?Sized`...
[INFO] [stdout] 15 |     iter: I,
[INFO] [stdout]    |           - ...if indirection were used here: `Box<I>`
[INFO] [stdout] help: consider further restricting `Self`
[INFO] [stdout]    |
[INFO] [stdout] 2  |     fn paginate(self, page: usize) -> Paginate<Self> where Self: Sized;
[INFO] [stdout]    |                                                      +++++++++++++++++
[INFO] [stdout] 
[INFO] [stdout] 
[INFO] [stdout] Some errors have detailed explanations: E0277, E0642.
[INFO] [stdout] 
[INFO] [stdout] For more information about an error, try `rustc --explain E0277`.
[INFO] [stdout] 
[INFO] [stdout] error: aborting due to previous error
[INFO] [stdout] 
[INFO] [stdout] 
[INFO] [stdout] For more information about this error, try `rustc --explain E0277`.
[INFO] [stdout] 
[INFO] [stdout] error: aborting due to 2 previous errors
[INFO] [stdout] 
[INFO] [stdout] 
[INFO] [stderr] error: could not compile `xml-rs` due to 2 previous errors
[INFO] [stderr] warning: build failed, waiting for other jobs to finish...
[INFO] [stdout] Some errors have detailed explanations: E0277, E0532.
[INFO] [stdout] 
[INFO] [stdout] For more information about an error, try `rustc --explain E0277`.
[INFO] [stdout] 
[INFO] [stderr] error: build failed
[INFO] running `Command { std: "docker" "inspect" "9ae0a7370b9dc5de76bcb62d45b2063c5ec534a942c208e29752aebd04e62429", kill_on_drop: false }`
[INFO] running `Command { std: "docker" "rm" "-f" "9ae0a7370b9dc5de76bcb62d45b2063c5ec534a942c208e29752aebd04e62429", kill_on_drop: false }`
[INFO] [stdout] 9ae0a7370b9dc5de76bcb62d45b2063c5ec534a942c208e29752aebd04e62429
