[INFO] cloning repository https://github.com/enochc/hive
[INFO] running `Command { std: "git" "-c" "credential.helper=" "-c" "credential.helper=/workspace/cargo-home/bin/git-credential-null" "clone" "--bare" "https://github.com/enochc/hive" "/workspace/cache/git-repos/https%3A%2F%2Fgithub.com%2Fenochc%2Fhive", kill_on_drop: false }`
[INFO] [stderr] Cloning into bare repository '/workspace/cache/git-repos/https%3A%2F%2Fgithub.com%2Fenochc%2Fhive'...
[INFO] running `Command { std: "git" "rev-parse" "HEAD", kill_on_drop: false }`
[INFO] [stdout] e72fb1cd98930f7f113226195fb37a12d6b5ad72
[INFO] checking enochc/hive against beta-2021-10-15 for beta-1.56-3
[INFO] running `Command { std: "git" "clone" "/workspace/cache/git-repos/https%3A%2F%2Fgithub.com%2Fenochc%2Fhive" "/workspace/builds/worker-9/source", kill_on_drop: false }`
[INFO] [stderr] Cloning into '/workspace/builds/worker-9/source'...
[INFO] [stderr] done.
[INFO] validating manifest of git repo https://github.com/enochc/hive on toolchain beta-2021-10-15
[INFO] running `Command { std: "/workspace/cargo-home/bin/cargo" "+beta-2021-10-15" "metadata" "--manifest-path" "Cargo.toml" "--no-deps", kill_on_drop: false }`
[INFO] started tweaking git repo https://github.com/enochc/hive
[INFO] finished tweaking git repo https://github.com/enochc/hive
[INFO] tweaked toml for git repo https://github.com/enochc/hive written to /workspace/builds/worker-9/source/Cargo.toml
[INFO] running `Command { std: "/workspace/cargo-home/bin/cargo" "+beta-2021-10-15" "generate-lockfile" "--manifest-path" "Cargo.toml" "-Zno-index-update", kill_on_drop: false }`
[INFO] running `Command { std: "/workspace/cargo-home/bin/cargo" "+beta-2021-10-15" "fetch" "--manifest-path" "Cargo.toml", kill_on_drop: false }`
[INFO] [stderr]  Downloading crates ...
[INFO] [stderr]   Downloaded tracing-core v0.1.21
[INFO] [stderr]   Downloaded tracing v0.1.29
[INFO] [stderr]   Downloaded bit-set v0.2.0
[INFO] [stderr]   Downloaded libdbus-sys v0.2.2
[INFO] [stderr]   Downloaded bluster v0.1.3
[INFO] [stderr]   Downloaded async-std v1.10.0
[INFO] [stderr]   Downloaded dbus v0.8.4
[INFO] [stderr]   Downloaded dbus-tokio v0.5.2
[INFO] [stderr]   Downloaded dbus-crossroads v0.2.2
[INFO] [stderr]   Downloaded dbus v0.6.5
[INFO] [stderr]   Downloaded local_ipaddress v0.1.3
[INFO] [stderr]   Downloaded reqwest v0.11.5
[INFO] [stderr]   Downloaded core-foundation v0.9.2
[INFO] [stderr]   Downloaded simple-signal v1.1.1
[INFO] [stderr]   Downloaded jni v0.13.1
[INFO] [stderr]   Downloaded libusb-sys v0.2.3
[INFO] [stderr]   Downloaded libusb v0.3.0
[INFO] [stderr]   Downloaded core-foundation-sys v0.8.3
[INFO] [stderr]   Downloaded wasm-bindgen-futures v0.4.28
[INFO] [stderr]   Downloaded websocket-codec v0.5.0
[INFO] [stderr]   Downloaded blurz v0.4.0
[INFO] running `Command { std: "docker" "create" "-v" "/var/lib/crater-agent-workspace/builds/worker-9/target:/opt/rustwide/target:rw,Z" "-v" "/var/lib/crater-agent-workspace/builds/worker-9/source:/opt/rustwide/workdir:ro,Z" "-v" "/var/lib/crater-agent-workspace/cargo-home:/opt/rustwide/cargo-home:ro,Z" "-v" "/var/lib/crater-agent-workspace/rustup-home:/opt/rustwide/rustup-home:ro,Z" "-e" "SOURCE_DIR=/opt/rustwide/workdir" "-e" "CARGO_TARGET_DIR=/opt/rustwide/target" "-e" "CARGO_HOME=/opt/rustwide/cargo-home" "-e" "RUSTUP_HOME=/opt/rustwide/rustup-home" "-w" "/opt/rustwide/workdir" "-m" "1610612736" "--user" "0:0" "--network" "none" "ghcr.io/rust-lang/crates-build-env/linux@sha256:a89201d6b5b9fd45c15d5952ece0a0129e7e80cb26ec023fd59cf09bc26f1604" "/opt/rustwide/cargo-home/bin/cargo" "+beta-2021-10-15" "metadata" "--no-deps" "--format-version=1", kill_on_drop: false }`
[INFO] [stderr] WARNING: Your kernel does not support swap limit capabilities or the cgroup is not mounted. Memory limited without swap.
[INFO] [stdout] b226ee23959b2a2df5e4ba10f9666a179ff97770cf509b5be79d1b68c804c40b
[INFO] running `Command { std: "docker" "start" "-a" "b226ee23959b2a2df5e4ba10f9666a179ff97770cf509b5be79d1b68c804c40b", kill_on_drop: false }`
[INFO] running `Command { std: "docker" "inspect" "b226ee23959b2a2df5e4ba10f9666a179ff97770cf509b5be79d1b68c804c40b", kill_on_drop: false }`
[INFO] running `Command { std: "docker" "rm" "-f" "b226ee23959b2a2df5e4ba10f9666a179ff97770cf509b5be79d1b68c804c40b", kill_on_drop: false }`
[INFO] [stdout] b226ee23959b2a2df5e4ba10f9666a179ff97770cf509b5be79d1b68c804c40b
[INFO] running `Command { std: "docker" "create" "-v" "/var/lib/crater-agent-workspace/builds/worker-9/target:/opt/rustwide/target:rw,Z" "-v" "/var/lib/crater-agent-workspace/builds/worker-9/source:/opt/rustwide/workdir:ro,Z" "-v" "/var/lib/crater-agent-workspace/cargo-home:/opt/rustwide/cargo-home:ro,Z" "-v" "/var/lib/crater-agent-workspace/rustup-home:/opt/rustwide/rustup-home:ro,Z" "-e" "SOURCE_DIR=/opt/rustwide/workdir" "-e" "CARGO_TARGET_DIR=/opt/rustwide/target" "-e" "CARGO_INCREMENTAL=0" "-e" "RUST_BACKTRACE=full" "-e" "RUSTFLAGS=--cap-lints=warn" "-e" "CARGO_HOME=/opt/rustwide/cargo-home" "-e" "RUSTUP_HOME=/opt/rustwide/rustup-home" "-w" "/opt/rustwide/workdir" "-m" "1610612736" "--user" "0:0" "--network" "none" "ghcr.io/rust-lang/crates-build-env/linux@sha256:a89201d6b5b9fd45c15d5952ece0a0129e7e80cb26ec023fd59cf09bc26f1604" "/opt/rustwide/cargo-home/bin/cargo" "+beta-2021-10-15" "check" "--frozen" "--all" "--all-targets" "--message-format=json", kill_on_drop: false }`
[INFO] [stdout] 347efc44747217080e8c9a20ab0f4a349e9e59860ef72d56f8a89351d276957d
[INFO] [stderr] WARNING: Your kernel does not support swap limit capabilities or the cgroup is not mounted. Memory limited without swap.
[INFO] running `Command { std: "docker" "start" "-a" "347efc44747217080e8c9a20ab0f4a349e9e59860ef72d56f8a89351d276957d", kill_on_drop: false }`
[INFO] [stderr]    Compiling log v0.4.14
[INFO] [stderr]    Compiling hive v0.1.403 (/opt/rustwide/workdir)
[INFO] [stderr]     Checking local_ipaddress v0.1.3
[INFO] [stderr]    Compiling tokio v1.12.0
[INFO] [stderr]     Checking getrandom v0.1.16
[INFO] [stderr]     Checking socket2 v0.4.2
[INFO] [stderr]     Checking simple-signal v1.1.1
[INFO] [stderr]     Checking generic-array v0.12.4
[INFO] [stderr]    Compiling syn v1.0.80
[INFO] [stderr]     Checking toml v0.5.8
[INFO] [stderr]     Checking serde_json v1.0.68
[INFO] [stderr]     Checking blocking v1.0.2
[INFO] [stderr]     Checking serde-hjson v0.9.1
[INFO] [stderr]     Checking chrono v0.4.19
[INFO] [stderr]     Checking rand_core v0.5.1
[INFO] [stderr]     Checking block-buffer v0.7.3
[INFO] [stderr]     Checking digest v0.8.1
[INFO] [stderr]     Checking rand_chacha v0.2.2
[INFO] [stderr]     Checking sha-1 v0.8.2
[INFO] [stderr]     Checking rand v0.7.3
[INFO] [stderr]     Checking config v0.10.1
[INFO] [stderr]    Compiling ctor v0.1.21
[INFO] [stderr]    Compiling futures-macro v0.3.17
[INFO] [stderr]     Checking value-bag v1.0.0-alpha.7
[INFO] [stderr]     Checking futures-util v0.3.17
[INFO] [stderr]     Checking polling v2.1.0
[INFO] [stderr]     Checking tokio-util v0.6.8
[INFO] [stderr]     Checking kv-log-macro v1.0.7
[INFO] [stderr]     Checking async-io v1.6.0
[INFO] [stderr]     Checking websocket-codec v0.5.0
[INFO] [stderr]     Checking async-global-executor v2.0.2
[INFO] [stderr]     Checking async-std v1.10.0
[INFO] [stderr]     Checking futures-executor v0.3.17
[INFO] [stderr]     Checking futures v0.3.17
[INFO] [stdout] warning: unused import: `toml::Value`
[INFO] [stdout]   --> src/hive.rs:28:5
[INFO] [stdout]    |
[INFO] [stdout] 28 | use toml::Value;
[INFO] [stdout]    |     ^^^^^^^^^^^
[INFO] [stdout]    |
[INFO] [stdout]    = note: `#[warn(unused_imports)]` on by default
[INFO] [stdout] 
[INFO] [stdout] 
[INFO] [stdout] warning: unused import: `toml::Value`
[INFO] [stdout]   --> src/hive.rs:28:5
[INFO] [stdout]    |
[INFO] [stdout] 28 | use toml::Value;
[INFO] [stdout]    |     ^^^^^^^^^^^
[INFO] [stdout]    |
[INFO] [stdout]    = note: `#[warn(unused_imports)]` on by default
[INFO] [stdout] 
[INFO] [stdout] 
[INFO] [stdout] warning: unused borrow that must be used
[INFO] [stdout]    --> src/peer.rs:151:21
[INFO] [stdout]     |
[INFO] [stdout] 151 |                     &peer.handshake(s, &sender).await.expect(&msg);
[INFO] [stdout]     |                     ^^^^^^^^^^^^^^^^^^^^^^^^^^^^^^^^^^^^^^^^^^^^^^ the borrow produces a value
[INFO] [stdout]     |
[INFO] [stdout]     = note: `#[warn(unused_must_use)]` on by default
[INFO] [stdout] help: use `let _ = ...` to ignore the resulting value
[INFO] [stdout]     |
[INFO] [stdout] 151 |                     let _ = &peer.handshake(s, &sender).await.expect(&msg);
[INFO] [stdout]     |                     +++++++
[INFO] [stdout] 
[INFO] [stdout] 
[INFO] [stdout] warning: 2 warnings emitted
[INFO] [stdout] 
[INFO] [stdout] 
[INFO] [stdout] warning: unused borrow that must be used
[INFO] [stdout]    --> src/peer.rs:151:21
[INFO] [stdout]     |
[INFO] [stdout] 151 |                     &peer.handshake(s, &sender).await.expect(&msg);
[INFO] [stdout]     |                     ^^^^^^^^^^^^^^^^^^^^^^^^^^^^^^^^^^^^^^^^^^^^^^ the borrow produces a value
[INFO] [stdout]     |
[INFO] [stdout]     = note: `#[warn(unused_must_use)]` on by default
[INFO] [stdout] help: use `let _ = ...` to ignore the resulting value
[INFO] [stdout]     |
[INFO] [stdout] 151 |                     let _ = &peer.handshake(s, &sender).await.expect(&msg);
[INFO] [stdout]     |                     +++++++
[INFO] [stdout] 
[INFO] [stdout] 
[INFO] [stdout] warning: 2 warnings emitted
[INFO] [stdout] 
[INFO] [stdout] 
[INFO] [stdout] error[E0425]: cannot find value `x` in this scope
[INFO] [stdout]   --> examples/properties.rs:23:45
[INFO] [stdout]    |
[INFO] [stdout] 23 |             println!("Inside signal: {:?}", x);
[INFO] [stdout]    |                                             ^ help: a local variable with a similar name exists: `p`
[INFO] [stdout] 
[INFO] [stdout] 
[INFO] [stdout] warning: unused import: `std::time::Duration`
[INFO] [stdout]  --> tests/middle_man.rs:5:5
[INFO] [stdout]   |
[INFO] [stdout] 5 | use std::time::Duration;
[INFO] [stdout]   |     ^^^^^^^^^^^^^^^^^^^
[INFO] [stdout]   |
[INFO] [stdout]   = note: `#[warn(unused_imports)]` on by default
[INFO] [stdout] 
[INFO] [stdout] 
[INFO] [stdout] warning: unused import: `std::thread`
[INFO] [stdout]  --> tests/middle_man.rs:6:5
[INFO] [stdout]   |
[INFO] [stdout] 6 | use std::thread;
[INFO] [stdout]   |     ^^^^^^^^^^^
[INFO] [stdout] 
[INFO] [stdout] 
[INFO] [stdout] error: aborting due to previous error
[INFO] [stdout] 
[INFO] [stdout] 
[INFO] [stdout] For more information about this error, try `rustc --explain E0425`.
[INFO] [stdout] 
[INFO] [stderr] error: could not compile `hive` due to 2 previous errors
[INFO] [stderr] warning: build failed, waiting for other jobs to finish...
[INFO] [stdout] error[E0609]: no field `on_changed` on type `&mut Property`
[INFO] [stdout]   --> examples/hive.rs:14:15
[INFO] [stdout]    |
[INFO] [stdout] 14 |             p.on_changed.connect(|v|{
[INFO] [stdout]    |               ^^^^^^^^^^ unknown field
[INFO] [stdout]    |
[INFO] [stdout]    = note: available fields are: `value`, `stream`, `args`
[INFO] [stdout] 
[INFO] [stdout] 
[INFO] [stdout] error[E0609]: no field `on_changed` on type `&mut Property`
[INFO] [stdout]   --> examples/hive.rs:19:15
[INFO] [stdout]    |
[INFO] [stdout] 19 |             p.on_changed.connect(|v|{
[INFO] [stdout]    |               ^^^^^^^^^^ unknown field
[INFO] [stdout]    |
[INFO] [stdout]    = note: available fields are: `value`, `stream`, `args`
[INFO] [stdout] 
[INFO] [stdout] 
[INFO] [stdout] error[E0599]: no method named `set` found for mutable reference `&mut Property` in the current scope
[INFO] [stdout]   --> examples/hive.rs:23:15
[INFO] [stdout]    |
[INFO] [stdout] 23 |             p.set("What");
[INFO] [stdout]    |               ^^^ method not found in `&mut Property`
[INFO] [stdout]    |
[INFO] [stdout]    = help: items from traits can only be used if the trait is in scope
[INFO] [stdout] help: the following trait is implemented but not in scope; perhaps add a `use` for it:
[INFO] [stdout]    |
[INFO] [stdout] 1  | use hive::property::SetProperty;
[INFO] [stdout]    |
[INFO] [stdout] 
[INFO] [stdout] 
[INFO] [stdout] warning: 2 warnings emitted
[INFO] [stdout] 
[INFO] [stdout] 
[INFO] [stdout] error[E0599]: no method named `set_str` found for mutable reference `&mut Property` in the current scope
[INFO] [stdout]   --> examples/hive.rs:24:15
[INFO] [stdout]    |
[INFO] [stdout] 24 |             p.set_str("now");
[INFO] [stdout]    |               ^^^^^^^ method not found in `&mut Property`
[INFO] [stdout] 
[INFO] [stdout] 
[INFO] [stdout] error[E0599]: no method named `set_int` found for mutable reference `&mut Property` in the current scope
[INFO] [stdout]   --> examples/hive.rs:25:15
[INFO] [stdout]    |
[INFO] [stdout] 25 |             p.set_int(6);
[INFO] [stdout]    |               ^^^^^^^ method not found in `&mut Property`
[INFO] [stdout] 
[INFO] [stdout] 
[INFO] [stdout] error[E0599]: no method named `set_int` found for mutable reference `&mut Property` in the current scope
[INFO] [stdout]   --> examples/hive.rs:26:15
[INFO] [stdout]    |
[INFO] [stdout] 26 |             p.set_int(6);
[INFO] [stdout]    |               ^^^^^^^ method not found in `&mut Property`
[INFO] [stdout] 
[INFO] [stdout] 
[INFO] [stdout] error[E0599]: no method named `set_bool` found for mutable reference `&mut Property` in the current scope
[INFO] [stdout]   --> examples/hive.rs:27:15
[INFO] [stdout]    |
[INFO] [stdout] 27 |             p.set_bool(true);
[INFO] [stdout]    |               ^^^^^^^^ method not found in `&mut Property`
[INFO] [stdout] 
[INFO] [stdout] 
[INFO] [stdout] error: aborting due to 7 previous errors
[INFO] [stdout] 
[INFO] [stdout] 
[INFO] [stdout] Some errors have detailed explanations: E0599, E0609.
[INFO] [stdout] 
[INFO] [stdout] For more information about an error, try `rustc --explain E0599`.
[INFO] [stdout] 
[INFO] [stdout] warning: variable `thingValue` should have a snake case name
[INFO] [stdout]   --> tests/streams.rs:35:9
[INFO] [stdout]    |
[INFO] [stdout] 35 |     let thingValue = Arc::new(AtomicUsize::new(0));
[INFO] [stdout]    |         ^^^^^^^^^^ help: convert the identifier to snake case: `thing_value`
[INFO] [stdout]    |
[INFO] [stdout]    = note: `#[warn(non_snake_case)]` on by default
[INFO] [stdout] 
[INFO] [stdout] 
[INFO] [stdout] warning: variable `thingValue_1` should have a snake case name
[INFO] [stdout]   --> tests/streams.rs:36:9
[INFO] [stdout]    |
[INFO] [stdout] 36 |     let thingValue_1 = thingValue.clone();
[INFO] [stdout]    |         ^^^^^^^^^^^^ help: convert the identifier to snake case: `thing_value_1`
[INFO] [stdout] 
[INFO] [stdout] 
[INFO] [stdout] warning: 2 warnings emitted
[INFO] [stdout] 
[INFO] [stdout] 
[INFO] [stdout] error[E0308]: mismatched types
[INFO] [stdout]   --> examples/play.rs:59:32
[INFO] [stdout]    |
[INFO] [stdout] 59 |             return Poll::Ready(ss);
[INFO] [stdout]    |                                ^^ expected enum `Value`, found struct `PropertyValue`
[INFO] [stdout]    |
[INFO] [stdout]    = note: expected enum `Option<Value>`
[INFO] [stdout]               found enum `Option<PropertyValue>`
[INFO] [stdout] 
[INFO] [stdout] 
[INFO] [stdout] error: aborting due to previous error
[INFO] [stdout] 
[INFO] [stdout] 
[INFO] [stdout] For more information about this error, try `rustc --explain E0308`.
[INFO] [stdout] 
[INFO] [stderr] error: build failed
[INFO] running `Command { std: "docker" "inspect" "347efc44747217080e8c9a20ab0f4a349e9e59860ef72d56f8a89351d276957d", kill_on_drop: false }`
[INFO] running `Command { std: "docker" "rm" "-f" "347efc44747217080e8c9a20ab0f4a349e9e59860ef72d56f8a89351d276957d", kill_on_drop: false }`
[INFO] [stdout] 347efc44747217080e8c9a20ab0f4a349e9e59860ef72d56f8a89351d276957d
