[INFO] cloning repository https://github.com/LoganDc521/alacritty-alacritty
[INFO] running `Command { std: "git" "-c" "credential.helper=" "-c" "credential.helper=/workspace/cargo-home/bin/git-credential-null" "clone" "--bare" "https://github.com/LoganDc521/alacritty-alacritty" "/workspace/cache/git-repos/https%3A%2F%2Fgithub.com%2FLoganDc521%2Falacritty-alacritty", kill_on_drop: false }`
[INFO] [stderr] Cloning into bare repository '/workspace/cache/git-repos/https%3A%2F%2Fgithub.com%2FLoganDc521%2Falacritty-alacritty'...
[INFO] running `Command { std: "git" "rev-parse" "HEAD", kill_on_drop: false }`
[INFO] [stdout] b920d5d424d969d215f23be6ff37c2611b7c4bcf
[INFO] checking LoganDc521/alacritty-alacritty against beta-2021-10-15 for beta-1.56-3
[INFO] running `Command { std: "git" "clone" "/workspace/cache/git-repos/https%3A%2F%2Fgithub.com%2FLoganDc521%2Falacritty-alacritty" "/workspace/builds/worker-47/source", kill_on_drop: false }`
[INFO] [stderr] Cloning into '/workspace/builds/worker-47/source'...
[INFO] [stderr] done.
[INFO] validating manifest of git repo https://github.com/LoganDc521/alacritty-alacritty on toolchain beta-2021-10-15
[INFO] running `Command { std: "/workspace/cargo-home/bin/cargo" "+beta-2021-10-15" "metadata" "--manifest-path" "Cargo.toml" "--no-deps", kill_on_drop: false }`
[INFO] started tweaking git repo https://github.com/LoganDc521/alacritty-alacritty
[INFO] finished tweaking git repo https://github.com/LoganDc521/alacritty-alacritty
[INFO] tweaked toml for git repo https://github.com/LoganDc521/alacritty-alacritty written to /workspace/builds/worker-47/source/Cargo.toml
[INFO] crate git repo https://github.com/LoganDc521/alacritty-alacritty already has a lockfile, it will not be regenerated
[INFO] running `Command { std: "/workspace/cargo-home/bin/cargo" "+beta-2021-10-15" "fetch" "--manifest-path" "Cargo.toml", kill_on_drop: false }`
[INFO] [stderr]     Blocking waiting for file lock on package cache
[INFO] [stderr]     Updating git repository `https://github.com/jwilm/glutin`
[INFO] [stderr]     Updating git repository `https://github.com/jwilm/rust-fontconfig`
[INFO] [stderr]     Updating git repository `https://github.com/jwilm/libfontconfig`
[INFO] [stderr]     Blocking waiting for file lock on package cache
[INFO] [stderr]  Downloading crates ...
[INFO] [stderr]   Downloaded fs2 v0.2.5
[INFO] [stderr]   Downloaded gdi32-sys v0.1.1
[INFO] [stderr]   Downloaded cocoa v0.3.3
[INFO] [stderr]   Downloaded bitflags v0.6.0
[INFO] [stderr]   Downloaded toml v0.1.30
[INFO] [stderr]   Downloaded unicode-normalization v0.1.2
[INFO] [stderr]   Downloaded net2 v0.2.26
[INFO] [stderr]   Downloaded nix v0.7.0
[INFO] [stderr]   Downloaded phf_codegen v0.7.20
[INFO] [stderr]   Downloaded heapsize v0.3.7
[INFO] [stderr]   Downloaded core-text v1.1.1
[INFO] [stderr]   Downloaded shell32-sys v0.1.1
[INFO] [stderr]   Downloaded dwmapi-sys v0.1.0
[INFO] [stderr]   Downloaded core-foundation v0.2.2
[INFO] [stderr]   Downloaded bitflags v0.3.3
[INFO] [stderr]   Downloaded clippy v0.0.104
[INFO] [stderr]   Downloaded tempfile v2.1.4
[INFO] [stderr]   Downloaded unicode-xid v0.0.3
[INFO] [stderr]   Downloaded serde_derive v0.8.19
[INFO] [stderr]   Downloaded freetype-sys v0.4.0
[INFO] [stderr]   Downloaded libz-sys v1.0.10
[INFO] [stderr]   Downloaded vte v0.1.2
[INFO] [stderr]   Downloaded core-graphics v0.3.2
[INFO] [stderr]   Downloaded serde v0.8.19
[INFO] [stderr]   Downloaded parking_lot_core v0.2.0
[INFO] [stderr]   Downloaded miow v0.1.4
[INFO] [stderr]   Downloaded syn v0.10.3
[INFO] [stderr]   Downloaded parking_lot v0.3.6
[INFO] [stderr]   Downloaded serde_test v0.8.19
[INFO] [stderr]   Downloaded xdg v2.0.0
[INFO] [stderr]   Downloaded serde_json v0.8.4
[INFO] [stderr]   Downloaded cmake v0.1.19
[INFO] [stderr]   Downloaded gcc v0.3.40
[INFO] [stderr]   Downloaded android_glue v0.2.1
[INFO] [stderr]   Downloaded gleam v0.2.29
[INFO] [stderr]   Downloaded cgl v0.1.5
[INFO] [stderr]   Downloaded owning_ref v0.2.2
[INFO] [stderr]   Downloaded core-foundation-sys v0.2.2
[INFO] [stderr]   Downloaded serde_codegen_internals v0.11.1
[INFO] [stderr]   Downloaded shared_library v0.1.5
[INFO] [stderr]   Downloaded serde_codegen v0.8.19
[INFO] [stderr]   Downloaded user32-sys v0.1.2
[INFO] [stderr]   Downloaded memmap v0.2.3
[INFO] [stderr]   Downloaded wayland-kbd v0.3.6
[INFO] [stderr]   Downloaded crossbeam v0.2.10
[INFO] [stderr]   Downloaded xml-rs v0.3.5
[INFO] [stderr]   Downloaded expat-sys v2.1.4
[INFO] [stderr]   Downloaded phf_generator v0.7.20
[INFO] [stderr]   Downloaded phf_shared v0.7.20
[INFO] [stderr]   Downloaded wayland-sys v0.5.11
[INFO] [stderr]   Downloaded target_build_utils v0.1.2
[INFO] [stderr]   Downloaded wayland-client v0.5.12
[INFO] [stderr]   Downloaded wayland-window v0.2.3
[INFO] [stderr]   Downloaded pkg-config v0.3.8
[INFO] [stderr]   Downloaded x11-dl v2.11.0
[INFO] [stderr]   Downloaded lazycell v0.4.0
[INFO] [stderr]   Downloaded slab v0.3.0
[INFO] [stderr]   Downloaded filetime v0.1.10
[INFO] [stderr]   Downloaded fsevent v0.2.15
[INFO] [stderr]   Downloaded fsevent-sys v0.1.5
[INFO] [stderr]   Downloaded inotify v0.2.3
[INFO] [stderr]   Downloaded log v0.3.6
[INFO] [stderr]   Downloaded notify v2.6.3
[INFO] [stderr]   Downloaded slab v0.1.3
[INFO] [stderr]   Downloaded mio v0.5.1
[INFO] [stderr]   Downloaded walkdir v0.1.8
[INFO] [stderr]   Downloaded smallvec v0.1.8
[INFO] [stderr]   Downloaded quote v0.3.10
[INFO] [stderr]   Downloaded objc_id v0.1.0
[INFO] [stderr]   Downloaded euclid v0.6.8
[INFO] [stderr]   Downloaded freetype-rs v0.9.0
[INFO] [stderr]   Downloaded serde v0.7.15
[INFO] [stderr]   Downloaded gl_generator v0.5.2
[INFO] [stderr]   Downloaded objc v0.2.2
[INFO] running `Command { std: "docker" "create" "-v" "/var/lib/crater-agent-workspace/builds/worker-47/target:/opt/rustwide/target:rw,Z" "-v" "/var/lib/crater-agent-workspace/builds/worker-47/source:/opt/rustwide/workdir:ro,Z" "-v" "/var/lib/crater-agent-workspace/cargo-home:/opt/rustwide/cargo-home:ro,Z" "-v" "/var/lib/crater-agent-workspace/rustup-home:/opt/rustwide/rustup-home:ro,Z" "-e" "SOURCE_DIR=/opt/rustwide/workdir" "-e" "CARGO_TARGET_DIR=/opt/rustwide/target" "-e" "CARGO_HOME=/opt/rustwide/cargo-home" "-e" "RUSTUP_HOME=/opt/rustwide/rustup-home" "-w" "/opt/rustwide/workdir" "-m" "1610612736" "--user" "0:0" "--network" "none" "ghcr.io/rust-lang/crates-build-env/linux@sha256:a89201d6b5b9fd45c15d5952ece0a0129e7e80cb26ec023fd59cf09bc26f1604" "/opt/rustwide/cargo-home/bin/cargo" "+beta-2021-10-15" "metadata" "--no-deps" "--format-version=1", kill_on_drop: false }`
[INFO] [stdout] 9db71e647b744b14f682c84cfe142ca812ac4b138286f8f89ae5487726379a26
[INFO] running `Command { std: "docker" "start" "-a" "9db71e647b744b14f682c84cfe142ca812ac4b138286f8f89ae5487726379a26", kill_on_drop: false }`
[INFO] running `Command { std: "docker" "inspect" "9db71e647b744b14f682c84cfe142ca812ac4b138286f8f89ae5487726379a26", kill_on_drop: false }`
[INFO] running `Command { std: "docker" "rm" "-f" "9db71e647b744b14f682c84cfe142ca812ac4b138286f8f89ae5487726379a26", kill_on_drop: false }`
[INFO] [stdout] 9db71e647b744b14f682c84cfe142ca812ac4b138286f8f89ae5487726379a26
[INFO] running `Command { std: "docker" "create" "-v" "/var/lib/crater-agent-workspace/builds/worker-47/target:/opt/rustwide/target:rw,Z" "-v" "/var/lib/crater-agent-workspace/builds/worker-47/source:/opt/rustwide/workdir:ro,Z" "-v" "/var/lib/crater-agent-workspace/cargo-home:/opt/rustwide/cargo-home:ro,Z" "-v" "/var/lib/crater-agent-workspace/rustup-home:/opt/rustwide/rustup-home:ro,Z" "-e" "SOURCE_DIR=/opt/rustwide/workdir" "-e" "CARGO_TARGET_DIR=/opt/rustwide/target" "-e" "CARGO_INCREMENTAL=0" "-e" "RUST_BACKTRACE=full" "-e" "RUSTFLAGS=--cap-lints=warn" "-e" "CARGO_HOME=/opt/rustwide/cargo-home" "-e" "RUSTUP_HOME=/opt/rustwide/rustup-home" "-w" "/opt/rustwide/workdir" "-m" "1610612736" "--user" "0:0" "--network" "none" "ghcr.io/rust-lang/crates-build-env/linux@sha256:a89201d6b5b9fd45c15d5952ece0a0129e7e80cb26ec023fd59cf09bc26f1604" "/opt/rustwide/cargo-home/bin/cargo" "+beta-2021-10-15" "check" "--frozen" "--all" "--all-targets" "--message-format=json", kill_on_drop: false }`
[INFO] [stdout] 1d045f6dc5a6fc562258060ad43a5c475ef8a7c43550c82462b41447f08fe2dd
[INFO] running `Command { std: "docker" "start" "-a" "1d045f6dc5a6fc562258060ad43a5c475ef8a7c43550c82462b41447f08fe2dd", kill_on_drop: false }`
[INFO] [stderr]     Blocking waiting for file lock on package cache
[INFO] [stderr]     Checking libc v0.2.18
[INFO] [stderr]    Compiling phf_shared v0.7.20
[INFO] [stderr]    Compiling gcc v0.3.40
[INFO] [stderr]    Compiling serde v0.8.19
[INFO] [stderr]     Checking rustc-serialize v0.3.22
[INFO] [stderr]    Compiling quote v0.3.10
[INFO] [stderr]    Compiling unicode-xid v0.0.3
[INFO] [stderr]    Compiling heapsize v0.3.7
[INFO] [stderr]     Checking slab v0.1.3
[INFO] [stderr]     Checking bytes v0.3.0
[INFO] [stderr]     Checking serde v0.7.15
[INFO] [stderr]     Checking bitflags v0.6.0
[INFO] [stderr]     Checking void v1.0.2
[INFO] [stderr]     Checking utf8parse v0.1.0
[INFO] [stderr]     Checking owning_ref v0.2.2
[INFO] [stderr]     Checking ffi-util v0.1.0 (/opt/rustwide/workdir/ffi-util)
[INFO] [stderr]     Checking lazycell v0.4.0
[INFO] [stderr]     Checking slab v0.3.0
[INFO] [stderr]     Checking copypasta v0.0.1 (/opt/rustwide/workdir/copypasta)
[INFO] [stderr]     Checking xdg v2.0.0
[INFO] [stderr]    Compiling xml-rs v0.3.5
[INFO] [stderr]    Compiling freetype-sys v0.4.0
[INFO] [stderr]     Checking num-integer v0.1.32
[INFO] [stderr]    Compiling ws2_32-sys v0.2.1
[INFO] [stderr]    Compiling servo-fontconfig-sys v2.11.3 (https://github.com/jwilm/libfontconfig#618a5297)
[INFO] [stderr]    Compiling x11-dl v2.11.0
[INFO] [stderr]    Compiling kernel32-sys v0.2.2
[INFO] [stderr]    Compiling tempfile v2.1.4
[INFO] [stderr]    Compiling nix v0.7.0
[INFO] [stderr]     Checking rand v0.3.15
[INFO] [stderr]     Checking net2 v0.2.26
[INFO] [stderr]     Checking shared_library v0.1.5
[INFO] [stderr]     Checking nix v0.5.1
[INFO] [stderr]     Checking filetime v0.1.10
[INFO] [stderr]     Checking inotify v0.2.3
[INFO] [stderr]     Checking errno v0.1.8
[INFO] [stdout] warning: trait objects without an explicit `dyn` are deprecated
[INFO] [stdout]   --> copypasta/src/x11.rs:28:32
[INFO] [stdout]    |
[INFO] [stdout] 28 |     fn cause(&self) -> Option<&::std::error::Error> {
[INFO] [stdout]    |                                ^^^^^^^^^^^^^^^^^^^ help: use `dyn`: `dyn (::std::error::Error)`
[INFO] [stdout]    |
[INFO] [stdout]    = note: `#[warn(bare_trait_objects)]` on by default
[INFO] [stdout]    = warning: this is accepted in the current edition (Rust 2015) but is a hard error in Rust 2021!
[INFO] [stdout]    = note: for more information, see <https://doc.rust-lang.org/nightly/edition-guide/rust-2021/warnings-promoted-to-error.html>
[INFO] [stdout] 
[INFO] [stdout] 
[INFO] [stdout] warning: the item `Command` is imported redundantly
[INFO] [stdout]    --> copypasta/src/x11.rs:132:28
[INFO] [stdout]     |
[INFO] [stdout] 11  | use std::process::{Output, Command};
[INFO] [stdout]     |                            ------- the item `Command` is already imported here
[INFO] [stdout] ...
[INFO] [stdout] 132 |         use std::process::{Command, Stdio};
[INFO] [stdout]     |                            ^^^^^^^
[INFO] [stdout]     |
[INFO] [stdout]     = note: `#[warn(unused_imports)]` on by default
[INFO] [stdout] 
[INFO] [stdout] 
[INFO] [stdout] warning: variable does not need to be mutable
[INFO] [stdout]    --> copypasta/src/x11.rs:140:21
[INFO] [stdout]     |
[INFO] [stdout] 140 |         if let Some(mut stdin) = child.stdin.as_mut() {
[INFO] [stdout]     |                     ----^^^^^
[INFO] [stdout]     |                     |
[INFO] [stdout]     |                     help: remove this `mut`
[INFO] [stdout]     |
[INFO] [stdout]     = note: `#[warn(unused_mut)]` on by default
[INFO] [stdout] 
[INFO] [stdout] 
[INFO] [stderr]    Compiling phf v0.7.20
[INFO] [stderr]    Compiling cmake v0.1.19
[INFO] [stdout] warning: 3 warnings emitted
[INFO] [stdout] 
[INFO] [stdout] 
[INFO] [stderr]     Checking fs2 v0.2.5
[INFO] [stderr]     Checking time v0.1.35
[INFO] [stderr]     Checking walkdir v0.1.8
[INFO] [stderr]    Compiling libz-sys v1.0.10
[INFO] [stderr]    Compiling syn v0.10.3
[INFO] [stderr]     Checking osmesa-sys v0.1.2
[INFO] [stderr]     Checking num-iter v0.1.32
[INFO] [stderr]     Checking vte v0.1.2
[INFO] [stderr]    Compiling expat-sys v2.1.4
[INFO] [stderr]    Compiling wayland-scanner v0.5.11
[INFO] [stderr]    Compiling gl_generator v0.5.2
[INFO] [stderr]     Checking memmap v0.2.3
[INFO] [stderr]     Checking parking_lot_core v0.2.0
[INFO] [stderr]    Compiling phf_generator v0.7.20
[INFO] [stdout] error[E0557]: feature has been removed
[INFO] [stdout]   --> /opt/rustwide/cargo-home/registry/src/github.com-1ecc6299db9ec823/parking_lot_core-0.2.0/src/lib.rs:40:42
[INFO] [stdout]    |
[INFO] [stdout] 40 | #![cfg_attr(feature = "nightly", feature(const_fn))]
[INFO] [stdout]    |                                          ^^^^^^^^ feature has been removed
[INFO] [stdout]    |
[INFO] [stdout]    = note: split into finer-grained feature gates
[INFO] [stdout] 
[INFO] [stdout] 
[INFO] [stdout] error: the legacy LLVM-style asm! syntax is no longer supported
[INFO] [stdout]   --> /opt/rustwide/cargo-home/registry/src/github.com-1ecc6299db9ec823/parking_lot_core-0.2.0/src/spinwait.rs:48:13
[INFO] [stdout]    |
[INFO] [stdout] 48 |             asm!("pause" ::: "memory" : "volatile");
[INFO] [stdout]    |             ----^^^^^^^^^^^^^^^^^^^^^^^^^^^^^^^^^^^^
[INFO] [stdout]    |             |
[INFO] [stdout]    |             help: replace with: `llvm_asm!`
[INFO] [stdout]    |
[INFO] [stdout]    = note: consider migrating to the new asm! syntax specified in RFC 2873
[INFO] [stdout]    = note: alternatively, switch to llvm_asm! to keep your code working as it is
[INFO] [stdout] 
[INFO] [stdout] 
[INFO] [stdout] error[E0554]: `#![feature]` may not be used on the beta release channel
[INFO] [stdout]   --> /opt/rustwide/cargo-home/registry/src/github.com-1ecc6299db9ec823/parking_lot_core-0.2.0/src/lib.rs:40:34
[INFO] [stdout]    |
[INFO] [stdout] 40 | #![cfg_attr(feature = "nightly", feature(const_fn))]
[INFO] [stdout]    |                                  ^^^^^^^^^^^^^^^^^
[INFO] [stdout] 
[INFO] [stdout] 
[INFO] [stdout] error[E0554]: `#![feature]` may not be used on the beta release channel
[INFO] [stdout]   --> /opt/rustwide/cargo-home/registry/src/github.com-1ecc6299db9ec823/parking_lot_core-0.2.0/src/lib.rs:41:34
[INFO] [stdout]    |
[INFO] [stdout] 41 | #![cfg_attr(feature = "nightly", feature(integer_atomics))]
[INFO] [stdout]    |                                  ^^^^^^^^^^^^^^^^^^^^^^^^
[INFO] [stdout] 
[INFO] [stdout] 
[INFO] [stdout] error[E0554]: `#![feature]` may not be used on the beta release channel
[INFO] [stdout]   --> /opt/rustwide/cargo-home/registry/src/github.com-1ecc6299db9ec823/parking_lot_core-0.2.0/src/lib.rs:42:34
[INFO] [stdout]    |
[INFO] [stdout] 42 | #![cfg_attr(feature = "nightly", feature(asm))]
[INFO] [stdout]    |                                  ^^^^^^^^^^^^
[INFO] [stdout] 
[INFO] [stdout] 
[INFO] [stderr]     Checking miow v0.1.4
[INFO] [stderr]    Compiling phf_codegen v0.7.20
[INFO] [stderr]    Compiling serde_codegen_internals v0.11.1
[INFO] [stdout] error: aborting due to 5 previous errors
[INFO] [stdout] 
[INFO] [stdout] 
[INFO] [stdout] Some errors have detailed explanations: E0554, E0557.
[INFO] [stdout] 
[INFO] [stdout] For more information about an error, try `rustc --explain E0554`.
[INFO] [stdout] 
[INFO] [stderr] error: could not compile `parking_lot_core` due to 6 previous errors
[INFO] [stderr] warning: build failed, waiting for other jobs to finish...
[INFO] [stderr] error: build failed
[INFO] running `Command { std: "docker" "inspect" "1d045f6dc5a6fc562258060ad43a5c475ef8a7c43550c82462b41447f08fe2dd", kill_on_drop: false }`
[INFO] running `Command { std: "docker" "rm" "-f" "1d045f6dc5a6fc562258060ad43a5c475ef8a7c43550c82462b41447f08fe2dd", kill_on_drop: false }`
[INFO] [stdout] 1d045f6dc5a6fc562258060ad43a5c475ef8a7c43550c82462b41447f08fe2dd
