[INFO] fetching crate ztop 0.1.1...
[INFO] checking ztop-0.1.1 against beta-2021-10-15 for beta-1.56-3
[INFO] extracting crate ztop 0.1.1 into /workspace/builds/worker-59/source
[INFO] validating manifest of crates.io crate ztop 0.1.1 on toolchain beta-2021-10-15
[INFO] running `Command { std: "/workspace/cargo-home/bin/cargo" "+beta-2021-10-15" "metadata" "--manifest-path" "Cargo.toml" "--no-deps", kill_on_drop: false }`
[INFO] started tweaking crates.io crate ztop 0.1.1
[INFO] finished tweaking crates.io crate ztop 0.1.1
[INFO] tweaked toml for crates.io crate ztop 0.1.1 written to /workspace/builds/worker-59/source/Cargo.toml
[INFO] crate crates.io crate ztop 0.1.1 already has a lockfile, it will not be regenerated
[INFO] running `Command { std: "/workspace/cargo-home/bin/cargo" "+beta-2021-10-15" "fetch" "--manifest-path" "Cargo.toml", kill_on_drop: false }`
[INFO] [stderr]     Blocking waiting for file lock on package cache
[INFO] [stderr]  Downloading crates ...
[INFO] [stderr]   Downloaded sysctl v0.4.2
[INFO] [stderr]   Downloaded tui v0.15.0
[INFO] [stderr]   Downloaded humanize-rs v0.1.5
[INFO] running `Command { std: "docker" "create" "-v" "/var/lib/crater-agent-workspace/builds/worker-59/target:/opt/rustwide/target:rw,Z" "-v" "/var/lib/crater-agent-workspace/builds/worker-59/source:/opt/rustwide/workdir:ro,Z" "-v" "/var/lib/crater-agent-workspace/cargo-home:/opt/rustwide/cargo-home:ro,Z" "-v" "/var/lib/crater-agent-workspace/rustup-home:/opt/rustwide/rustup-home:ro,Z" "-e" "SOURCE_DIR=/opt/rustwide/workdir" "-e" "CARGO_TARGET_DIR=/opt/rustwide/target" "-e" "CARGO_HOME=/opt/rustwide/cargo-home" "-e" "RUSTUP_HOME=/opt/rustwide/rustup-home" "-w" "/opt/rustwide/workdir" "-m" "1610612736" "--user" "0:0" "--network" "none" "ghcr.io/rust-lang/crates-build-env/linux@sha256:a89201d6b5b9fd45c15d5952ece0a0129e7e80cb26ec023fd59cf09bc26f1604" "/opt/rustwide/cargo-home/bin/cargo" "+beta-2021-10-15" "metadata" "--no-deps" "--format-version=1", kill_on_drop: false }`
[INFO] [stdout] 9f7f6bb7dc80ee039148d95ae7a075b33d4bb1d5bb8f7fb42ef0d62e204db805
[INFO] running `Command { std: "docker" "start" "-a" "9f7f6bb7dc80ee039148d95ae7a075b33d4bb1d5bb8f7fb42ef0d62e204db805", kill_on_drop: false }`
[INFO] running `Command { std: "docker" "inspect" "9f7f6bb7dc80ee039148d95ae7a075b33d4bb1d5bb8f7fb42ef0d62e204db805", kill_on_drop: false }`
[INFO] running `Command { std: "docker" "rm" "-f" "9f7f6bb7dc80ee039148d95ae7a075b33d4bb1d5bb8f7fb42ef0d62e204db805", kill_on_drop: false }`
[INFO] [stdout] 9f7f6bb7dc80ee039148d95ae7a075b33d4bb1d5bb8f7fb42ef0d62e204db805
[INFO] running `Command { std: "docker" "create" "-v" "/var/lib/crater-agent-workspace/builds/worker-59/target:/opt/rustwide/target:rw,Z" "-v" "/var/lib/crater-agent-workspace/builds/worker-59/source:/opt/rustwide/workdir:ro,Z" "-v" "/var/lib/crater-agent-workspace/cargo-home:/opt/rustwide/cargo-home:ro,Z" "-v" "/var/lib/crater-agent-workspace/rustup-home:/opt/rustwide/rustup-home:ro,Z" "-e" "SOURCE_DIR=/opt/rustwide/workdir" "-e" "CARGO_TARGET_DIR=/opt/rustwide/target" "-e" "CARGO_INCREMENTAL=0" "-e" "RUST_BACKTRACE=full" "-e" "RUSTFLAGS=--cap-lints=warn" "-e" "CARGO_HOME=/opt/rustwide/cargo-home" "-e" "RUSTUP_HOME=/opt/rustwide/rustup-home" "-w" "/opt/rustwide/workdir" "-m" "1610612736" "--user" "0:0" "--network" "none" "ghcr.io/rust-lang/crates-build-env/linux@sha256:a89201d6b5b9fd45c15d5952ece0a0129e7e80cb26ec023fd59cf09bc26f1604" "/opt/rustwide/cargo-home/bin/cargo" "+beta-2021-10-15" "check" "--frozen" "--all" "--all-targets" "--message-format=json", kill_on_drop: false }`
[INFO] [stdout] 2c054ea87554100d2dedc6bf9494ce5b3fe16272dd3f2512249c3f2dd26ba38d
[INFO] running `Command { std: "docker" "start" "-a" "2c054ea87554100d2dedc6bf9494ce5b3fe16272dd3f2512249c3f2dd26ba38d", kill_on_drop: false }`
[INFO] [stderr]     Blocking waiting for file lock on package cache
[INFO] [stderr]    Compiling proc-macro2 v1.0.27
[INFO] [stderr]    Compiling libc v0.2.98
[INFO] [stderr]    Compiling version_check v0.9.3
[INFO] [stderr]    Compiling syn v1.0.74
[INFO] [stderr]    Compiling memchr v2.4.0
[INFO] [stderr]     Checking unicode-width v0.1.8
[INFO] [stderr]    Compiling unicode-segmentation v1.8.0
[INFO] [stderr]     Checking ansi_term v0.11.0
[INFO] [stderr]     Checking numtoa v0.1.0
[INFO] [stderr]     Checking same-file v1.0.6
[INFO] [stderr]     Checking vec_map v0.8.2
[INFO] [stderr]     Checking strsim v0.8.0
[INFO] [stderr]     Checking cassowary v0.3.0
[INFO] [stderr]     Checking humanize-rs v0.1.5
[INFO] [stderr]     Checking ieee754 v0.2.6
[INFO] [stderr]    Compiling bitflags v1.2.1
[INFO] [stderr]    Compiling memoffset v0.6.4
[INFO] [stderr]     Checking walkdir v2.3.2
[INFO] [stderr]     Checking textwrap v0.11.0
[INFO] [stderr]    Compiling heck v0.3.3
[INFO] [stderr]    Compiling proc-macro-error-attr v1.0.4
[INFO] [stderr]    Compiling proc-macro-error v1.0.4
[INFO] [stderr]    Compiling quote v1.0.9
[INFO] [stderr]     Checking aho-corasick v0.7.18
[INFO] [stderr]     Checking regex v1.5.4
[INFO] [stderr]     Checking atty v0.2.14
[INFO] [stderr]     Checking termion v1.5.6
[INFO] [stderr]     Checking nix v0.22.0
[INFO] [stderr]     Checking clap v2.33.3
[INFO] [stderr]     Checking tui v0.15.0
[INFO] [stderr]    Compiling thiserror-impl v1.0.26
[INFO] [stderr]    Compiling structopt-derive v0.4.15
[INFO] [stderr]     Checking thiserror v1.0.26
[INFO] [stderr]     Checking sysctl v0.4.2
[INFO] [stderr]     Checking structopt v0.3.22
[INFO] [stderr]     Checking ztop v0.1.1 (/opt/rustwide/workdir)
[INFO] [stdout] error[E0433]: failed to resolve: use of undeclared type `SnapshotIter`
[INFO] [stdout]   --> src/app.rs:68:9
[INFO] [stdout]    |
[INFO] [stdout] 68 |         SnapshotIter::new(pool)
[INFO] [stdout]    |         ^^^^^^^^^^^^ use of undeclared type `SnapshotIter`
[INFO] [stdout] 
[INFO] [stdout] 
[INFO] [stdout] error[E0412]: cannot find type `SnapshotIter` in this scope
[INFO] [stdout]   --> src/app.rs:67:47
[INFO] [stdout]    |
[INFO] [stdout] 28 | struct Snapshot {
[INFO] [stdout]    | --------------- similarly named struct `Snapshot` defined here
[INFO] [stdout] ...
[INFO] [stdout] 67 |     pub fn iter(pool: Option<&str>) -> Result<SnapshotIter, Box<dyn Error>> {
[INFO] [stdout]    |                                               ^^^^^^^^^^^^
[INFO] [stdout]    |
[INFO] [stdout] help: a struct with a similar name exists
[INFO] [stdout]    |
[INFO] [stdout] 67 |     pub fn iter(pool: Option<&str>) -> Result<Snapshot, Box<dyn Error>> {
[INFO] [stdout]    |                                               ~~~~~~~~
[INFO] [stdout] help: you might be missing a type parameter
[INFO] [stdout]    |
[INFO] [stdout] 38 | impl<SnapshotIter> Snapshot {
[INFO] [stdout]    |     ++++++++++++++
[INFO] [stdout] 
[INFO] [stdout] 
[INFO] [stdout] error[E0433]: failed to resolve: use of undeclared type `SnapshotIter`
[INFO] [stdout]   --> src/app.rs:68:9
[INFO] [stdout]    |
[INFO] [stdout] 68 |         SnapshotIter::new(pool)
[INFO] [stdout]    |         ^^^^^^^^^^^^ use of undeclared type `SnapshotIter`
[INFO] [stdout] 
[INFO] [stdout] 
[INFO] [stdout] error[E0412]: cannot find type `SnapshotIter` in this scope
[INFO] [stdout]   --> src/app.rs:67:47
[INFO] [stdout]    |
[INFO] [stdout] 28 | struct Snapshot {
[INFO] [stdout]    | --------------- similarly named struct `Snapshot` defined here
[INFO] [stdout] ...
[INFO] [stdout] 67 |     pub fn iter(pool: Option<&str>) -> Result<SnapshotIter, Box<dyn Error>> {
[INFO] [stdout]    |                                               ^^^^^^^^^^^^
[INFO] [stdout]    |
[INFO] [stdout] help: a struct with a similar name exists
[INFO] [stdout]    |
[INFO] [stdout] 67 |     pub fn iter(pool: Option<&str>) -> Result<Snapshot, Box<dyn Error>> {
[INFO] [stdout]    |                                               ~~~~~~~~
[INFO] [stdout] help: you might be missing a type parameter
[INFO] [stdout]    |
[INFO] [stdout] 38 | impl<SnapshotIter> Snapshot {
[INFO] [stdout]    |     ++++++++++++++
[INFO] [stdout] 
[INFO] [stdout] 
[INFO] [stdout] error[E0599]: no associated item named `CLOCK_UPTIME` found for struct `nix::time::ClockId` in the current scope
[INFO] [stdout]    --> src/app.rs:111:51
[INFO] [stdout]     |
[INFO] [stdout] 111 |             let boottime = clock_gettime(ClockId::CLOCK_UPTIME).unwrap();
[INFO] [stdout]     |                                                   ^^^^^^^^^^^^
[INFO] [stdout]     |                                                   |
[INFO] [stdout]     |                                                   associated item not found in `nix::time::ClockId`
[INFO] [stdout]     |                                                   help: there is an associated constant with a similar name: `CLOCK_BOOTTIME`
[INFO] [stdout] 
[INFO] [stdout] 
[INFO] [stdout] error[E0599]: no associated item named `CLOCK_UPTIME` found for struct `nix::time::ClockId` in the current scope
[INFO] [stdout]    --> src/app.rs:111:51
[INFO] [stdout]     |
[INFO] [stdout] 111 |             let boottime = clock_gettime(ClockId::CLOCK_UPTIME).unwrap();
[INFO] [stdout]     |                                                   ^^^^^^^^^^^^
[INFO] [stdout]     |                                                   |
[INFO] [stdout]     |                                                   associated item not found in `nix::time::ClockId`
[INFO] [stdout]     |                                                   help: there is an associated constant with a similar name: `CLOCK_BOOTTIME`
[INFO] [stdout] 
[INFO] [stdout] 
[INFO] [stdout] error: aborting due to 3 previous errors
[INFO] [stdout] 
[INFO] [stdout] 
[INFO] [stdout] error: aborting due to 3 previous errors
[INFO] [stdout] 
[INFO] [stdout] 
[INFO] [stderr] error: could not compile `ztop` due to 4 previous errors
[INFO] [stderr] warning: build failed, waiting for other jobs to finish...
[INFO] [stdout] Some errors have detailed explanations: E0412, E0433, E0599.
[INFO] [stdout] 
[INFO] [stdout] For more information about an error, try `rustc --explain E0412`.
[INFO] [stdout] 
[INFO] [stdout] Some errors have detailed explanations: E0412, E0433, E0599.
[INFO] [stdout] 
[INFO] [stdout] For more information about an error, try `rustc --explain E0412`.
[INFO] [stdout] 
[INFO] [stderr] error: build failed
[INFO] running `Command { std: "docker" "inspect" "2c054ea87554100d2dedc6bf9494ce5b3fe16272dd3f2512249c3f2dd26ba38d", kill_on_drop: false }`
[INFO] running `Command { std: "docker" "rm" "-f" "2c054ea87554100d2dedc6bf9494ce5b3fe16272dd3f2512249c3f2dd26ba38d", kill_on_drop: false }`
[INFO] [stdout] 2c054ea87554100d2dedc6bf9494ce5b3fe16272dd3f2512249c3f2dd26ba38d
