[INFO] fetching crate zmq-pw-sys 0.9.8...
[INFO] checking zmq-pw-sys-0.9.8 against 1.55.0 for beta-1.56-3
[INFO] extracting crate zmq-pw-sys 0.9.8 into /workspace/builds/worker-12/source
[INFO] validating manifest of crates.io crate zmq-pw-sys 0.9.8 on toolchain 1.55.0
[INFO] running `Command { std: "/workspace/cargo-home/bin/cargo" "+1.55.0" "metadata" "--manifest-path" "Cargo.toml" "--no-deps", kill_on_drop: false }`
[INFO] started tweaking crates.io crate zmq-pw-sys 0.9.8
[INFO] finished tweaking crates.io crate zmq-pw-sys 0.9.8
[INFO] tweaked toml for crates.io crate zmq-pw-sys 0.9.8 written to /workspace/builds/worker-12/source/Cargo.toml
[INFO] running `Command { std: "/workspace/cargo-home/bin/cargo" "+1.55.0" "generate-lockfile" "--manifest-path" "Cargo.toml" "-Zno-index-update", kill_on_drop: false }`
[INFO] running `Command { std: "/workspace/cargo-home/bin/cargo" "+1.55.0" "fetch" "--manifest-path" "Cargo.toml", kill_on_drop: false }`
[INFO] running `Command { std: "docker" "create" "-v" "/var/lib/crater-agent-workspace/builds/worker-12/target:/opt/rustwide/target:rw,Z" "-v" "/var/lib/crater-agent-workspace/builds/worker-12/source:/opt/rustwide/workdir:ro,Z" "-v" "/var/lib/crater-agent-workspace/cargo-home:/opt/rustwide/cargo-home:ro,Z" "-v" "/var/lib/crater-agent-workspace/rustup-home:/opt/rustwide/rustup-home:ro,Z" "-e" "SOURCE_DIR=/opt/rustwide/workdir" "-e" "CARGO_TARGET_DIR=/opt/rustwide/target" "-e" "CARGO_HOME=/opt/rustwide/cargo-home" "-e" "RUSTUP_HOME=/opt/rustwide/rustup-home" "-w" "/opt/rustwide/workdir" "-m" "1610612736" "--user" "0:0" "--network" "none" "ghcr.io/rust-lang/crates-build-env/linux@sha256:a89201d6b5b9fd45c15d5952ece0a0129e7e80cb26ec023fd59cf09bc26f1604" "/opt/rustwide/cargo-home/bin/cargo" "+1.55.0" "metadata" "--no-deps" "--format-version=1", kill_on_drop: false }`
[INFO] [stdout] 4c5a1b1694ff77f41be59d61adf382865d9546145cd225a9a4a0ee782eca701d
[INFO] running `Command { std: "docker" "start" "-a" "4c5a1b1694ff77f41be59d61adf382865d9546145cd225a9a4a0ee782eca701d", kill_on_drop: false }`
[INFO] running `Command { std: "docker" "inspect" "4c5a1b1694ff77f41be59d61adf382865d9546145cd225a9a4a0ee782eca701d", kill_on_drop: false }`
[INFO] running `Command { std: "docker" "rm" "-f" "4c5a1b1694ff77f41be59d61adf382865d9546145cd225a9a4a0ee782eca701d", kill_on_drop: false }`
[INFO] [stdout] 4c5a1b1694ff77f41be59d61adf382865d9546145cd225a9a4a0ee782eca701d
[INFO] running `Command { std: "docker" "create" "-v" "/var/lib/crater-agent-workspace/builds/worker-12/target:/opt/rustwide/target:rw,Z" "-v" "/var/lib/crater-agent-workspace/builds/worker-12/source:/opt/rustwide/workdir:ro,Z" "-v" "/var/lib/crater-agent-workspace/cargo-home:/opt/rustwide/cargo-home:ro,Z" "-v" "/var/lib/crater-agent-workspace/rustup-home:/opt/rustwide/rustup-home:ro,Z" "-e" "SOURCE_DIR=/opt/rustwide/workdir" "-e" "CARGO_TARGET_DIR=/opt/rustwide/target" "-e" "CARGO_INCREMENTAL=0" "-e" "RUST_BACKTRACE=full" "-e" "RUSTFLAGS=--cap-lints=warn" "-e" "CARGO_HOME=/opt/rustwide/cargo-home" "-e" "RUSTUP_HOME=/opt/rustwide/rustup-home" "-w" "/opt/rustwide/workdir" "-m" "1610612736" "--user" "0:0" "--network" "none" "ghcr.io/rust-lang/crates-build-env/linux@sha256:a89201d6b5b9fd45c15d5952ece0a0129e7e80cb26ec023fd59cf09bc26f1604" "/opt/rustwide/cargo-home/bin/cargo" "+1.55.0" "check" "--frozen" "--all" "--all-targets" "--message-format=json", kill_on_drop: false }`
[INFO] [stdout] 4ca8e16f4af9916b621dafa1b49648f464d456a981a7f7d42d162d7fe743cbc0
[INFO] running `Command { std: "docker" "start" "-a" "4ca8e16f4af9916b621dafa1b49648f464d456a981a7f7d42d162d7fe743cbc0", kill_on_drop: false }`
[INFO] [stderr]    Compiling toml v0.2.1
[INFO] [stderr]    Compiling pkg-config v0.3.20
[INFO] [stderr]    Compiling error-chain v0.10.0
[INFO] [stderr]    Compiling metadeps v1.1.2
[INFO] [stderr]    Compiling zmq-pw-sys v0.9.8 (/opt/rustwide/workdir)
[INFO] [stderr] error: failed to run custom build command for `zmq-pw-sys v0.9.8 (/opt/rustwide/workdir)`
[INFO] [stderr] 
[INFO] [stderr] Caused by:
[INFO] [stderr]   process didn't exit successfully: `/opt/rustwide/target/debug/build/zmq-pw-sys-17dc6b546a0cbeb9/build-script-build` (exit status: 101)
[INFO] [stderr]   --- stdout
[INFO] [stderr]   target=x86_64-unknown-linux-gnu
[INFO] [stderr]   searching for zmq-pw
[INFO] [stderr]   cargo:rerun-if-env-changed=ZMQ_PW_NO_PKG_CONFIG
[INFO] [stderr]   cargo:rerun-if-env-changed=PKG_CONFIG_x86_64-unknown-linux-gnu
[INFO] [stderr]   cargo:rerun-if-env-changed=PKG_CONFIG_x86_64_unknown_linux_gnu
[INFO] [stderr]   cargo:rerun-if-env-changed=HOST_PKG_CONFIG
[INFO] [stderr]   cargo:rerun-if-env-changed=PKG_CONFIG
[INFO] [stderr]   cargo:rerun-if-env-changed=ZMQ_PW_STATIC
[INFO] [stderr]   cargo:rerun-if-env-changed=ZMQ_PW_DYNAMIC
[INFO] [stderr]   cargo:rerun-if-env-changed=PKG_CONFIG_ALL_STATIC
[INFO] [stderr]   cargo:rerun-if-env-changed=PKG_CONFIG_ALL_DYNAMIC
[INFO] [stderr]   cargo:rerun-if-env-changed=PKG_CONFIG_PATH_x86_64-unknown-linux-gnu
[INFO] [stderr]   cargo:rerun-if-env-changed=PKG_CONFIG_PATH_x86_64_unknown_linux_gnu
[INFO] [stderr]   cargo:rerun-if-env-changed=HOST_PKG_CONFIG_PATH
[INFO] [stderr]   cargo:rerun-if-env-changed=PKG_CONFIG_PATH
[INFO] [stderr]   cargo:rerun-if-env-changed=PKG_CONFIG_LIBDIR_x86_64-unknown-linux-gnu
[INFO] [stderr]   cargo:rerun-if-env-changed=PKG_CONFIG_LIBDIR_x86_64_unknown_linux_gnu
[INFO] [stderr]   cargo:rerun-if-env-changed=HOST_PKG_CONFIG_LIBDIR
[INFO] [stderr]   cargo:rerun-if-env-changed=PKG_CONFIG_LIBDIR
[INFO] [stderr]   cargo:rerun-if-env-changed=PKG_CONFIG_SYSROOT_DIR_x86_64-unknown-linux-gnu
[INFO] [stderr]   cargo:rerun-if-env-changed=PKG_CONFIG_SYSROOT_DIR_x86_64_unknown_linux_gnu
[INFO] [stderr]   cargo:rerun-if-env-changed=HOST_PKG_CONFIG_SYSROOT_DIR
[INFO] [stderr]   cargo:rerun-if-env-changed=PKG_CONFIG_SYSROOT_DIR
[INFO] [stderr]   pkg-config cannot find zmq-pw
[INFO] [stderr]   error getting metadata
[INFO] [stderr]   running: "sh" "-c" "cd /opt/rustwide/target/debug/build/zmq-pw-sys-0ac4e5712888bee0/out/build && cmake -DCMAKE_BUILD_TYPE=Release -DCMAKE_INSTALL_PREFIX=/ -DCMAKE_INSTALL_LIBDIR=\"/lib\" -DCMAKE_INSTALL_INCLUDEDIR=\"/include\" -DBUILD_SHARED=OFF -DBUILD_STATIC=ON -DCMAKE_POSITION_INDEPENDENT_CODE=ON /opt/rustwide/workdir/libzmq-pw"
[INFO] [stderr]   -- The C compiler identification is GNU 9.3.0
[INFO] [stderr]   -- The CXX compiler identification is GNU 9.3.0
[INFO] [stderr]   -- Check for working C compiler: /usr/bin/cc
[INFO] [stderr]   -- Check for working C compiler: /usr/bin/cc -- works
[INFO] [stderr]   -- Detecting C compiler ABI info
[INFO] [stderr]   -- Detecting C compiler ABI info - done
[INFO] [stderr]   -- Detecting C compile features
[INFO] [stderr]   -- Detecting C compile features - done
[INFO] [stderr]   -- Check for working CXX compiler: /usr/bin/c++
[INFO] [stderr]   -- Check for working CXX compiler: /usr/bin/c++ -- works
[INFO] [stderr]   -- Detecting CXX compiler ABI info
[INFO] [stderr]   -- Detecting CXX compiler ABI info - done
[INFO] [stderr]   -- Detecting CXX compile features
[INFO] [stderr]   -- Detecting CXX compile features - done
[INFO] [stderr]   -- Performing Test COMPILER_SUPPORTS_CXX11
[INFO] [stderr]   -- Performing Test COMPILER_SUPPORTS_CXX11 - Success
[INFO] [stderr]   -- Performing Test COMPILER_SUPPORTS_C11
[INFO] [stderr]   -- Performing Test COMPILER_SUPPORTS_C11 - Success
[INFO] [stderr]   -- Using tweetnacl for CURVE security
[INFO] [stderr]   -- Looking for kqueue
[INFO] [stderr]   -- Looking for kqueue - not found
[INFO] [stderr]   -- Looking for epoll_create
[INFO] [stderr]   -- Looking for epoll_create - found
[INFO] [stderr]   -- Looking for epoll_create1
[INFO] [stderr]   -- Looking for epoll_create1 - found
[INFO] [stderr]   -- Detected epoll polling method
[INFO] [stderr]   -- Detected ZMQ Version - 4.2.3
[INFO] [stderr]   -- Looking for include file ifaddrs.h
[INFO] [stderr]   -- Looking for include file ifaddrs.h - found
[INFO] [stderr]   -- Looking for include file windows.h
[INFO] [stderr]   -- Looking for include file windows.h - not found
[INFO] [stderr]   -- Looking for include file sys/uio.h
[INFO] [stderr]   -- Looking for include file sys/uio.h - found
[INFO] [stderr]   -- Looking for include file sys/eventfd.h
[INFO] [stderr]   -- Looking for include file sys/eventfd.h - found
[INFO] [stderr]   -- Checking whether EFD_CLOEXEC is supported
[INFO] [stderr]   -- Performing Test ZMQ_HAVE_EVENTFD_CLOEXEC
[INFO] [stderr]   -- Performing Test ZMQ_HAVE_EVENTFD_CLOEXEC - Success
[INFO] [stderr]   -- Looking for fopen in ws2_32
[INFO] [stderr]   -- Looking for fopen in ws2_32 - not found
[INFO] [stderr]   -- Looking for fopen in ws2
[INFO] [stderr]   -- Looking for fopen in ws2 - not found
[INFO] [stderr]   -- Looking for fopen in rpcrt4
[INFO] [stderr]   -- Looking for fopen in rpcrt4 - not found
[INFO] [stderr]   -- Looking for fopen in iphlpapi
[INFO] [stderr]   -- Looking for fopen in iphlpapi - not found
[INFO] [stderr]   -- Looking for SO_PEERCRED
[INFO] [stderr]   -- Looking for SO_PEERCRED - found
[INFO] [stderr]   -- Looking for LOCAL_PEERCRED
[INFO] [stderr]   -- Looking for LOCAL_PEERCRED - not found
[INFO] [stderr]   -- Looking for pthread.h
[INFO] [stderr]   -- Looking for pthread.h - found
[INFO] [stderr]   -- Performing Test CMAKE_HAVE_LIBC_PTHREAD
[INFO] [stderr]   -- Performing Test CMAKE_HAVE_LIBC_PTHREAD - Failed
[INFO] [stderr]   -- Looking for pthread_create in pthreads
[INFO] [stderr]   -- Looking for pthread_create in pthreads - not found
[INFO] [stderr]   -- Looking for pthread_create in pthread
[INFO] [stderr]   -- Looking for pthread_create in pthread - found
[INFO] [stderr]   -- Found Threads: TRUE  
[INFO] [stderr]   -- Looking for clock_gettime
[INFO] [stderr]   -- Looking for clock_gettime - found
[INFO] [stderr]   -- Looking for fork
[INFO] [stderr]   -- Looking for fork - found
[INFO] [stderr]   -- Looking for gethrtime
[INFO] [stderr]   -- Looking for gethrtime - not found
[INFO] [stderr]   -- Looking for mkdtemp
[INFO] [stderr]   -- Looking for mkdtemp - found
[INFO] [stderr]   -- Performing Test HAVE_FLAG_-Wall
[INFO] [stderr]   -- Performing Test HAVE_FLAG_-Wall - Success
[INFO] [stderr]   -- Performing Test HAVE_FLAG_-Wextra
[INFO] [stderr]   -- Performing Test HAVE_FLAG_-Wextra - Success
[INFO] [stderr]   -- Performing Test HAVE_FLAG_-Wno-long-long
[INFO] [stderr]   -- Performing Test HAVE_FLAG_-Wno-long-long - Success
[INFO] [stderr]   -- Performing Test HAVE_FLAG_-Wno-uninitialized
[INFO] [stderr]   -- Performing Test HAVE_FLAG_-Wno-uninitialized - Success
[INFO] [stderr]   -- Performing Test HAVE_FLAG_-pedantic
[INFO] [stderr]   -- Performing Test HAVE_FLAG_-pedantic - Success
[INFO] [stderr]   -- Checking whether SOCK_CLOEXEC is supported
[INFO] [stderr]   -- Performing Test ZMQ_HAVE_SOCK_CLOEXEC
[INFO] [stderr]   -- Performing Test ZMQ_HAVE_SOCK_CLOEXEC - Success
[INFO] [stderr]   -- Checking whether SO_KEEPALIVE is supported
[INFO] [stderr]   -- Performing Test ZMQ_HAVE_SO_KEEPALIVE
[INFO] [stderr]   -- Performing Test ZMQ_HAVE_SO_KEEPALIVE - Success
[INFO] [stderr]   -- Checking whether TCP_KEEPCNT is supported
[INFO] [stderr]   -- Performing Test ZMQ_HAVE_TCP_KEEPCNT
[INFO] [stderr]   -- Performing Test ZMQ_HAVE_TCP_KEEPCNT - Success
[INFO] [stderr]   -- Checking whether TCP_KEEPIDLE is supported
[INFO] [stderr]   -- Performing Test ZMQ_HAVE_TCP_KEEPIDLE
[INFO] [stderr]   -- Performing Test ZMQ_HAVE_TCP_KEEPIDLE - Success
[INFO] [stderr]   -- Checking whether TCP_KEEPINTVL is supported
[INFO] [stderr]   -- Performing Test ZMQ_HAVE_TCP_KEEPINTVL
[INFO] [stderr]   -- Performing Test ZMQ_HAVE_TCP_KEEPINTVL - Success
[INFO] [stderr]   -- Checking whether TCP_KEEPALIVE is supported
[INFO] [stderr]   -- Performing Test ZMQ_HAVE_TCP_KEEPALIVE
[INFO] [stderr]   -- Performing Test ZMQ_HAVE_TCP_KEEPALIVE - Failed
[INFO] [stderr]   -- Checking whether TIPC is supported
[INFO] [stderr]   -- Performing Test ZMQ_HAVE_TIPC
[INFO] [stderr]   -- Performing Test ZMQ_HAVE_TIPC - Failed
[INFO] [stderr]   -- Checking pthread_setname signature
[INFO] [stderr]   -- Performing Test ZMQ_HAVE_PTHREAD_SETNAME_1
[INFO] [stderr]   -- Performing Test ZMQ_HAVE_PTHREAD_SETNAME_1 - Failed
[INFO] [stderr]   -- Performing Test ZMQ_HAVE_PTHREAD_SETNAME_2
[INFO] [stderr]   -- Performing Test ZMQ_HAVE_PTHREAD_SETNAME_2 - Success
[INFO] [stderr]   -- Performing Test ZMQ_HAVE_PTHREAD_SETNAME_3
[INFO] [stderr]   -- Performing Test ZMQ_HAVE_PTHREAD_SETNAME_3 - Failed
[INFO] [stderr]   -- Performing Test ZMQ_HAVE_PTHREAD_SET_NAME
[INFO] [stderr]   -- Performing Test ZMQ_HAVE_PTHREAD_SET_NAME - Failed
[INFO] [stderr]   -- Found PythonInterp: /usr/bin/python (found version "2.7.18") 
[INFO] [stderr]   -- Could NOT find AsciiDoc (missing: ASCIIDOC_EXECUTABLE) 
[INFO] [stderr]   -- Configuring done
[INFO] [stderr]   -- Generating done
[INFO] [stderr]   -- Build files have been written to: /opt/rustwide/target/debug/build/zmq-pw-sys-0ac4e5712888bee0/out/build
[INFO] [stderr]   running: "make" "-j128"
[INFO] [stderr]   Scanning dependencies of target libzmq-pw-static
[INFO] [stderr]   [  0%] Building C object CMakeFiles/libzmq-pw-static.dir/src/tweetnacl.c.o
[INFO] [stderr]   [  0%] Building CXX object CMakeFiles/libzmq-pw-static.dir/src/ctx.cpp.o
[INFO] [stderr]   [  0%] Building CXX object CMakeFiles/libzmq-pw-static.dir/src/client.cpp.o
[INFO] [stderr]   [  1%] Building CXX object CMakeFiles/libzmq-pw-static.dir/src/precompiled.cpp.o
[INFO] [stderr]   [  1%] Building CXX object CMakeFiles/libzmq-pw-static.dir/src/address.cpp.o
[INFO] [stderr]   [  2%] Building CXX object CMakeFiles/libzmq-pw-static.dir/src/clock.cpp.o
[INFO] [stderr]   [  3%] Building CXX object CMakeFiles/libzmq-pw-static.dir/src/curve_server.cpp.o
[INFO] [stderr]   [  3%] Building CXX object CMakeFiles/libzmq-pw-static.dir/src/dealer.cpp.o
[INFO] [stderr]   [  3%] Building CXX object CMakeFiles/libzmq-pw-static.dir/src/curve_client.cpp.o
[INFO] [stderr]   [  3%] Building CXX object CMakeFiles/libzmq-pw-static.dir/src/dist.cpp.o
[INFO] [stderr]   [  5%] Building CXX object CMakeFiles/libzmq-pw-static.dir/src/dgram.cpp.o
[INFO] [stderr]   [  5%] Building CXX object CMakeFiles/libzmq-pw-static.dir/src/epoll.cpp.o
[INFO] [stderr]   [  5%] Building CXX object CMakeFiles/libzmq-pw-static.dir/src/devpoll.cpp.o
[INFO] [stderr]   [  6%] Building CXX object CMakeFiles/libzmq-pw-static.dir/src/io_object.cpp.o
[INFO] [stderr]   [  6%] Building CXX object CMakeFiles/libzmq-pw-static.dir/src/fq.cpp.o
[INFO] [stderr]   [  6%] Building CXX object CMakeFiles/libzmq-pw-static.dir/src/err.cpp.o
[INFO] [stderr]   [  6%] Building CXX object CMakeFiles/libzmq-pw-static.dir/src/io_thread.cpp.o
[INFO] [stderr]   [  7%] Building CXX object CMakeFiles/libzmq-pw-static.dir/src/ipc_address.cpp.o
[INFO] [stderr]   [  7%] Building CXX object CMakeFiles/libzmq-pw-static.dir/src/ip.cpp.o
[INFO] [stderr]   [  7%] Building CXX object CMakeFiles/libzmq-pw-static.dir/src/ipc_listener.cpp.o
[INFO] [stderr]   [  8%] Building CXX object CMakeFiles/libzmq-pw-static.dir/src/ipc_connecter.cpp.o
[INFO] [stderr]   [  8%] Building CXX object CMakeFiles/libzmq-pw-static.dir/src/kqueue.cpp.o
[INFO] [stderr]   [  9%] Building CXX object CMakeFiles/libzmq-pw-static.dir/src/lb.cpp.o
[INFO] [stderr]   [ 10%] Building CXX object CMakeFiles/libzmq-pw-static.dir/src/mailbox_safe.cpp.o
[INFO] [stderr]   [ 10%] Building CXX object CMakeFiles/libzmq-pw-static.dir/src/mailbox.cpp.o
[INFO] [stderr]   [ 10%] Building CXX object CMakeFiles/libzmq-pw-static.dir/src/mechanism.cpp.o
[INFO] [stderr]   [ 10%] Building CXX object CMakeFiles/libzmq-pw-static.dir/src/mtrie.cpp.o
[INFO] [stderr]   [ 10%] Building CXX object CMakeFiles/libzmq-pw-static.dir/src/metadata.cpp.o
[INFO] [stderr]   [ 11%] Building CXX object CMakeFiles/libzmq-pw-static.dir/src/msg.cpp.o
[INFO] [stderr]   [ 12%] Building CXX object CMakeFiles/libzmq-pw-static.dir/src/object.cpp.o
[INFO] [stderr]   [ 12%] Building CXX object CMakeFiles/libzmq-pw-static.dir/src/options.cpp.o
[INFO] [stderr]   [ 13%] Building CXX object CMakeFiles/libzmq-pw-static.dir/src/pair.cpp.o
[INFO] [stderr]   [ 13%] Building CXX object CMakeFiles/libzmq-pw-static.dir/src/null_mechanism.cpp.o
[INFO] [stderr]   [ 13%] Building CXX object CMakeFiles/libzmq-pw-static.dir/src/own.cpp.o
[INFO] [stderr]   [ 14%] Building CXX object CMakeFiles/libzmq-pw-static.dir/src/pgm_receiver.cpp.o
[INFO] [stderr]   [ 14%] Building CXX object CMakeFiles/libzmq-pw-static.dir/src/pgm_socket.cpp.o
[INFO] [stderr]   [ 15%] Building CXX object CMakeFiles/libzmq-pw-static.dir/src/pgm_sender.cpp.o
[INFO] [stderr]   [ 16%] Building CXX object CMakeFiles/libzmq-pw-static.dir/src/plain_server.cpp.o
[INFO] [stderr]   [ 16%] Building CXX object CMakeFiles/libzmq-pw-static.dir/src/pipe.cpp.o
[INFO] [stderr]   [ 16%] Building CXX object CMakeFiles/libzmq-pw-static.dir/src/poller_base.cpp.o
[INFO] [stderr]   [ 16%] Building CXX object CMakeFiles/libzmq-pw-static.dir/src/plain_client.cpp.o
[INFO] [stderr]   [ 16%] Building CXX object CMakeFiles/libzmq-pw-static.dir/src/poll.cpp.o
[INFO] [stderr]   [ 17%] Building CXX object CMakeFiles/libzmq-pw-static.dir/src/pollset.cpp.o
[INFO] [stderr]   [ 18%] Building CXX object CMakeFiles/libzmq-pw-static.dir/src/pull.cpp.o
[INFO] [stderr]   [ 18%] Building CXX object CMakeFiles/libzmq-pw-static.dir/src/pub.cpp.o
[INFO] [stderr]   [ 18%] Building CXX object CMakeFiles/libzmq-pw-static.dir/src/proxy.cpp.o
[INFO] [stderr]   [ 18%] Building CXX object CMakeFiles/libzmq-pw-static.dir/src/push.cpp.o
[INFO] [stderr]   [ 19%] Building CXX object CMakeFiles/libzmq-pw-static.dir/src/random.cpp.o
[INFO] [stderr]   [ 19%] Building CXX object CMakeFiles/libzmq-pw-static.dir/src/raw_encoder.cpp.o
[INFO] [stderr]   [ 19%] Building CXX object CMakeFiles/libzmq-pw-static.dir/src/reaper.cpp.o
[INFO] [stderr]   [ 20%] Building CXX object CMakeFiles/libzmq-pw-static.dir/src/raw_decoder.cpp.o
[INFO] [stderr]   [ 20%] Building CXX object CMakeFiles/libzmq-pw-static.dir/src/rep.cpp.o
[INFO] [stderr]   [ 21%] Building CXX object CMakeFiles/libzmq-pw-static.dir/src/select.cpp.o
[INFO] [stderr]   [ 22%] Building CXX object CMakeFiles/libzmq-pw-static.dir/src/req.cpp.o
[INFO] [stderr]   [ 22%] Building CXX object CMakeFiles/libzmq-pw-static.dir/src/server.cpp.o
[INFO] [stderr]   [ 22%] Building CXX object CMakeFiles/libzmq-pw-static.dir/src/router.cpp.o
[INFO] [stderr]   [ 22%] Building CXX object CMakeFiles/libzmq-pw-static.dir/src/session_base.cpp.o
[INFO] [stderr]   [ 23%] Building CXX object CMakeFiles/libzmq-pw-static.dir/src/signaler.cpp.o
[INFO] [stderr]   [ 23%] Building CXX object CMakeFiles/libzmq-pw-static.dir/src/socket_base.cpp.o
[INFO] [stderr]   [ 24%] Building CXX object CMakeFiles/libzmq-pw-static.dir/src/stream.cpp.o
[INFO] [stderr]   [ 25%] Building CXX object CMakeFiles/libzmq-pw-static.dir/src/socks.cpp.o
[INFO] [stderr]   [ 25%] Building CXX object CMakeFiles/libzmq-pw-static.dir/src/socks_connecter.cpp.o
[INFO] [stderr]   [ 25%] Building CXX object CMakeFiles/libzmq-pw-static.dir/src/stream_engine.cpp.o
[INFO] [stderr]   [ 26%] Building CXX object CMakeFiles/libzmq-pw-static.dir/src/tcp_connecter.cpp.o
[INFO] [stderr]   [ 26%] Building CXX object CMakeFiles/libzmq-pw-static.dir/src/tcp_listener.cpp.o
[INFO] [stderr]   [ 27%] Building CXX object CMakeFiles/libzmq-pw-static.dir/src/tcp.cpp.o
[INFO] [stderr]   [ 27%] Building CXX object CMakeFiles/libzmq-pw-static.dir/src/tcp_address.cpp.o
[INFO] [stderr]   [ 27%] Building CXX object CMakeFiles/libzmq-pw-static.dir/src/sub.cpp.o
[INFO] [stderr]   [ 27%] Building CXX object CMakeFiles/libzmq-pw-static.dir/src/thread.cpp.o
[INFO] [stderr]   [ 28%] Building CXX object CMakeFiles/libzmq-pw-static.dir/src/trie.cpp.o
[INFO] [stderr]   [ 28%] Building CXX object CMakeFiles/libzmq-pw-static.dir/src/v1_decoder.cpp.o
[INFO] [stderr]   [ 29%] Building CXX object CMakeFiles/libzmq-pw-static.dir/src/v1_encoder.cpp.o
[INFO] [stderr]   [ 30%] Building CXX object CMakeFiles/libzmq-pw-static.dir/src/xpub.cpp.o
[INFO] [stderr]   [ 30%] Building CXX object CMakeFiles/libzmq-pw-static.dir/src/v2_encoder.cpp.o
[INFO] [stderr]   [ 30%] Building CXX object CMakeFiles/libzmq-pw-static.dir/src/v2_decoder.cpp.o
[INFO] [stderr]   [ 31%] Building CXX object CMakeFiles/libzmq-pw-static.dir/src/zmq.cpp.o
[INFO] [stderr]   [ 31%] Building CXX object CMakeFiles/libzmq-pw-static.dir/src/xsub.cpp.o
[INFO] [stderr]   [ 31%] Building CXX object CMakeFiles/libzmq-pw-static.dir/src/decoder_allocators.cpp.o
[INFO] [stderr]   [ 31%] Building CXX object CMakeFiles/libzmq-pw-static.dir/src/zmq_utils.cpp.o
[INFO] [stderr]   [ 32%] Building CXX object CMakeFiles/libzmq-pw-static.dir/src/timers.cpp.o
[INFO] [stderr]   [ 32%] Building CXX object CMakeFiles/libzmq-pw-static.dir/src/socket_poller.cpp.o
[INFO] [stderr]   [ 33%] Building CXX object CMakeFiles/libzmq-pw-static.dir/src/radio.cpp.o
[INFO] [stderr]   [ 33%] Building CXX object CMakeFiles/libzmq-pw-static.dir/src/dish.cpp.o
[INFO] [stderr]   [ 33%] Building CXX object CMakeFiles/libzmq-pw-static.dir/src/udp_engine.cpp.o
[INFO] [stderr]   [ 34%] Building CXX object CMakeFiles/libzmq-pw-static.dir/src/udp_address.cpp.o
[INFO] [stderr]   [ 35%] Building CXX object CMakeFiles/libzmq-pw-static.dir/src/gather.cpp.o
[INFO] [stderr]   [ 35%] Building CXX object CMakeFiles/libzmq-pw-static.dir/src/scatter.cpp.o
[INFO] [stderr] 
[INFO] [stderr]   --- stderr
[INFO] [stderr]   CMake Warning (dev) at tests/CMakeLists.txt:186 (message):
[INFO] [stderr]     Test 'test_security_gssapi' is not known to CTest.
[INFO] [stderr]   This warning is for project developers.  Use -Wno-dev to suppress it.
[INFO] [stderr] 
[INFO] [stderr]   c++: fatal error: Killed signal terminated program cc1plus
[INFO] [stderr]   compilation terminated.
[INFO] [stderr]   c++: fatal error: Killed signal terminated program cc1plus
[INFO] [stderr]   compilation terminated.
[INFO] [stderr]   make[2]: *** [CMakeFiles/libzmq-pw-static.dir/build.make:427: CMakeFiles/libzmq-pw-static.dir/src/mtrie.cpp.o] Error 1
[INFO] [stderr]   make[2]: *** Waiting for unfinished jobs....
[INFO] [stderr]   make[2]: *** [CMakeFiles/libzmq-pw-static.dir/build.make:557: CMakeFiles/libzmq-pw-static.dir/src/plain_client.cpp.o] Error 1
[INFO] [stderr]   c++: fatal error: Killed signal terminated program cc1plus
[INFO] [stderr]   compilation terminated.
[INFO] [stderr]   make[2]: *** [CMakeFiles/libzmq-pw-static.dir/build.make:167: CMakeFiles/libzmq-pw-static.dir/src/dealer.cpp.o] Error 1
[INFO] [stderr]   c++: fatal error: Killed signal terminated program cc1plus
[INFO] [stderr]   compilation terminated.
[INFO] [stderr]   make[2]: *** [CMakeFiles/libzmq-pw-static.dir/build.make:388: CMakeFiles/libzmq-pw-static.dir/src/mechanism.cpp.o] Error 1
[INFO] [stderr]   c++: fatal error: Killed signal terminated program cc1plus
[INFO] [stderr]   compilation terminated.
[INFO] [stderr]   make[2]: *** [CMakeFiles/libzmq-pw-static.dir/build.make:661: CMakeFiles/libzmq-pw-static.dir/src/push.cpp.o] Error 1
[INFO] [stderr]   c++: fatal error: Killed signal terminated program cc1plus
[INFO] [stderr]   compilation terminated.
[INFO] [stderr]   make[2]: *** [CMakeFiles/libzmq-pw-static.dir/build.make:453: CMakeFiles/libzmq-pw-static.dir/src/options.cpp.o] Error 1
[INFO] [stderr]   c++: fatal error: Killed signal terminated program cc1plus
[INFO] [stderr]   compilation terminated.
[INFO] [stderr]   make[2]: *** [CMakeFiles/libzmq-pw-static.dir/build.make:609: CMakeFiles/libzmq-pw-static.dir/src/pollset.cpp.o] Error 1
[INFO] [stderr]   c++: fatal error: Killed signal terminated program cc1plus
[INFO] [stderr]   compilation terminated.
[INFO] [stderr]   make[2]: *** [CMakeFiles/libzmq-pw-static.dir/build.make:752: CMakeFiles/libzmq-pw-static.dir/src/router.cpp.o] Error 1
[INFO] [stderr]   c++: fatal error: Killed signal terminated program cc1plus
[INFO] [stderr]   compilation terminated.
[INFO] [stderr]   make[2]: *** [CMakeFiles/libzmq-pw-static.dir/build.make:648: CMakeFiles/libzmq-pw-static.dir/src/pull.cpp.o] Error 1
[INFO] [stderr]   c++: fatal error: Killed signal terminated program cc1plus
[INFO] [stderr]   compilation terminated.
[INFO] [stderr]   make[2]: *** [CMakeFiles/libzmq-pw-static.dir/build.make:622: CMakeFiles/libzmq-pw-static.dir/src/proxy.cpp.o] Error 1
[INFO] [stderr]   c++: fatal error: Killed signal terminated program cc1plus
[INFO] [stderr]   compilation terminated.
[INFO] [stderr]   make[2]: *** [CMakeFiles/libzmq-pw-static.dir/build.make:336: CMakeFiles/libzmq-pw-static.dir/src/kqueue.cpp.o] Error 1
[INFO] [stderr]   c++: fatal error: Killed signal terminated program cc1plus
[INFO] [stderr]   compilation terminated.
[INFO] [stderr]   make[2]: *** [CMakeFiles/libzmq-pw-static.dir/build.make:271: CMakeFiles/libzmq-pw-static.dir/src/io_thread.cpp.o] Error 1
[INFO] [stderr]   c++: fatal error: Killed signal terminated program cc1plus
[INFO] [stderr]   compilation terminated.
[INFO] [stderr]   make[2]: *** [CMakeFiles/libzmq-pw-static.dir/build.make:479: CMakeFiles/libzmq-pw-static.dir/src/null_mechanism.cpp.o] Error 1
[INFO] [stderr]   c++: fatal error: Killed signal terminated program cc1plus
[INFO] [stderr]   compilation terminated.
[INFO] [stderr]   make[2]: *** [CMakeFiles/libzmq-pw-static.dir/build.make:310: CMakeFiles/libzmq-pw-static.dir/src/ipc_connecter.cpp.o] Error 1
[INFO] [stderr]   c++: fatal error: Killed signal terminated program cc1plus
[INFO] [stderr]   compilation terminated.
[INFO] [stderr]   make[2]: *** [CMakeFiles/libzmq-pw-static.dir/build.make:635: CMakeFiles/libzmq-pw-static.dir/src/pub.cpp.o] Error 1
[INFO] [stderr]   c++: fatal error: Killed signal terminated program cc1plus
[INFO] [stderr]   compilation terminated.
[INFO] [stderr]   make[2]: *** [CMakeFiles/libzmq-pw-static.dir/build.make:804: CMakeFiles/libzmq-pw-static.dir/src/signaler.cpp.o] Error 1
[INFO] [stderr]   c++: fatal error: Killed signal terminated program cc1plus
[INFO] [stderr]   compilation terminated.
[INFO] [stderr]   make[2]: *** [CMakeFiles/libzmq-pw-static.dir/build.make:89: CMakeFiles/libzmq-pw-static.dir/src/address.cpp.o] Error 1
[INFO] [stderr]   c++: fatal error: Killed signal terminated program cc1plus
[INFO] [stderr]   compilation terminated.
[INFO] [stderr]   make[2]: *** [CMakeFiles/libzmq-pw-static.dir/build.make:739: CMakeFiles/libzmq-pw-static.dir/src/req.cpp.o] Error 1
[INFO] [stderr]   c++: fatal error: Killed signal terminated program cc1plus
[INFO] [stderr]   compilation terminated.
[INFO] [stderr]   make[2]: *** [CMakeFiles/libzmq-pw-static.dir/build.make:440: CMakeFiles/libzmq-pw-static.dir/src/object.cpp.o] Error 1
[INFO] [stderr]   c++: fatal error: Killed signal terminated program cc1plus
[INFO] [stderr]   compilation terminated.
[INFO] [stderr]   make[2]: *** [CMakeFiles/libzmq-pw-static.dir/build.make:544: CMakeFiles/libzmq-pw-static.dir/src/pipe.cpp.o] Error 1
[INFO] [stderr]   c++: fatal error: Killed signal terminated program cc1plus
[INFO] [stderr]   compilation terminated.
[INFO] [stderr]   make[2]: *** [CMakeFiles/libzmq-pw-static.dir/build.make:466: CMakeFiles/libzmq-pw-static.dir/src/own.cpp.o] Error 1
[INFO] [stderr]   c++: fatal error: Killed signal terminated program cc1plus
[INFO] [stderr]   compilation terminated.
[INFO] [stderr]   make[2]: *** [CMakeFiles/libzmq-pw-static.dir/build.make:570: CMakeFiles/libzmq-pw-static.dir/src/plain_server.cpp.o] Error 1
[INFO] [stderr]   c++: fatal error: Killed signal terminated program cc1plus
[INFO] [stderr]   compilation terminated.
[INFO] [stderr]   make[2]: *** [CMakeFiles/libzmq-pw-static.dir/build.make:154: CMakeFiles/libzmq-pw-static.dir/src/curve_server.cpp.o] Error 1
[INFO] [stderr]   c++: fatal error: Killed signal terminated program cc1plus
[INFO] [stderr]   compilation terminated.
[INFO] [stderr]   make[2]: *** [CMakeFiles/libzmq-pw-static.dir/build.make:323: CMakeFiles/libzmq-pw-static.dir/src/ipc_listener.cpp.o] Error 1
[INFO] [stderr]   c++: fatal error: Killed signal terminated program cc1plus
[INFO] [stderr]   compilation terminated.
[INFO] [stderr]   make[2]: *** [CMakeFiles/libzmq-pw-static.dir/build.make:102: CMakeFiles/libzmq-pw-static.dir/src/client.cpp.o] Error 1
[INFO] [stderr]   c++: fatal error: Killed signal terminated program cc1plus
[INFO] [stderr]   compilation terminated.
[INFO] [stderr]   make[2]: *** [CMakeFiles/libzmq-pw-static.dir/build.make:141: CMakeFiles/libzmq-pw-static.dir/src/curve_client.cpp.o] Error 1
[INFO] [stderr]   c++: fatal error: Killed signal terminated program cc1plus
[INFO] [stderr]   compilation terminated.
[INFO] [stderr]   make[2]: *** [CMakeFiles/libzmq-pw-static.dir/build.make:492: CMakeFiles/libzmq-pw-static.dir/src/pair.cpp.o] Error 1
[INFO] [stderr]   c++: fatal error: Killed signal terminated program cc1plus
[INFO] [stderr]   compilation terminated.
[INFO] [stderr]   make[2]: *** [CMakeFiles/libzmq-pw-static.dir/build.make:791: CMakeFiles/libzmq-pw-static.dir/src/session_base.cpp.o] Error 1
[INFO] [stderr]   make[1]: *** [CMakeFiles/Makefile2:254: CMakeFiles/libzmq-pw-static.dir/all] Error 2
[INFO] [stderr]   make: *** [Makefile:141: all] Error 2
[INFO] [stderr]   thread 'main' panicked at 'assertion failed: cmd.stdout(Stdio::inherit()).stderr(Stdio::inherit()).status().unwrap().success()', build.rs:131:5
[INFO] [stderr]   stack backtrace:
[INFO] [stderr]      0:     0x562aaac6b2e0 - std::backtrace_rs::backtrace::libunwind::trace::ha0ad43e8a952bfe7
[INFO] [stderr]                                  at /rustc/c8dfcfe046a7680554bf4eb612bad840e7631c4b/library/std/src/../../backtrace/src/backtrace/libunwind.rs:90:5
[INFO] [stderr]      1:     0x562aaac6b2e0 - std::backtrace_rs::backtrace::trace_unsynchronized::h6830419c0c4130dc
[INFO] [stderr]                                  at /rustc/c8dfcfe046a7680554bf4eb612bad840e7631c4b/library/std/src/../../backtrace/src/backtrace/mod.rs:66:5
[INFO] [stderr]      2:     0x562aaac6b2e0 - std::sys_common::backtrace::_print_fmt::h8f3516631ffa1ef5
[INFO] [stderr]                                  at /rustc/c8dfcfe046a7680554bf4eb612bad840e7631c4b/library/std/src/sys_common/backtrace.rs:67:5
[INFO] [stderr]      3:     0x562aaac6b2e0 - <std::sys_common::backtrace::_print::DisplayBacktrace as core::fmt::Display>::fmt::he1640d5f0d93f618
[INFO] [stderr]                                  at /rustc/c8dfcfe046a7680554bf4eb612bad840e7631c4b/library/std/src/sys_common/backtrace.rs:46:22
[INFO] [stderr]      4:     0x562aaac8a25c - core::fmt::write::h88012e1f01caeebf
[INFO] [stderr]                                  at /rustc/c8dfcfe046a7680554bf4eb612bad840e7631c4b/library/core/src/fmt/mod.rs:1115:17
[INFO] [stderr]      5:     0x562aaac68775 - std::io::Write::write_fmt::h360fa85b30182555
[INFO] [stderr]                                  at /rustc/c8dfcfe046a7680554bf4eb612bad840e7631c4b/library/std/src/io/mod.rs:1665:15
[INFO] [stderr]      6:     0x562aaac6d53b - std::sys_common::backtrace::_print::ha1f00492f406a015
[INFO] [stderr]                                  at /rustc/c8dfcfe046a7680554bf4eb612bad840e7631c4b/library/std/src/sys_common/backtrace.rs:49:5
[INFO] [stderr]      7:     0x562aaac6d53b - std::sys_common::backtrace::print::hd54561b13feb6af3
[INFO] [stderr]                                  at /rustc/c8dfcfe046a7680554bf4eb612bad840e7631c4b/library/std/src/sys_common/backtrace.rs:36:9
[INFO] [stderr]      8:     0x562aaac6d53b - std::panicking::default_hook::{{closure}}::h84fe124cd0864662
[INFO] [stderr]                                  at /rustc/c8dfcfe046a7680554bf4eb612bad840e7631c4b/library/std/src/panicking.rs:208:50
[INFO] [stderr]      9:     0x562aaac6d011 - std::panicking::default_hook::h5a8e74a76ce290a7
[INFO] [stderr]                                  at /rustc/c8dfcfe046a7680554bf4eb612bad840e7631c4b/library/std/src/panicking.rs:225:9
[INFO] [stderr]     10:     0x562aaac6dc04 - std::panicking::rust_panic_with_hook::h67c812a4fe9d4c91
[INFO] [stderr]                                  at /rustc/c8dfcfe046a7680554bf4eb612bad840e7631c4b/library/std/src/panicking.rs:622:17
[INFO] [stderr]     11:     0x562aaac6d6b7 - std::panicking::begin_panic_handler::{{closure}}::h33f9c1b96af300d7
[INFO] [stderr]                                  at /rustc/c8dfcfe046a7680554bf4eb612bad840e7631c4b/library/std/src/panicking.rs:517:13
[INFO] [stderr]     12:     0x562aaac6b7dc - std::sys_common::backtrace::__rust_end_short_backtrace::h51bae64be5921f0e
[INFO] [stderr]                                  at /rustc/c8dfcfe046a7680554bf4eb612bad840e7631c4b/library/std/src/sys_common/backtrace.rs:141:18
[INFO] [stderr]     13:     0x562aaac6d649 - rust_begin_unwind
[INFO] [stderr]                                  at /rustc/c8dfcfe046a7680554bf4eb612bad840e7631c4b/library/std/src/panicking.rs:515:5
[INFO] [stderr]     14:     0x562aaac28271 - core::panicking::panic_fmt::h12a3a3c256485fca
[INFO] [stderr]                                  at /rustc/c8dfcfe046a7680554bf4eb612bad840e7631c4b/library/core/src/panicking.rs:92:14
[INFO] [stderr]     15:     0x562aaac281bd - core::panicking::panic::h344f23ad26057b48
[INFO] [stderr]                                  at /rustc/c8dfcfe046a7680554bf4eb612bad840e7631c4b/library/core/src/panicking.rs:50:5
[INFO] [stderr]     16:     0x562aaac2b6b4 - build_script_build::run::h3285607abc31e64b
[INFO] [stderr]                                  at /opt/rustwide/workdir/build.rs:131:5
[INFO] [stderr]     17:     0x562aaac2a920 - build_script_build::main::hcd87664d76d8c46b
[INFO] [stderr]                                  at /opt/rustwide/workdir/build.rs:102:5
[INFO] [stderr]     18:     0x562aaac2d32b - core::ops::function::FnOnce::call_once::h815916f6b49f3f94
[INFO] [stderr]                                  at /rustc/c8dfcfe046a7680554bf4eb612bad840e7631c4b/library/core/src/ops/function.rs:227:5
[INFO] [stderr]     19:     0x562aaac2c1fe - std::sys_common::backtrace::__rust_begin_short_backtrace::h62f0d1f0c6e0b8c0
[INFO] [stderr]                                  at /rustc/c8dfcfe046a7680554bf4eb612bad840e7631c4b/library/std/src/sys_common/backtrace.rs:125:18
[INFO] [stderr]     20:     0x562aaac2c1d1 - std::rt::lang_start::{{closure}}::h6b7174cc05cc29df
[INFO] [stderr]                                  at /rustc/c8dfcfe046a7680554bf4eb612bad840e7631c4b/library/std/src/rt.rs:63:18
[INFO] [stderr]     21:     0x562aaac6e10a - core::ops::function::impls::<impl core::ops::function::FnOnce<A> for &F>::call_once::ha9408abe89f69dc4
[INFO] [stderr]                                  at /rustc/c8dfcfe046a7680554bf4eb612bad840e7631c4b/library/core/src/ops/function.rs:259:13
[INFO] [stderr]     22:     0x562aaac6e10a - std::panicking::try::do_call::h5b0cc9e9102acb65
[INFO] [stderr]                                  at /rustc/c8dfcfe046a7680554bf4eb612bad840e7631c4b/library/std/src/panicking.rs:401:40
[INFO] [stderr]     23:     0x562aaac6e10a - std::panicking::try::hddc7f8229138b3ba
[INFO] [stderr]                                  at /rustc/c8dfcfe046a7680554bf4eb612bad840e7631c4b/library/std/src/panicking.rs:365:19
[INFO] [stderr]     24:     0x562aaac6e10a - std::panic::catch_unwind::hfa401ff8bab2986e
[INFO] [stderr]                                  at /rustc/c8dfcfe046a7680554bf4eb612bad840e7631c4b/library/std/src/panic.rs:434:14
[INFO] [stderr]     25:     0x562aaac6e10a - std::rt::lang_start_internal::{{closure}}::h8163422320d11405
[INFO] [stderr]                                  at /rustc/c8dfcfe046a7680554bf4eb612bad840e7631c4b/library/std/src/rt.rs:45:48
[INFO] [stderr]     26:     0x562aaac6e10a - std::panicking::try::do_call::hc742cc7bb4f0fb20
[INFO] [stderr]                                  at /rustc/c8dfcfe046a7680554bf4eb612bad840e7631c4b/library/std/src/panicking.rs:401:40
[INFO] [stderr]     27:     0x562aaac6e10a - std::panicking::try::ha37d8d2dd1acf7d3
[INFO] [stderr]                                  at /rustc/c8dfcfe046a7680554bf4eb612bad840e7631c4b/library/std/src/panicking.rs:365:19
[INFO] [stderr]     28:     0x562aaac6e10a - std::panic::catch_unwind::h8a5381d5ecf437bc
[INFO] [stderr]                                  at /rustc/c8dfcfe046a7680554bf4eb612bad840e7631c4b/library/std/src/panic.rs:434:14
[INFO] [stderr]     29:     0x562aaac6e10a - std::rt::lang_start_internal::h7e2cee8c90d4a4d3
[INFO] [stderr]                                  at /rustc/c8dfcfe046a7680554bf4eb612bad840e7631c4b/library/std/src/rt.rs:45:20
[INFO] [stderr]     30:     0x562aaac2c1a0 - std::rt::lang_start::hc79c93446f76216d
[INFO] [stderr]                                  at /rustc/c8dfcfe046a7680554bf4eb612bad840e7631c4b/library/std/src/rt.rs:62:5
[INFO] [stderr]     31:     0x562aaac2b6dc - main
[INFO] [stderr]     32:     0x7eff1cd9b0b3 - __libc_start_main
[INFO] [stderr]     33:     0x562aaac289ce - _start
[INFO] [stderr]     34:                0x0 - <unknown>
[INFO] running `Command { std: "docker" "inspect" "4ca8e16f4af9916b621dafa1b49648f464d456a981a7f7d42d162d7fe743cbc0", kill_on_drop: false }`
[INFO] running `Command { std: "docker" "rm" "-f" "4ca8e16f4af9916b621dafa1b49648f464d456a981a7f7d42d162d7fe743cbc0", kill_on_drop: false }`
[INFO] [stdout] 4ca8e16f4af9916b621dafa1b49648f464d456a981a7f7d42d162d7fe743cbc0
