[INFO] fetching crate zip-longest 0.1.7...
[INFO] checking zip-longest-0.1.7 against beta-2021-10-15 for beta-1.56-3
[INFO] extracting crate zip-longest 0.1.7 into /workspace/builds/worker-99/source
[INFO] validating manifest of crates.io crate zip-longest 0.1.7 on toolchain beta-2021-10-15
[INFO] running `Command { std: "/workspace/cargo-home/bin/cargo" "+beta-2021-10-15" "metadata" "--manifest-path" "Cargo.toml" "--no-deps", kill_on_drop: false }`
[INFO] started tweaking crates.io crate zip-longest 0.1.7
[INFO] finished tweaking crates.io crate zip-longest 0.1.7
[INFO] tweaked toml for crates.io crate zip-longest 0.1.7 written to /workspace/builds/worker-99/source/Cargo.toml
[INFO] running `Command { std: "/workspace/cargo-home/bin/cargo" "+beta-2021-10-15" "generate-lockfile" "--manifest-path" "Cargo.toml" "-Zno-index-update", kill_on_drop: false }`
[INFO] running `Command { std: "/workspace/cargo-home/bin/cargo" "+beta-2021-10-15" "fetch" "--manifest-path" "Cargo.toml", kill_on_drop: false }`
[INFO] running `Command { std: "docker" "create" "-v" "/var/lib/crater-agent-workspace/builds/worker-99/target:/opt/rustwide/target:rw,Z" "-v" "/var/lib/crater-agent-workspace/builds/worker-99/source:/opt/rustwide/workdir:ro,Z" "-v" "/var/lib/crater-agent-workspace/cargo-home:/opt/rustwide/cargo-home:ro,Z" "-v" "/var/lib/crater-agent-workspace/rustup-home:/opt/rustwide/rustup-home:ro,Z" "-e" "SOURCE_DIR=/opt/rustwide/workdir" "-e" "CARGO_TARGET_DIR=/opt/rustwide/target" "-e" "CARGO_HOME=/opt/rustwide/cargo-home" "-e" "RUSTUP_HOME=/opt/rustwide/rustup-home" "-w" "/opt/rustwide/workdir" "-m" "1610612736" "--user" "0:0" "--network" "none" "ghcr.io/rust-lang/crates-build-env/linux@sha256:a89201d6b5b9fd45c15d5952ece0a0129e7e80cb26ec023fd59cf09bc26f1604" "/opt/rustwide/cargo-home/bin/cargo" "+beta-2021-10-15" "metadata" "--no-deps" "--format-version=1", kill_on_drop: false }`
[INFO] [stdout] 18b8284734000c22871abaea4f8c2a3d2f1a624c156b8ef2e351a00a5009ab70
[INFO] running `Command { std: "docker" "start" "-a" "18b8284734000c22871abaea4f8c2a3d2f1a624c156b8ef2e351a00a5009ab70", kill_on_drop: false }`
[INFO] running `Command { std: "docker" "inspect" "18b8284734000c22871abaea4f8c2a3d2f1a624c156b8ef2e351a00a5009ab70", kill_on_drop: false }`
[INFO] running `Command { std: "docker" "rm" "-f" "18b8284734000c22871abaea4f8c2a3d2f1a624c156b8ef2e351a00a5009ab70", kill_on_drop: false }`
[INFO] [stdout] 18b8284734000c22871abaea4f8c2a3d2f1a624c156b8ef2e351a00a5009ab70
[INFO] running `Command { std: "docker" "create" "-v" "/var/lib/crater-agent-workspace/builds/worker-99/target:/opt/rustwide/target:rw,Z" "-v" "/var/lib/crater-agent-workspace/builds/worker-99/source:/opt/rustwide/workdir:ro,Z" "-v" "/var/lib/crater-agent-workspace/cargo-home:/opt/rustwide/cargo-home:ro,Z" "-v" "/var/lib/crater-agent-workspace/rustup-home:/opt/rustwide/rustup-home:ro,Z" "-e" "SOURCE_DIR=/opt/rustwide/workdir" "-e" "CARGO_TARGET_DIR=/opt/rustwide/target" "-e" "CARGO_INCREMENTAL=0" "-e" "RUST_BACKTRACE=full" "-e" "RUSTFLAGS=--cap-lints=warn" "-e" "CARGO_HOME=/opt/rustwide/cargo-home" "-e" "RUSTUP_HOME=/opt/rustwide/rustup-home" "-w" "/opt/rustwide/workdir" "-m" "1610612736" "--user" "0:0" "--network" "none" "ghcr.io/rust-lang/crates-build-env/linux@sha256:a89201d6b5b9fd45c15d5952ece0a0129e7e80cb26ec023fd59cf09bc26f1604" "/opt/rustwide/cargo-home/bin/cargo" "+beta-2021-10-15" "check" "--frozen" "--all" "--all-targets" "--message-format=json", kill_on_drop: false }`
[INFO] [stdout] 71c31cc8da7c69896f62987c2bf6cf8774e4172aca4e947b1ab3ee8a20b53d13
[INFO] running `Command { std: "docker" "start" "-a" "71c31cc8da7c69896f62987c2bf6cf8774e4172aca4e947b1ab3ee8a20b53d13", kill_on_drop: false }`
[INFO] [stderr]     Checking zip-longest v0.1.7 (/opt/rustwide/workdir)
[INFO] [stdout] error[E0432]: unresolved import `std::iter::RandomAccessIterator`
[INFO] [stdout]  --> lib.rs:4:5
[INFO] [stdout]   |
[INFO] [stdout] 4 | use std::iter::RandomAccessIterator;
[INFO] [stdout]   |     ^^^^^^^^^^^^^^^^^^^^^^^^^^^^^^^ no `RandomAccessIterator` in `iter`
[INFO] [stdout] 
[INFO] [stdout] 
[INFO] [stdout] error[E0554]: `#![feature]` may not be used on the beta release channel
[INFO] [stdout]  --> lib.rs:1:1
[INFO] [stdout]   |
[INFO] [stdout] 1 | #![feature(core, step_by)]
[INFO] [stdout]   | ^^^^^^^^^^^^^^^^^^^^^^^^^^
[INFO] [stdout] 
[INFO] [stdout] 
[INFO] [stdout] error: aborting due to 2 previous errors
[INFO] [stdout] 
[INFO] [stdout] 
[INFO] [stdout] Some errors have detailed explanations: E0432, E0554.
[INFO] [stdout] 
[INFO] [stdout] For more information about an error, try `rustc --explain E0432`.
[INFO] [stdout] 
[INFO] [stderr] error: could not compile `zip-longest` due to 3 previous errors
[INFO] [stdout] error[E0432]: unresolved import `std::iter::RandomAccessIterator`
[INFO] [stdout]  --> lib.rs:4:5
[INFO] [stdout]   |
[INFO] [stdout] 4 | use std::iter::RandomAccessIterator;
[INFO] [stdout]   |     ^^^^^^^^^^^^^^^^^^^^^^^^^^^^^^^ no `RandomAccessIterator` in `iter`
[INFO] [stdout] 
[INFO] [stdout] 
[INFO] [stderr] warning: build failed, waiting for other jobs to finish...
[INFO] [stdout] error[E0554]: `#![feature]` may not be used on the beta release channel
[INFO] [stdout]  --> lib.rs:1:1
[INFO] [stdout]   |
[INFO] [stdout] 1 | #![feature(core, step_by)]
[INFO] [stdout]   | ^^^^^^^^^^^^^^^^^^^^^^^^^^
[INFO] [stdout] 
[INFO] [stdout] 
[INFO] [stdout] error: aborting due to 2 previous errors
[INFO] [stdout] 
[INFO] [stdout] 
[INFO] [stdout] Some errors have detailed explanations: E0432, E0554.
[INFO] [stdout] 
[INFO] [stdout] For more information about an error, try `rustc --explain E0432`.
[INFO] [stdout] 
[INFO] [stderr] error: build failed
[INFO] running `Command { std: "docker" "inspect" "71c31cc8da7c69896f62987c2bf6cf8774e4172aca4e947b1ab3ee8a20b53d13", kill_on_drop: false }`
[INFO] running `Command { std: "docker" "rm" "-f" "71c31cc8da7c69896f62987c2bf6cf8774e4172aca4e947b1ab3ee8a20b53d13", kill_on_drop: false }`
[INFO] [stdout] 71c31cc8da7c69896f62987c2bf6cf8774e4172aca4e947b1ab3ee8a20b53d13
