[INFO] fetching crate yew-router-min 0.8.0...
[INFO] checking yew-router-min-0.8.0 against beta-2021-10-15 for beta-1.56-3
[INFO] extracting crate yew-router-min 0.8.0 into /workspace/builds/worker-13/source
[INFO] validating manifest of crates.io crate yew-router-min 0.8.0 on toolchain beta-2021-10-15
[INFO] running `Command { std: "/workspace/cargo-home/bin/cargo" "+beta-2021-10-15" "metadata" "--manifest-path" "Cargo.toml" "--no-deps", kill_on_drop: false }`
[INFO] started tweaking crates.io crate yew-router-min 0.8.0
[INFO] finished tweaking crates.io crate yew-router-min 0.8.0
[INFO] tweaked toml for crates.io crate yew-router-min 0.8.0 written to /workspace/builds/worker-13/source/Cargo.toml
[INFO] running `Command { std: "/workspace/cargo-home/bin/cargo" "+beta-2021-10-15" "generate-lockfile" "--manifest-path" "Cargo.toml" "-Zno-index-update", kill_on_drop: false }`
[INFO] running `Command { std: "/workspace/cargo-home/bin/cargo" "+beta-2021-10-15" "fetch" "--manifest-path" "Cargo.toml", kill_on_drop: false }`
[INFO] [stderr]  Downloading crates ...
[INFO] [stderr]   Downloaded yew-router-min-macro v0.8.0
[INFO] running `Command { std: "docker" "create" "-v" "/var/lib/crater-agent-workspace/builds/worker-13/target:/opt/rustwide/target:rw,Z" "-v" "/var/lib/crater-agent-workspace/builds/worker-13/source:/opt/rustwide/workdir:ro,Z" "-v" "/var/lib/crater-agent-workspace/cargo-home:/opt/rustwide/cargo-home:ro,Z" "-v" "/var/lib/crater-agent-workspace/rustup-home:/opt/rustwide/rustup-home:ro,Z" "-e" "SOURCE_DIR=/opt/rustwide/workdir" "-e" "CARGO_TARGET_DIR=/opt/rustwide/target" "-e" "CARGO_HOME=/opt/rustwide/cargo-home" "-e" "RUSTUP_HOME=/opt/rustwide/rustup-home" "-w" "/opt/rustwide/workdir" "-m" "1610612736" "--user" "0:0" "--network" "none" "ghcr.io/rust-lang/crates-build-env/linux@sha256:a89201d6b5b9fd45c15d5952ece0a0129e7e80cb26ec023fd59cf09bc26f1604" "/opt/rustwide/cargo-home/bin/cargo" "+beta-2021-10-15" "metadata" "--no-deps" "--format-version=1", kill_on_drop: false }`
[INFO] [stdout] dbe46697ab39d4badf89757ba43d2921fadea72b71710d84319ed184da49d777
[INFO] [stderr] WARNING: Your kernel does not support swap limit capabilities or the cgroup is not mounted. Memory limited without swap.
[INFO] running `Command { std: "docker" "start" "-a" "dbe46697ab39d4badf89757ba43d2921fadea72b71710d84319ed184da49d777", kill_on_drop: false }`
[INFO] running `Command { std: "docker" "inspect" "dbe46697ab39d4badf89757ba43d2921fadea72b71710d84319ed184da49d777", kill_on_drop: false }`
[INFO] running `Command { std: "docker" "rm" "-f" "dbe46697ab39d4badf89757ba43d2921fadea72b71710d84319ed184da49d777", kill_on_drop: false }`
[INFO] [stdout] dbe46697ab39d4badf89757ba43d2921fadea72b71710d84319ed184da49d777
[INFO] running `Command { std: "docker" "create" "-v" "/var/lib/crater-agent-workspace/builds/worker-13/target:/opt/rustwide/target:rw,Z" "-v" "/var/lib/crater-agent-workspace/builds/worker-13/source:/opt/rustwide/workdir:ro,Z" "-v" "/var/lib/crater-agent-workspace/cargo-home:/opt/rustwide/cargo-home:ro,Z" "-v" "/var/lib/crater-agent-workspace/rustup-home:/opt/rustwide/rustup-home:ro,Z" "-e" "SOURCE_DIR=/opt/rustwide/workdir" "-e" "CARGO_TARGET_DIR=/opt/rustwide/target" "-e" "CARGO_INCREMENTAL=0" "-e" "RUST_BACKTRACE=full" "-e" "RUSTFLAGS=--cap-lints=warn" "-e" "CARGO_HOME=/opt/rustwide/cargo-home" "-e" "RUSTUP_HOME=/opt/rustwide/rustup-home" "-w" "/opt/rustwide/workdir" "-m" "1610612736" "--user" "0:0" "--network" "none" "ghcr.io/rust-lang/crates-build-env/linux@sha256:a89201d6b5b9fd45c15d5952ece0a0129e7e80cb26ec023fd59cf09bc26f1604" "/opt/rustwide/cargo-home/bin/cargo" "+beta-2021-10-15" "check" "--frozen" "--all" "--all-targets" "--message-format=json", kill_on_drop: false }`
[INFO] [stderr] WARNING: Your kernel does not support swap limit capabilities or the cgroup is not mounted. Memory limited without swap.
[INFO] [stdout] 3c50954badb79978d190fdfa2d850bf02afd647ee2868c371a36e2f8d67e5821
[INFO] running `Command { std: "docker" "start" "-a" "3c50954badb79978d190fdfa2d850bf02afd647ee2868c371a36e2f8d67e5821", kill_on_drop: false }`
[INFO] [stderr]     Blocking waiting for file lock on package cache
[INFO] [stderr]    Compiling memchr v2.4.1
[INFO] [stderr]    Compiling lexical-core v0.7.6
[INFO] [stderr]     Checking yew-router-min-route-parser v0.8.0
[INFO] [stderr]    Compiling nom v5.1.2
[INFO] [stderr]    Compiling yew-router-min-macro v0.8.0
[INFO] [stdout] error[E0432]: unresolved import `syn::export`
[INFO] [stdout]  --> /opt/rustwide/cargo-home/registry/src/github.com-1ecc6299db9ec823/yew-router-min-macro-0.8.0/src/switch.rs:7:5
[INFO] [stdout]   |
[INFO] [stdout] 7 |     export::TokenStream2, parse_macro_input, Data, DeriveInput, Fields, GenericParam, Generics,
[INFO] [stdout]   |     ^^^^^^ could not find `export` in `syn`
[INFO] [stdout] 
[INFO] [stdout] 
[INFO] [stdout] error[E0432]: unresolved import `syn::export`
[INFO] [stdout]  --> /opt/rustwide/cargo-home/registry/src/github.com-1ecc6299db9ec823/yew-router-min-macro-0.8.0/src/switch/enum_impl.rs:4:11
[INFO] [stdout]   |
[INFO] [stdout] 4 | use syn::{export::TokenStream2, Field, Fields, Generics, Ident, Type};
[INFO] [stdout]   |           ^^^^^^ could not find `export` in `syn`
[INFO] [stdout] 
[INFO] [stdout] 
[INFO] [stdout] error[E0432]: unresolved import `syn::export`
[INFO] [stdout]  --> /opt/rustwide/cargo-home/registry/src/github.com-1ecc6299db9ec823/yew-router-min-macro-0.8.0/src/switch/shadow.rs:2:10
[INFO] [stdout]   |
[INFO] [stdout] 2 | use syn::export::TokenStream2;
[INFO] [stdout]   |          ^^^^^^ could not find `export` in `syn`
[INFO] [stdout] 
[INFO] [stdout] 
[INFO] [stdout] error[E0432]: unresolved import `syn::export`
[INFO] [stdout]  --> /opt/rustwide/cargo-home/registry/src/github.com-1ecc6299db9ec823/yew-router-min-macro-0.8.0/src/switch/struct_impl.rs:5:5
[INFO] [stdout]   |
[INFO] [stdout] 5 |     export::{TokenStream, TokenStream2},
[INFO] [stdout]   |     ^^^^^^ could not find `export` in `syn`
[INFO] [stdout] 
[INFO] [stdout] 
[INFO] [stdout] error: aborting due to 4 previous errors
[INFO] [stdout] 
[INFO] [stdout] 
[INFO] [stdout] For more information about this error, try `rustc --explain E0432`.
[INFO] [stdout] 
[INFO] [stderr] error: could not compile `yew-router-min-macro` due to 5 previous errors
[INFO] running `Command { std: "docker" "inspect" "3c50954badb79978d190fdfa2d850bf02afd647ee2868c371a36e2f8d67e5821", kill_on_drop: false }`
[INFO] running `Command { std: "docker" "rm" "-f" "3c50954badb79978d190fdfa2d850bf02afd647ee2868c371a36e2f8d67e5821", kill_on_drop: false }`
[INFO] [stdout] 3c50954badb79978d190fdfa2d850bf02afd647ee2868c371a36e2f8d67e5821
