[INFO] fetching crate xyio 0.1.0...
[INFO] checking xyio-0.1.0 against beta-2021-10-15 for beta-1.56-3
[INFO] extracting crate xyio 0.1.0 into /workspace/builds/worker-9/source
[INFO] validating manifest of crates.io crate xyio 0.1.0 on toolchain beta-2021-10-15
[INFO] running `Command { std: "/workspace/cargo-home/bin/cargo" "+beta-2021-10-15" "metadata" "--manifest-path" "Cargo.toml" "--no-deps", kill_on_drop: false }`
[INFO] started tweaking crates.io crate xyio 0.1.0
[INFO] finished tweaking crates.io crate xyio 0.1.0
[INFO] tweaked toml for crates.io crate xyio 0.1.0 written to /workspace/builds/worker-9/source/Cargo.toml
[INFO] running `Command { std: "/workspace/cargo-home/bin/cargo" "+beta-2021-10-15" "generate-lockfile" "--manifest-path" "Cargo.toml" "-Zno-index-update", kill_on_drop: false }`
[INFO] [stderr]     Blocking waiting for file lock on package cache
[INFO] running `Command { std: "/workspace/cargo-home/bin/cargo" "+beta-2021-10-15" "fetch" "--manifest-path" "Cargo.toml", kill_on_drop: false }`
[INFO] [stderr]     Blocking waiting for file lock on package cache
[INFO] running `Command { std: "docker" "create" "-v" "/var/lib/crater-agent-workspace/builds/worker-9/target:/opt/rustwide/target:rw,Z" "-v" "/var/lib/crater-agent-workspace/builds/worker-9/source:/opt/rustwide/workdir:ro,Z" "-v" "/var/lib/crater-agent-workspace/cargo-home:/opt/rustwide/cargo-home:ro,Z" "-v" "/var/lib/crater-agent-workspace/rustup-home:/opt/rustwide/rustup-home:ro,Z" "-e" "SOURCE_DIR=/opt/rustwide/workdir" "-e" "CARGO_TARGET_DIR=/opt/rustwide/target" "-e" "CARGO_HOME=/opt/rustwide/cargo-home" "-e" "RUSTUP_HOME=/opt/rustwide/rustup-home" "-w" "/opt/rustwide/workdir" "-m" "1610612736" "--user" "0:0" "--network" "none" "ghcr.io/rust-lang/crates-build-env/linux@sha256:a89201d6b5b9fd45c15d5952ece0a0129e7e80cb26ec023fd59cf09bc26f1604" "/opt/rustwide/cargo-home/bin/cargo" "+beta-2021-10-15" "metadata" "--no-deps" "--format-version=1", kill_on_drop: false }`
[INFO] [stdout] 44c12aeb22039084296da13280ae0a317f9d6ca1281368744ac789344bfd5ecc
[INFO] [stderr] WARNING: Your kernel does not support swap limit capabilities or the cgroup is not mounted. Memory limited without swap.
[INFO] running `Command { std: "docker" "start" "-a" "44c12aeb22039084296da13280ae0a317f9d6ca1281368744ac789344bfd5ecc", kill_on_drop: false }`
[INFO] running `Command { std: "docker" "inspect" "44c12aeb22039084296da13280ae0a317f9d6ca1281368744ac789344bfd5ecc", kill_on_drop: false }`
[INFO] running `Command { std: "docker" "rm" "-f" "44c12aeb22039084296da13280ae0a317f9d6ca1281368744ac789344bfd5ecc", kill_on_drop: false }`
[INFO] [stdout] 44c12aeb22039084296da13280ae0a317f9d6ca1281368744ac789344bfd5ecc
[INFO] running `Command { std: "docker" "create" "-v" "/var/lib/crater-agent-workspace/builds/worker-9/target:/opt/rustwide/target:rw,Z" "-v" "/var/lib/crater-agent-workspace/builds/worker-9/source:/opt/rustwide/workdir:ro,Z" "-v" "/var/lib/crater-agent-workspace/cargo-home:/opt/rustwide/cargo-home:ro,Z" "-v" "/var/lib/crater-agent-workspace/rustup-home:/opt/rustwide/rustup-home:ro,Z" "-e" "SOURCE_DIR=/opt/rustwide/workdir" "-e" "CARGO_TARGET_DIR=/opt/rustwide/target" "-e" "CARGO_INCREMENTAL=0" "-e" "RUST_BACKTRACE=full" "-e" "RUSTFLAGS=--cap-lints=warn" "-e" "CARGO_HOME=/opt/rustwide/cargo-home" "-e" "RUSTUP_HOME=/opt/rustwide/rustup-home" "-w" "/opt/rustwide/workdir" "-m" "1610612736" "--user" "0:0" "--network" "none" "ghcr.io/rust-lang/crates-build-env/linux@sha256:a89201d6b5b9fd45c15d5952ece0a0129e7e80cb26ec023fd59cf09bc26f1604" "/opt/rustwide/cargo-home/bin/cargo" "+beta-2021-10-15" "check" "--frozen" "--all" "--all-targets" "--message-format=json", kill_on_drop: false }`
[INFO] [stdout] 6ddf3f612d793507881127ab4ba1be04b6346aab7b6b7168600465e04d734545
[INFO] [stderr] WARNING: Your kernel does not support swap limit capabilities or the cgroup is not mounted. Memory limited without swap.
[INFO] running `Command { std: "docker" "start" "-a" "6ddf3f612d793507881127ab4ba1be04b6346aab7b6b7168600465e04d734545", kill_on_drop: false }`
[INFO] [stderr]    Compiling http-muncher v0.3.2
[INFO] [stderr]     Checking xyio v0.1.0 (/opt/rustwide/workdir)
[INFO] [stdout] error[E0432]: unresolved imports `log::LogRecord`, `log::LogLevel`, `log::LogMetadata`
[INFO] [stdout]  --> src/xyio/logging.rs:5:11
[INFO] [stdout]   |
[INFO] [stdout] 5 | use log::{LogRecord, LogLevel, LogMetadata, SetLoggerError};
[INFO] [stdout]   |           ^^^^^^^^^  ^^^^^^^^  ^^^^^^^^^^^ no `LogMetadata` in the root
[INFO] [stdout]   |           |          |
[INFO] [stdout]   |           |          no `LogLevel` in the root
[INFO] [stdout]   |           no `LogRecord` in the root
[INFO] [stdout]   |
[INFO] [stdout] help: a similar name exists in the module
[INFO] [stdout]   |
[INFO] [stdout] 5 | use log::{Record, LogLevel, LogMetadata, SetLoggerError};
[INFO] [stdout]   |           ~~~~~~
[INFO] [stdout] help: a similar name exists in the module
[INFO] [stdout]   |
[INFO] [stdout] 5 | use log::{LogRecord, LogLevel, Metadata, SetLoggerError};
[INFO] [stdout]   |                                ~~~~~~~~
[INFO] [stdout] 
[INFO] [stdout] 
[INFO] [stdout] error[E0432]: unresolved imports `log::LogRecord`, `log::LogLevel`, `log::LogMetadata`
[INFO] [stdout]  --> src/xyio/logging.rs:5:11
[INFO] [stdout]   |
[INFO] [stdout] 5 | use log::{LogRecord, LogLevel, LogMetadata, SetLoggerError};
[INFO] [stdout]   |           ^^^^^^^^^  ^^^^^^^^  ^^^^^^^^^^^ no `LogMetadata` in the root
[INFO] [stdout]   |           |          |
[INFO] [stdout]   |           |          no `LogLevel` in the root
[INFO] [stdout]   |           no `LogRecord` in the root
[INFO] [stdout]   |
[INFO] [stdout] help: a similar name exists in the module
[INFO] [stdout]   |
[INFO] [stdout] 5 | use log::{Record, LogLevel, LogMetadata, SetLoggerError};
[INFO] [stdout]   |           ~~~~~~
[INFO] [stdout] help: a similar name exists in the module
[INFO] [stdout]   |
[INFO] [stdout] 5 | use log::{LogRecord, LogLevel, Metadata, SetLoggerError};
[INFO] [stdout]   |                                ~~~~~~~~
[INFO] [stdout] 
[INFO] [stdout] 
[INFO] [stdout] warning: unused `#[macro_use]` import
[INFO] [stdout]  --> src/lib.rs:1:1
[INFO] [stdout]   |
[INFO] [stdout] 1 | #[macro_use]
[INFO] [stdout]   | ^^^^^^^^^^^^
[INFO] [stdout]   |
[INFO] [stdout]   = note: `#[warn(unused_imports)]` on by default
[INFO] [stdout] 
[INFO] [stdout] 
[INFO] [stdout] warning: unused `#[macro_use]` import
[INFO] [stdout]  --> src/lib.rs:1:1
[INFO] [stdout]   |
[INFO] [stdout] 1 | #[macro_use]
[INFO] [stdout]   | ^^^^^^^^^^^^
[INFO] [stdout]   |
[INFO] [stdout]   = note: `#[warn(unused_imports)]` on by default
[INFO] [stdout] 
[INFO] [stdout] 
[INFO] [stdout] error[E0046]: not all trait items implemented, missing: `flush`
[INFO] [stdout]   --> src/xyio/logging.rs:29:1
[INFO] [stdout]    |
[INFO] [stdout] 29 | impl log::Log for Logger {
[INFO] [stdout]    | ^^^^^^^^^^^^^^^^^^^^^^^^ missing `flush` in implementation
[INFO] [stdout]    |
[INFO] [stdout]    = help: implement the missing item: `fn flush(&self) { todo!() }`
[INFO] [stdout] 
[INFO] [stdout] 
[INFO] [stdout] error[E0046]: not all trait items implemented, missing: `flush`
[INFO] [stdout]   --> src/xyio/logging.rs:29:1
[INFO] [stdout]    |
[INFO] [stdout] 29 | impl log::Log for Logger {
[INFO] [stdout]    | ^^^^^^^^^^^^^^^^^^^^^^^^ missing `flush` in implementation
[INFO] [stdout]    |
[INFO] [stdout]    = help: implement the missing item: `fn flush(&self) { todo!() }`
[INFO] [stdout] 
[INFO] [stdout] 
[INFO] [stdout] error: aborting due to 2 previous errors; 1 warning emitted
[INFO] [stdout] 
[INFO] [stdout] 
[INFO] [stdout] Some errors have detailed explanations: E0046, E0432.
[INFO] [stdout] 
[INFO] [stdout] For more information about an error, try `rustc --explain E0046`.
[INFO] [stdout] 
[INFO] [stderr] error: could not compile `xyio` due to 3 previous errors; 1 warning emitted
[INFO] [stderr] warning: build failed, waiting for other jobs to finish...
[INFO] [stdout] error: aborting due to 2 previous errors; 1 warning emitted
[INFO] [stdout] 
[INFO] [stdout] 
[INFO] [stdout] Some errors have detailed explanations: E0046, E0432.
[INFO] [stdout] 
[INFO] [stdout] For more information about an error, try `rustc --explain E0046`.
[INFO] [stdout] 
[INFO] [stderr] error: build failed
[INFO] running `Command { std: "docker" "inspect" "6ddf3f612d793507881127ab4ba1be04b6346aab7b6b7168600465e04d734545", kill_on_drop: false }`
[INFO] running `Command { std: "docker" "rm" "-f" "6ddf3f612d793507881127ab4ba1be04b6346aab7b6b7168600465e04d734545", kill_on_drop: false }`
[INFO] [stdout] 6ddf3f612d793507881127ab4ba1be04b6346aab7b6b7168600465e04d734545
