[INFO] fetching crate xoodoo 0.1.0...
[INFO] checking xoodoo-0.1.0 against 1.55.0 for beta-1.56-3
[INFO] extracting crate xoodoo 0.1.0 into /workspace/builds/worker-3/source
[INFO] validating manifest of crates.io crate xoodoo 0.1.0 on toolchain 1.55.0
[INFO] running `Command { std: "/workspace/cargo-home/bin/cargo" "+1.55.0" "metadata" "--manifest-path" "Cargo.toml" "--no-deps", kill_on_drop: false }`
[INFO] started tweaking crates.io crate xoodoo 0.1.0
[INFO] finished tweaking crates.io crate xoodoo 0.1.0
[INFO] tweaked toml for crates.io crate xoodoo 0.1.0 written to /workspace/builds/worker-3/source/Cargo.toml
[INFO] running `Command { std: "/workspace/cargo-home/bin/cargo" "+1.55.0" "generate-lockfile" "--manifest-path" "Cargo.toml" "-Zno-index-update", kill_on_drop: false }`
[INFO] running `Command { std: "/workspace/cargo-home/bin/cargo" "+1.55.0" "fetch" "--manifest-path" "Cargo.toml", kill_on_drop: false }`
[INFO] [stderr]     Blocking waiting for file lock on package cache
[INFO] running `Command { std: "docker" "create" "-v" "/var/lib/crater-agent-workspace/builds/worker-3/target:/opt/rustwide/target:rw,Z" "-v" "/var/lib/crater-agent-workspace/builds/worker-3/source:/opt/rustwide/workdir:ro,Z" "-v" "/var/lib/crater-agent-workspace/cargo-home:/opt/rustwide/cargo-home:ro,Z" "-v" "/var/lib/crater-agent-workspace/rustup-home:/opt/rustwide/rustup-home:ro,Z" "-e" "SOURCE_DIR=/opt/rustwide/workdir" "-e" "CARGO_TARGET_DIR=/opt/rustwide/target" "-e" "CARGO_HOME=/opt/rustwide/cargo-home" "-e" "RUSTUP_HOME=/opt/rustwide/rustup-home" "-w" "/opt/rustwide/workdir" "-m" "1610612736" "--user" "0:0" "--network" "none" "ghcr.io/rust-lang/crates-build-env/linux@sha256:a89201d6b5b9fd45c15d5952ece0a0129e7e80cb26ec023fd59cf09bc26f1604" "/opt/rustwide/cargo-home/bin/cargo" "+1.55.0" "metadata" "--no-deps" "--format-version=1", kill_on_drop: false }`
[INFO] [stdout] e85a36d7cc9246215a7897f455ab622b16219c666442bee533edaa04229d2a1d
[INFO] [stderr] WARNING: Your kernel does not support swap limit capabilities or the cgroup is not mounted. Memory limited without swap.
[INFO] running `Command { std: "docker" "start" "-a" "e85a36d7cc9246215a7897f455ab622b16219c666442bee533edaa04229d2a1d", kill_on_drop: false }`
[INFO] running `Command { std: "docker" "inspect" "e85a36d7cc9246215a7897f455ab622b16219c666442bee533edaa04229d2a1d", kill_on_drop: false }`
[INFO] running `Command { std: "docker" "rm" "-f" "e85a36d7cc9246215a7897f455ab622b16219c666442bee533edaa04229d2a1d", kill_on_drop: false }`
[INFO] [stdout] e85a36d7cc9246215a7897f455ab622b16219c666442bee533edaa04229d2a1d
[INFO] running `Command { std: "docker" "create" "-v" "/var/lib/crater-agent-workspace/builds/worker-3/target:/opt/rustwide/target:rw,Z" "-v" "/var/lib/crater-agent-workspace/builds/worker-3/source:/opt/rustwide/workdir:ro,Z" "-v" "/var/lib/crater-agent-workspace/cargo-home:/opt/rustwide/cargo-home:ro,Z" "-v" "/var/lib/crater-agent-workspace/rustup-home:/opt/rustwide/rustup-home:ro,Z" "-e" "SOURCE_DIR=/opt/rustwide/workdir" "-e" "CARGO_TARGET_DIR=/opt/rustwide/target" "-e" "CARGO_INCREMENTAL=0" "-e" "RUST_BACKTRACE=full" "-e" "RUSTFLAGS=--cap-lints=warn" "-e" "CARGO_HOME=/opt/rustwide/cargo-home" "-e" "RUSTUP_HOME=/opt/rustwide/rustup-home" "-w" "/opt/rustwide/workdir" "-m" "1610612736" "--user" "0:0" "--network" "none" "ghcr.io/rust-lang/crates-build-env/linux@sha256:a89201d6b5b9fd45c15d5952ece0a0129e7e80cb26ec023fd59cf09bc26f1604" "/opt/rustwide/cargo-home/bin/cargo" "+1.55.0" "check" "--frozen" "--all" "--all-targets" "--message-format=json", kill_on_drop: false }`
[INFO] [stderr] WARNING: Your kernel does not support swap limit capabilities or the cgroup is not mounted. Memory limited without swap.
[INFO] [stdout] 3295f4dcbdb2dc8d3681cb81ae53fde9b82e9830043a9969bab6b232735ab28e
[INFO] running `Command { std: "docker" "start" "-a" "3295f4dcbdb2dc8d3681cb81ae53fde9b82e9830043a9969bab6b232735ab28e", kill_on_drop: false }`
[INFO] [stderr]     Checking rawbytes v0.1.2
[INFO] [stderr]     Checking xoodoo v0.1.0 (/opt/rustwide/workdir)
[INFO] [stdout] error[E0432]: unresolved import `xoodyak`
[INFO] [stdout]  --> benches/benchmark.rs:2:5
[INFO] [stdout]   |
[INFO] [stdout] 2 | use xoodyak::*;
[INFO] [stdout]   |     ^^^^^^^ use of undeclared crate or module `xoodyak`
[INFO] [stdout] 
[INFO] [stdout] 
[INFO] [stdout] error[E0433]: failed to resolve: use of undeclared type `Xoodoo`
[INFO] [stdout]  --> benches/benchmark.rs:7:22
[INFO] [stdout]   |
[INFO] [stdout] 7 |         let mut st = Xoodoo::<1, 12>::default();
[INFO] [stdout]   |                      ^^^^^^ not found in this scope
[INFO] [stdout]   |
[INFO] [stdout] help: consider importing this struct
[INFO] [stdout]   |
[INFO] [stdout] 1 | use xoodoo::Xoodoo;
[INFO] [stdout]   |
[INFO] [stdout] 
[INFO] [stdout] 
[INFO] [stdout] error[E0433]: failed to resolve: use of undeclared type `Xoodyak`
[INFO] [stdout]   --> benches/benchmark.rs:17:22
[INFO] [stdout]    |
[INFO] [stdout] 17 |         let mut st = Xoodyak::hash();
[INFO] [stdout]    |                      ^^^^^^^ not found in this scope
[INFO] [stdout]    |
[INFO] [stdout] help: consider importing this struct
[INFO] [stdout]    |
[INFO] [stdout] 1  | use xoodoo::Xoodyak;
[INFO] [stdout]    |
[INFO] [stdout] 
[INFO] [stdout] 
[INFO] [stdout] error[E0433]: failed to resolve: use of undeclared type `Xoodyak`
[INFO] [stdout]   --> benches/benchmark.rs:27:22
[INFO] [stdout]    |
[INFO] [stdout] 27 |         let mut st = Xoodyak::keyed(b"key", None, None, None);
[INFO] [stdout]    |                      ^^^^^^^ not found in this scope
[INFO] [stdout]    |
[INFO] [stdout] help: consider importing this struct
[INFO] [stdout]    |
[INFO] [stdout] 1  | use xoodoo::Xoodyak;
[INFO] [stdout]    |
[INFO] [stdout] 
[INFO] [stdout] 
[INFO] [stdout] error: aborting due to 4 previous errors
[INFO] [stdout] 
[INFO] [stdout] 
[INFO] [stdout] Some errors have detailed explanations: E0432, E0433.
[INFO] [stdout] 
[INFO] [stdout] For more information about an error, try `rustc --explain E0432`.
[INFO] [stdout] 
[INFO] [stderr] error: could not compile `xoodoo` due to 5 previous errors
[INFO] running `Command { std: "docker" "inspect" "3295f4dcbdb2dc8d3681cb81ae53fde9b82e9830043a9969bab6b232735ab28e", kill_on_drop: false }`
[INFO] running `Command { std: "docker" "rm" "-f" "3295f4dcbdb2dc8d3681cb81ae53fde9b82e9830043a9969bab6b232735ab28e", kill_on_drop: false }`
[INFO] [stdout] 3295f4dcbdb2dc8d3681cb81ae53fde9b82e9830043a9969bab6b232735ab28e
