[INFO] fetching crate xmpp-parsers-gst-meet 0.18.2...
[INFO] checking xmpp-parsers-gst-meet-0.18.2 against 1.55.0 for beta-1.56-3
[INFO] extracting crate xmpp-parsers-gst-meet 0.18.2 into /workspace/builds/worker-6/source
[INFO] validating manifest of crates.io crate xmpp-parsers-gst-meet 0.18.2 on toolchain 1.55.0
[INFO] running `Command { std: "/workspace/cargo-home/bin/cargo" "+1.55.0" "metadata" "--manifest-path" "Cargo.toml" "--no-deps", kill_on_drop: false }`
[INFO] started tweaking crates.io crate xmpp-parsers-gst-meet 0.18.2
[INFO] finished tweaking crates.io crate xmpp-parsers-gst-meet 0.18.2
[INFO] tweaked toml for crates.io crate xmpp-parsers-gst-meet 0.18.2 written to /workspace/builds/worker-6/source/Cargo.toml
[INFO] crate crates.io crate xmpp-parsers-gst-meet 0.18.2 already has a lockfile, it will not be regenerated
[INFO] running `Command { std: "/workspace/cargo-home/bin/cargo" "+1.55.0" "fetch" "--manifest-path" "Cargo.toml", kill_on_drop: false }`
[INFO] running `Command { std: "docker" "create" "-v" "/var/lib/crater-agent-workspace/builds/worker-6/target:/opt/rustwide/target:rw,Z" "-v" "/var/lib/crater-agent-workspace/builds/worker-6/source:/opt/rustwide/workdir:ro,Z" "-v" "/var/lib/crater-agent-workspace/cargo-home:/opt/rustwide/cargo-home:ro,Z" "-v" "/var/lib/crater-agent-workspace/rustup-home:/opt/rustwide/rustup-home:ro,Z" "-e" "SOURCE_DIR=/opt/rustwide/workdir" "-e" "CARGO_TARGET_DIR=/opt/rustwide/target" "-e" "CARGO_HOME=/opt/rustwide/cargo-home" "-e" "RUSTUP_HOME=/opt/rustwide/rustup-home" "-w" "/opt/rustwide/workdir" "-m" "1610612736" "--user" "0:0" "--network" "none" "ghcr.io/rust-lang/crates-build-env/linux@sha256:a89201d6b5b9fd45c15d5952ece0a0129e7e80cb26ec023fd59cf09bc26f1604" "/opt/rustwide/cargo-home/bin/cargo" "+1.55.0" "metadata" "--no-deps" "--format-version=1", kill_on_drop: false }`
[INFO] [stderr] WARNING: Your kernel does not support swap limit capabilities or the cgroup is not mounted. Memory limited without swap.
[INFO] [stdout] 7d516b15b86ce0ee91ce64811b04961c06e18f11a6526264875c45d11e368b68
[INFO] running `Command { std: "docker" "start" "-a" "7d516b15b86ce0ee91ce64811b04961c06e18f11a6526264875c45d11e368b68", kill_on_drop: false }`
[INFO] running `Command { std: "docker" "inspect" "7d516b15b86ce0ee91ce64811b04961c06e18f11a6526264875c45d11e368b68", kill_on_drop: false }`
[INFO] running `Command { std: "docker" "rm" "-f" "7d516b15b86ce0ee91ce64811b04961c06e18f11a6526264875c45d11e368b68", kill_on_drop: false }`
[INFO] [stdout] 7d516b15b86ce0ee91ce64811b04961c06e18f11a6526264875c45d11e368b68
[INFO] running `Command { std: "docker" "create" "-v" "/var/lib/crater-agent-workspace/builds/worker-6/target:/opt/rustwide/target:rw,Z" "-v" "/var/lib/crater-agent-workspace/builds/worker-6/source:/opt/rustwide/workdir:ro,Z" "-v" "/var/lib/crater-agent-workspace/cargo-home:/opt/rustwide/cargo-home:ro,Z" "-v" "/var/lib/crater-agent-workspace/rustup-home:/opt/rustwide/rustup-home:ro,Z" "-e" "SOURCE_DIR=/opt/rustwide/workdir" "-e" "CARGO_TARGET_DIR=/opt/rustwide/target" "-e" "CARGO_INCREMENTAL=0" "-e" "RUST_BACKTRACE=full" "-e" "RUSTFLAGS=--cap-lints=warn" "-e" "CARGO_HOME=/opt/rustwide/cargo-home" "-e" "RUSTUP_HOME=/opt/rustwide/rustup-home" "-w" "/opt/rustwide/workdir" "-m" "1610612736" "--user" "0:0" "--network" "none" "ghcr.io/rust-lang/crates-build-env/linux@sha256:a89201d6b5b9fd45c15d5952ece0a0129e7e80cb26ec023fd59cf09bc26f1604" "/opt/rustwide/cargo-home/bin/cargo" "+1.55.0" "check" "--frozen" "--all" "--all-targets" "--message-format=json", kill_on_drop: false }`
[INFO] [stderr] WARNING: Your kernel does not support swap limit capabilities or the cgroup is not mounted. Memory limited without swap.
[INFO] [stdout] eef6965d8eb625ea1ad5a6abab1828bfaba6a840cb188a0ea9ab7613c1c71d02
[INFO] running `Command { std: "docker" "start" "-a" "eef6965d8eb625ea1ad5a6abab1828bfaba6a840cb188a0ea9ab7613c1c71d02", kill_on_drop: false }`
[INFO] [stderr]     Checking block-buffer v0.9.0
[INFO] [stderr]     Checking crypto-mac v0.8.0
[INFO] [stderr]     Checking minidom-gst-meet v0.13.0
[INFO] [stderr]     Checking chrono v0.4.19
[INFO] [stderr]     Checking sha3 v0.9.1
[INFO] [stderr]     Checking sha2 v0.9.5
[INFO] [stderr]     Checking sha-1 v0.9.7
[INFO] [stderr]     Checking blake2 v0.9.1
[INFO] [stderr]     Checking jid-gst-meet v0.9.3
[INFO] [stderr]     Checking xmpp-parsers-gst-meet v0.18.2 (/opt/rustwide/workdir)
[INFO] [stdout] error[E0308]: mismatched types
[INFO] [stdout]    --> src/jingle.rs:765:9
[INFO] [stdout]     |
[INFO] [stdout] 765 |         assert_eq!(jingle.contents[0].creator, Creator::Initiator);
[INFO] [stdout]     |         ^^^^^^^^^^^^^^^^^^^^^^^^^^^^^^^^^^^^^^^^^^^^^^^^^^^^^^^^^^^ expected enum `Option`, found enum `jingle::Creator`
[INFO] [stdout]     |
[INFO] [stdout]     = note: expected enum `Option<jingle::Creator>`
[INFO] [stdout]                found enum `jingle::Creator`
[INFO] [stdout]     = note: this error originates in the macro `assert_eq` (in Nightly builds, run with -Z macro-backtrace for more info)
[INFO] [stdout] 
[INFO] [stdout] 
[INFO] [stdout] error[E0308]: mismatched types
[INFO] [stdout]    --> src/jingle.rs:892:26
[INFO] [stdout]     |
[INFO] [stdout] 892 |                 creator: Creator::Initiator,
[INFO] [stdout]     |                          ^^^^^^^^^^^^^^^^^^
[INFO] [stdout]     |                          |
[INFO] [stdout]     |                          expected enum `Option`, found enum `jingle::Creator`
[INFO] [stdout]     |                          help: try using a variant of the expected enum: `Some(Creator::Initiator)`
[INFO] [stdout]     |
[INFO] [stdout]     = note: expected enum `Option<jingle::Creator>`
[INFO] [stdout]                found enum `jingle::Creator`
[INFO] [stdout] 
[INFO] [stdout] 
[INFO] [stdout] error[E0308]: mismatched types
[INFO] [stdout]    --> src/jingle_ice_udp.rs:211:9
[INFO] [stdout]     |
[INFO] [stdout] 211 |         assert_eq!(fingerprint.setup, Setup::Actpass);
[INFO] [stdout]     |         ^^^^^^^^^^^^^^^^^^^^^^^^^^^^^^^^^^^^^^^^^^^^^^ expected enum `Option`, found enum `jingle_dtls_srtp::Setup`
[INFO] [stdout]     |
[INFO] [stdout]     = note: expected enum `Option<jingle_dtls_srtp::Setup>`
[INFO] [stdout]                found enum `jingle_dtls_srtp::Setup`
[INFO] [stdout]     = note: this error originates in the macro `assert_eq` (in Nightly builds, run with -Z macro-backtrace for more info)
[INFO] [stdout] 
[INFO] [stdout] 
[INFO] [stdout] error[E0063]: missing fields `rtcp_mux` and `web_socket` in initializer of `jingle_ice_udp::Transport`
[INFO] [stdout]    --> src/jingle_ice_udp.rs:233:25
[INFO] [stdout]     |
[INFO] [stdout] 233 |         let transport = Transport {
[INFO] [stdout]     |                         ^^^^^^^^^ missing `rtcp_mux` and `web_socket`
[INFO] [stdout] 
[INFO] [stdout] 
[INFO] [stdout] error: aborting due to 4 previous errors
[INFO] [stdout] 
[INFO] [stdout] 
[INFO] [stdout] Some errors have detailed explanations: E0063, E0308.
[INFO] [stdout] 
[INFO] [stdout] For more information about an error, try `rustc --explain E0063`.
[INFO] [stdout] 
[INFO] [stderr] error: could not compile `xmpp-parsers-gst-meet` due to 5 previous errors
[INFO] [stderr] warning: build failed, waiting for other jobs to finish...
[INFO] [stdout] error[E0433]: failed to resolve: use of undeclared crate or module `xmpp_parsers`
[INFO] [stdout]   --> examples/generate-caps.rs:10:5
[INFO] [stdout]    |
[INFO] [stdout] 10 | use xmpp_parsers::{
[INFO] [stdout]    |     ^^^^^^^^^^^^ use of undeclared crate or module `xmpp_parsers`
[INFO] [stdout] 
[INFO] [stdout] 
[INFO] [stdout] error[E0432]: unresolved import `xmpp_parsers`
[INFO] [stdout]   --> examples/generate-caps.rs:10:5
[INFO] [stdout]    |
[INFO] [stdout] 10 | use xmpp_parsers::{
[INFO] [stdout]    |     ^^^^^^^^^^^^ use of undeclared crate or module `xmpp_parsers`
[INFO] [stdout] 
[INFO] [stdout] 
[INFO] [stdout] error[E0433]: failed to resolve: use of undeclared type `Algo`
[INFO] [stdout]   --> examples/generate-caps.rs:20:33
[INFO] [stdout]    |
[INFO] [stdout] 20 |     let hash = hash_caps(&data, Algo::Sha_1)?;
[INFO] [stdout]    |                                 ^^^^ use of undeclared type `Algo`
[INFO] [stdout] 
[INFO] [stdout] 
[INFO] [stdout] error[E0433]: failed to resolve: use of undeclared type `Algo`
[INFO] [stdout]   --> examples/generate-caps.rs:26:42
[INFO] [stdout]    |
[INFO] [stdout] 26 |     let hash_sha256 = hash_ecaps2(&data, Algo::Sha_256)?;
[INFO] [stdout]    |                                          ^^^^ use of undeclared type `Algo`
[INFO] [stdout] 
[INFO] [stdout] 
[INFO] [stdout] error[E0433]: failed to resolve: use of undeclared type `Algo`
[INFO] [stdout]   --> examples/generate-caps.rs:27:44
[INFO] [stdout]    |
[INFO] [stdout] 27 |     let hash_sha3_256 = hash_ecaps2(&data, Algo::Sha3_256)?;
[INFO] [stdout]    |                                            ^^^^ use of undeclared type `Algo`
[INFO] [stdout] 
[INFO] [stdout] 
[INFO] [stdout] error[E0433]: failed to resolve: use of undeclared type `Algo`
[INFO] [stdout]   --> examples/generate-caps.rs:28:47
[INFO] [stdout]    |
[INFO] [stdout] 28 |     let hash_blake2b_256 = hash_ecaps2(&data, Algo::Blake2b_256)?;
[INFO] [stdout]    |                                               ^^^^ use of undeclared type `Algo`
[INFO] [stdout] 
[INFO] [stdout] 
[INFO] [stdout] error[E0412]: cannot find type `DiscoInfoResult` in this scope
[INFO] [stdout]   --> examples/generate-caps.rs:18:21
[INFO] [stdout]    |
[INFO] [stdout] 18 | fn get_caps(disco: &DiscoInfoResult, node: String) -> Result<Caps, String> {
[INFO] [stdout]    |                     ^^^^^^^^^^^^^^^ not found in this scope
[INFO] [stdout]    |
[INFO] [stdout] help: consider importing this struct
[INFO] [stdout]    |
[INFO] [stdout] 7  | use xmpp_parsers_gst_meet::disco::DiscoInfoResult;
[INFO] [stdout]    |
[INFO] [stdout] 
[INFO] [stdout] 
[INFO] [stdout] error[E0412]: cannot find type `Caps` in this scope
[INFO] [stdout]   --> examples/generate-caps.rs:18:62
[INFO] [stdout]    |
[INFO] [stdout] 18 | fn get_caps(disco: &DiscoInfoResult, node: String) -> Result<Caps, String> {
[INFO] [stdout]    |                                                              ^^^^ not found in this scope
[INFO] [stdout]    |
[INFO] [stdout] help: consider importing this struct
[INFO] [stdout]    |
[INFO] [stdout] 7  | use xmpp_parsers_gst_meet::caps::Caps;
[INFO] [stdout]    |
[INFO] [stdout] 
[INFO] [stdout] 
[INFO] [stdout] error[E0425]: cannot find function `compute_disco_caps` in this scope
[INFO] [stdout]   --> examples/generate-caps.rs:19:16
[INFO] [stdout]    |
[INFO] [stdout] 19 |     let data = compute_disco_caps(&disco);
[INFO] [stdout]    |                ^^^^^^^^^^^^^^^^^^ not found in this scope
[INFO] [stdout] 
[INFO] [stdout] 
[INFO] [stdout] error[E0425]: cannot find function `hash_caps` in this scope
[INFO] [stdout]   --> examples/generate-caps.rs:20:16
[INFO] [stdout]    |
[INFO] [stdout] 20 |     let hash = hash_caps(&data, Algo::Sha_1)?;
[INFO] [stdout]    |                ^^^^^^^^^ not found in this scope
[INFO] [stdout]    |
[INFO] [stdout] help: consider importing this function
[INFO] [stdout]    |
[INFO] [stdout] 7  | use xmpp_parsers_gst_meet::caps::hash_caps;
[INFO] [stdout]    |
[INFO] [stdout] 
[INFO] [stdout] 
[INFO] [stdout] error[E0433]: failed to resolve: use of undeclared type `Caps`
[INFO] [stdout]   --> examples/generate-caps.rs:21:8
[INFO] [stdout]    |
[INFO] [stdout] 21 |     Ok(Caps::new(node, hash))
[INFO] [stdout]    |        ^^^^ not found in this scope
[INFO] [stdout]    |
[INFO] [stdout] help: consider importing this struct
[INFO] [stdout]    |
[INFO] [stdout] 7  | use xmpp_parsers_gst_meet::caps::Caps;
[INFO] [stdout]    |
[INFO] [stdout] 
[INFO] [stdout] 
[INFO] [stdout] error[E0412]: cannot find type `DiscoInfoResult` in this scope
[INFO] [stdout]   --> examples/generate-caps.rs:24:23
[INFO] [stdout]    |
[INFO] [stdout] 24 | fn get_ecaps2(disco: &DiscoInfoResult) -> Result<ECaps2, Error> {
[INFO] [stdout]    |                       ^^^^^^^^^^^^^^^ not found in this scope
[INFO] [stdout]    |
[INFO] [stdout] help: consider importing this struct
[INFO] [stdout]    |
[INFO] [stdout] 7  | use xmpp_parsers_gst_meet::disco::DiscoInfoResult;
[INFO] [stdout]    |
[INFO] [stdout] 
[INFO] [stdout] 
[INFO] [stdout] error[E0412]: cannot find type `ECaps2` in this scope
[INFO] [stdout]   --> examples/generate-caps.rs:24:50
[INFO] [stdout]    |
[INFO] [stdout] 24 | fn get_ecaps2(disco: &DiscoInfoResult) -> Result<ECaps2, Error> {
[INFO] [stdout]    |                                                  ^^^^^^ not found in this scope
[INFO] [stdout]    |
[INFO] [stdout] help: consider importing this struct
[INFO] [stdout]    |
[INFO] [stdout] 7  | use xmpp_parsers_gst_meet::ecaps2::ECaps2;
[INFO] [stdout]    |
[INFO] [stdout] 
[INFO] [stdout] 
[INFO] [stdout] error[E0425]: cannot find function `compute_disco_ecaps2` in this scope
[INFO] [stdout]   --> examples/generate-caps.rs:25:16
[INFO] [stdout]    |
[INFO] [stdout] 25 |     let data = compute_disco_ecaps2(&disco)?;
[INFO] [stdout]    |                ^^^^^^^^^^^^^^^^^^^^ not found in this scope
[INFO] [stdout] 
[INFO] [stdout] 
[INFO] [stdout] error[E0425]: cannot find function `hash_ecaps2` in this scope
[INFO] [stdout]   --> examples/generate-caps.rs:26:23
[INFO] [stdout]    |
[INFO] [stdout] 26 |     let hash_sha256 = hash_ecaps2(&data, Algo::Sha_256)?;
[INFO] [stdout]    |                       ^^^^^^^^^^^ not found in this scope
[INFO] [stdout]    |
[INFO] [stdout] help: consider importing this function
[INFO] [stdout]    |
[INFO] [stdout] 7  | use xmpp_parsers_gst_meet::ecaps2::hash_ecaps2;
[INFO] [stdout]    |
[INFO] [stdout] 
[INFO] [stdout] 
[INFO] [stdout] error[E0425]: cannot find function `hash_ecaps2` in this scope
[INFO] [stdout]   --> examples/generate-caps.rs:27:25
[INFO] [stdout]    |
[INFO] [stdout] 27 |     let hash_sha3_256 = hash_ecaps2(&data, Algo::Sha3_256)?;
[INFO] [stdout]    |                         ^^^^^^^^^^^ not found in this scope
[INFO] [stdout]    |
[INFO] [stdout] help: consider importing this function
[INFO] [stdout]    |
[INFO] [stdout] 7  | use xmpp_parsers_gst_meet::ecaps2::hash_ecaps2;
[INFO] [stdout]    |
[INFO] [stdout] 
[INFO] [stdout] 
[INFO] [stdout] error[E0425]: cannot find function `hash_ecaps2` in this scope
[INFO] [stdout]   --> examples/generate-caps.rs:28:28
[INFO] [stdout]    |
[INFO] [stdout] 28 |     let hash_blake2b_256 = hash_ecaps2(&data, Algo::Blake2b_256)?;
[INFO] [stdout]    |                            ^^^^^^^^^^^ not found in this scope
[INFO] [stdout]    |
[INFO] [stdout] help: consider importing this function
[INFO] [stdout]    |
[INFO] [stdout] 7  | use xmpp_parsers_gst_meet::ecaps2::hash_ecaps2;
[INFO] [stdout]    |
[INFO] [stdout] 
[INFO] [stdout] 
[INFO] [stdout] error[E0433]: failed to resolve: use of undeclared type `ECaps2`
[INFO] [stdout]   --> examples/generate-caps.rs:29:8
[INFO] [stdout]    |
[INFO] [stdout] 29 |     Ok(ECaps2::new(vec![
[INFO] [stdout]    |        ^^^^^^ not found in this scope
[INFO] [stdout]    |
[INFO] [stdout] help: consider importing this struct
[INFO] [stdout]    |
[INFO] [stdout] 7  | use xmpp_parsers_gst_meet::ecaps2::ECaps2;
[INFO] [stdout]    |
[INFO] [stdout] 
[INFO] [stdout] 
[INFO] [stdout] error[E0433]: failed to resolve: use of undeclared type `DiscoInfoResult`
[INFO] [stdout]   --> examples/generate-caps.rs:54:17
[INFO] [stdout]    |
[INFO] [stdout] 54 |     let disco = DiscoInfoResult::try_from(elem)?;
[INFO] [stdout]    |                 ^^^^^^^^^^^^^^^ not found in this scope
[INFO] [stdout]    |
[INFO] [stdout] help: consider importing this struct
[INFO] [stdout]    |
[INFO] [stdout] 7  | use xmpp_parsers_gst_meet::disco::DiscoInfoResult;
[INFO] [stdout]    |
[INFO] [stdout] 
[INFO] [stdout] 
[INFO] [stdout] warning: unused import: `std::convert::TryFrom`
[INFO] [stdout]  --> examples/generate-caps.rs:7:5
[INFO] [stdout]   |
[INFO] [stdout] 7 | use std::convert::TryFrom;
[INFO] [stdout]   |     ^^^^^^^^^^^^^^^^^^^^^
[INFO] [stdout]   |
[INFO] [stdout]   = note: `#[warn(unused_imports)]` on by default
[INFO] [stdout] 
[INFO] [stdout] 
[INFO] [stdout] error: aborting due to 19 previous errors; 1 warning emitted
[INFO] [stdout] 
[INFO] [stdout] 
[INFO] [stdout] Some errors have detailed explanations: E0412, E0425, E0432, E0433.
[INFO] [stdout] 
[INFO] [stdout] For more information about an error, try `rustc --explain E0412`.
[INFO] [stdout] 
[INFO] [stderr] error: build failed
[INFO] running `Command { std: "docker" "inspect" "eef6965d8eb625ea1ad5a6abab1828bfaba6a840cb188a0ea9ab7613c1c71d02", kill_on_drop: false }`
[INFO] running `Command { std: "docker" "rm" "-f" "eef6965d8eb625ea1ad5a6abab1828bfaba6a840cb188a0ea9ab7613c1c71d02", kill_on_drop: false }`
[INFO] [stdout] eef6965d8eb625ea1ad5a6abab1828bfaba6a840cb188a0ea9ab7613c1c71d02
