[INFO] fetching crate witnext2 0.1.2...
[INFO] checking witnext2-0.1.2 against beta-2021-10-15 for beta-1.56-3
[INFO] extracting crate witnext2 0.1.2 into /workspace/builds/worker-25/source
[INFO] validating manifest of crates.io crate witnext2 0.1.2 on toolchain beta-2021-10-15
[INFO] running `Command { std: "/workspace/cargo-home/bin/cargo" "+beta-2021-10-15" "metadata" "--manifest-path" "Cargo.toml" "--no-deps", kill_on_drop: false }`
[INFO] started tweaking crates.io crate witnext2 0.1.2
[INFO] removed 0 missing tests
[INFO] finished tweaking crates.io crate witnext2 0.1.2
[INFO] tweaked toml for crates.io crate witnext2 0.1.2 written to /workspace/builds/worker-25/source/Cargo.toml
[INFO] running `Command { std: "/workspace/cargo-home/bin/cargo" "+beta-2021-10-15" "generate-lockfile" "--manifest-path" "Cargo.toml" "-Zno-index-update", kill_on_drop: false }`
[INFO] [stderr]     Blocking waiting for file lock on package cache
[INFO] running `Command { std: "/workspace/cargo-home/bin/cargo" "+beta-2021-10-15" "fetch" "--manifest-path" "Cargo.toml", kill_on_drop: false }`
[INFO] [stderr]     Blocking waiting for file lock on package cache
[INFO] [stderr]     Blocking waiting for file lock on package cache
[INFO] running `Command { std: "docker" "create" "-v" "/var/lib/crater-agent-workspace/builds/worker-25/target:/opt/rustwide/target:rw,Z" "-v" "/var/lib/crater-agent-workspace/builds/worker-25/source:/opt/rustwide/workdir:ro,Z" "-v" "/var/lib/crater-agent-workspace/cargo-home:/opt/rustwide/cargo-home:ro,Z" "-v" "/var/lib/crater-agent-workspace/rustup-home:/opt/rustwide/rustup-home:ro,Z" "-e" "SOURCE_DIR=/opt/rustwide/workdir" "-e" "CARGO_TARGET_DIR=/opt/rustwide/target" "-e" "CARGO_HOME=/opt/rustwide/cargo-home" "-e" "RUSTUP_HOME=/opt/rustwide/rustup-home" "-w" "/opt/rustwide/workdir" "-m" "1610612736" "--user" "0:0" "--network" "none" "ghcr.io/rust-lang/crates-build-env/linux@sha256:a89201d6b5b9fd45c15d5952ece0a0129e7e80cb26ec023fd59cf09bc26f1604" "/opt/rustwide/cargo-home/bin/cargo" "+beta-2021-10-15" "metadata" "--no-deps" "--format-version=1", kill_on_drop: false }`
[INFO] [stdout] d0a48e31fd09c60db5e0b59eb25985f86b99ebf408aa97877268bfe635ecd68c
[INFO] running `Command { std: "docker" "start" "-a" "d0a48e31fd09c60db5e0b59eb25985f86b99ebf408aa97877268bfe635ecd68c", kill_on_drop: false }`
[INFO] running `Command { std: "docker" "inspect" "d0a48e31fd09c60db5e0b59eb25985f86b99ebf408aa97877268bfe635ecd68c", kill_on_drop: false }`
[INFO] running `Command { std: "docker" "rm" "-f" "d0a48e31fd09c60db5e0b59eb25985f86b99ebf408aa97877268bfe635ecd68c", kill_on_drop: false }`
[INFO] [stdout] d0a48e31fd09c60db5e0b59eb25985f86b99ebf408aa97877268bfe635ecd68c
[INFO] running `Command { std: "docker" "create" "-v" "/var/lib/crater-agent-workspace/builds/worker-25/target:/opt/rustwide/target:rw,Z" "-v" "/var/lib/crater-agent-workspace/builds/worker-25/source:/opt/rustwide/workdir:ro,Z" "-v" "/var/lib/crater-agent-workspace/cargo-home:/opt/rustwide/cargo-home:ro,Z" "-v" "/var/lib/crater-agent-workspace/rustup-home:/opt/rustwide/rustup-home:ro,Z" "-e" "SOURCE_DIR=/opt/rustwide/workdir" "-e" "CARGO_TARGET_DIR=/opt/rustwide/target" "-e" "CARGO_INCREMENTAL=0" "-e" "RUST_BACKTRACE=full" "-e" "RUSTFLAGS=--cap-lints=warn" "-e" "CARGO_HOME=/opt/rustwide/cargo-home" "-e" "RUSTUP_HOME=/opt/rustwide/rustup-home" "-w" "/opt/rustwide/workdir" "-m" "1610612736" "--user" "0:0" "--network" "none" "ghcr.io/rust-lang/crates-build-env/linux@sha256:a89201d6b5b9fd45c15d5952ece0a0129e7e80cb26ec023fd59cf09bc26f1604" "/opt/rustwide/cargo-home/bin/cargo" "+beta-2021-10-15" "check" "--frozen" "--all" "--all-targets" "--message-format=json", kill_on_drop: false }`
[INFO] [stdout] fe55db724330d72f287af5322fe56e578ff497d336f39c6b47d72453e304964a
[INFO] running `Command { std: "docker" "start" "-a" "fe55db724330d72f287af5322fe56e578ff497d336f39c6b47d72453e304964a", kill_on_drop: false }`
[INFO] [stderr]    Compiling crossbeam-utils v0.8.5
[INFO] [stderr]    Compiling syn v1.0.80
[INFO] [stderr]    Compiling crossbeam-epoch v0.9.5
[INFO] [stderr]    Compiling rayon-core v1.9.1
[INFO] [stderr]    Compiling anyhow v1.0.44
[INFO] [stderr]     Checking either v1.6.1
[INFO] [stderr]     Checking itoa v0.4.8
[INFO] [stderr]     Checking id-arena v2.2.1
[INFO] [stderr]    Compiling memoffset v0.6.4
[INFO] [stderr]    Compiling rayon v1.5.1
[INFO] [stderr]     Checking num_cpus v1.13.0
[INFO] [stderr]     Checking crossbeam-channel v0.5.1
[INFO] [stderr]     Checking witnext2 v0.1.2 (/opt/rustwide/workdir)
[INFO] [stderr]     Checking crossbeam-deque v0.8.1
[INFO] [stderr]    Compiling serde_derive v1.0.130
[INFO] [stderr]     Checking serde v1.0.130
[INFO] [stderr]     Checking serde_json v1.0.68
[INFO] [stdout] error[E0433]: failed to resolve: use of undeclared crate or module `witx2`
[INFO] [stdout]    --> tests/all.rs:154:16
[INFO] [stdout]     |
[INFO] [stdout] 154 | fn to_json(i: &witx2::Interface) -> String {
[INFO] [stdout]     |                ^^^^^ use of undeclared crate or module `witx2`
[INFO] [stdout] 
[INFO] [stdout] 
[INFO] [stdout] error[E0433]: failed to resolve: use of undeclared crate or module `witx2`
[INFO] [stdout]    --> tests/all.rs:260:31
[INFO] [stdout]     |
[INFO] [stdout] 260 |     fn translate_typedef(ty: &witx2::TypeDef) -> Type {
[INFO] [stdout]     |                               ^^^^^ use of undeclared crate or module `witx2`
[INFO] [stdout] 
[INFO] [stdout] 
[INFO] [stdout] error[E0433]: failed to resolve: use of undeclared crate or module `witx2`
[INFO] [stdout]    --> tests/all.rs:262:13
[INFO] [stdout]     |
[INFO] [stdout] 262 |             witx2::TypeDefKind::Type(t) => Type::Primitive(translate_type(t)),
[INFO] [stdout]     |             ^^^^^ use of undeclared crate or module `witx2`
[INFO] [stdout] 
[INFO] [stdout] 
[INFO] [stdout] error[E0433]: failed to resolve: use of undeclared crate or module `witx2`
[INFO] [stdout]    --> tests/all.rs:263:13
[INFO] [stdout]     |
[INFO] [stdout] 263 |             witx2::TypeDefKind::Record(r) => Type::Record {
[INFO] [stdout]     |             ^^^^^ use of undeclared crate or module `witx2`
[INFO] [stdout] 
[INFO] [stdout] 
[INFO] [stdout] error[E0433]: failed to resolve: use of undeclared crate or module `witx2`
[INFO] [stdout]    --> tests/all.rs:270:13
[INFO] [stdout]     |
[INFO] [stdout] 270 |             witx2::TypeDefKind::Variant(v) => Type::Variant {
[INFO] [stdout]     |             ^^^^^ use of undeclared crate or module `witx2`
[INFO] [stdout] 
[INFO] [stdout] 
[INFO] [stdout] error[E0433]: failed to resolve: use of undeclared crate or module `witx2`
[INFO] [stdout]    --> tests/all.rs:277:13
[INFO] [stdout]     |
[INFO] [stdout] 277 |             witx2::TypeDefKind::PushBuffer(ty) => Type::PushBuffer(translate_type(ty)),
[INFO] [stdout]     |             ^^^^^ use of undeclared crate or module `witx2`
[INFO] [stdout] 
[INFO] [stdout] 
[INFO] [stdout] error[E0433]: failed to resolve: use of undeclared crate or module `witx2`
[INFO] [stdout]    --> tests/all.rs:278:13
[INFO] [stdout]     |
[INFO] [stdout] 278 |             witx2::TypeDefKind::PullBuffer(ty) => Type::PullBuffer(translate_type(ty)),
[INFO] [stdout]     |             ^^^^^ use of undeclared crate or module `witx2`
[INFO] [stdout] 
[INFO] [stdout] 
[INFO] [stdout] error[E0433]: failed to resolve: use of undeclared crate or module `witx2`
[INFO] [stdout]    --> tests/all.rs:279:13
[INFO] [stdout]     |
[INFO] [stdout] 279 |             witx2::TypeDefKind::List(ty) => Type::List(translate_type(ty)),
[INFO] [stdout]     |             ^^^^^ use of undeclared crate or module `witx2`
[INFO] [stdout] 
[INFO] [stdout] 
[INFO] [stdout] error[E0433]: failed to resolve: use of undeclared crate or module `witx2`
[INFO] [stdout]    --> tests/all.rs:280:13
[INFO] [stdout]     |
[INFO] [stdout] 280 |             witx2::TypeDefKind::Pointer(ty) => Type::Pointer(translate_type(ty)),
[INFO] [stdout]     |             ^^^^^ use of undeclared crate or module `witx2`
[INFO] [stdout] 
[INFO] [stdout] 
[INFO] [stdout] error[E0433]: failed to resolve: use of undeclared crate or module `witx2`
[INFO] [stdout]    --> tests/all.rs:281:13
[INFO] [stdout]     |
[INFO] [stdout] 281 |             witx2::TypeDefKind::ConstPointer(ty) => Type::ConstPointer(translate_type(ty)),
[INFO] [stdout]     |             ^^^^^ use of undeclared crate or module `witx2`
[INFO] [stdout] 
[INFO] [stdout] 
[INFO] [stdout] error[E0433]: failed to resolve: use of undeclared crate or module `witx2`
[INFO] [stdout]    --> tests/all.rs:285:28
[INFO] [stdout]     |
[INFO] [stdout] 285 |     fn translate_type(ty: &witx2::Type) -> String {
[INFO] [stdout]     |                            ^^^^^ use of undeclared crate or module `witx2`
[INFO] [stdout] 
[INFO] [stdout] 
[INFO] [stdout] error[E0433]: failed to resolve: use of undeclared crate or module `witx2`
[INFO] [stdout]    --> tests/all.rs:287:13
[INFO] [stdout]     |
[INFO] [stdout] 287 |             witx2::Type::U8 => format!("u8"),
[INFO] [stdout]     |             ^^^^^ use of undeclared crate or module `witx2`
[INFO] [stdout] 
[INFO] [stdout] 
[INFO] [stdout] error[E0433]: failed to resolve: use of undeclared crate or module `witx2`
[INFO] [stdout]    --> tests/all.rs:288:13
[INFO] [stdout]     |
[INFO] [stdout] 288 |             witx2::Type::CChar => format!("c_char"),
[INFO] [stdout]     |             ^^^^^ use of undeclared crate or module `witx2`
[INFO] [stdout] 
[INFO] [stdout] 
[INFO] [stdout] error[E0433]: failed to resolve: use of undeclared crate or module `witx2`
[INFO] [stdout]    --> tests/all.rs:289:13
[INFO] [stdout]     |
[INFO] [stdout] 289 |             witx2::Type::U16 => format!("u16"),
[INFO] [stdout]     |             ^^^^^ use of undeclared crate or module `witx2`
[INFO] [stdout] 
[INFO] [stdout] 
[INFO] [stdout] error[E0433]: failed to resolve: use of undeclared crate or module `witx2`
[INFO] [stdout]    --> tests/all.rs:290:13
[INFO] [stdout]     |
[INFO] [stdout] 290 |             witx2::Type::U32 => format!("u32"),
[INFO] [stdout]     |             ^^^^^ use of undeclared crate or module `witx2`
[INFO] [stdout] 
[INFO] [stdout] 
[INFO] [stdout] error[E0433]: failed to resolve: use of undeclared crate or module `witx2`
[INFO] [stdout]    --> tests/all.rs:291:13
[INFO] [stdout]     |
[INFO] [stdout] 291 |             witx2::Type::Usize => format!("usize"),
[INFO] [stdout]     |             ^^^^^ use of undeclared crate or module `witx2`
[INFO] [stdout] 
[INFO] [stdout] 
[INFO] [stdout] error[E0433]: failed to resolve: use of undeclared crate or module `witx2`
[INFO] [stdout]    --> tests/all.rs:292:13
[INFO] [stdout]     |
[INFO] [stdout] 292 |             witx2::Type::U64 => format!("u64"),
[INFO] [stdout]     |             ^^^^^ use of undeclared crate or module `witx2`
[INFO] [stdout] 
[INFO] [stdout] 
[INFO] [stdout] error[E0433]: failed to resolve: use of undeclared crate or module `witx2`
[INFO] [stdout]    --> tests/all.rs:293:13
[INFO] [stdout]     |
[INFO] [stdout] 293 |             witx2::Type::S8 => format!("s8"),
[INFO] [stdout]     |             ^^^^^ use of undeclared crate or module `witx2`
[INFO] [stdout] 
[INFO] [stdout] 
[INFO] [stdout] error[E0433]: failed to resolve: use of undeclared crate or module `witx2`
[INFO] [stdout]    --> tests/all.rs:294:13
[INFO] [stdout]     |
[INFO] [stdout] 294 |             witx2::Type::S16 => format!("s16"),
[INFO] [stdout]     |             ^^^^^ use of undeclared crate or module `witx2`
[INFO] [stdout] 
[INFO] [stdout] 
[INFO] [stdout] error[E0433]: failed to resolve: use of undeclared crate or module `witx2`
[INFO] [stdout]    --> tests/all.rs:295:13
[INFO] [stdout]     |
[INFO] [stdout] 295 |             witx2::Type::S32 => format!("s32"),
[INFO] [stdout]     |             ^^^^^ use of undeclared crate or module `witx2`
[INFO] [stdout] 
[INFO] [stdout] 
[INFO] [stdout] error[E0433]: failed to resolve: use of undeclared crate or module `witx2`
[INFO] [stdout]    --> tests/all.rs:296:13
[INFO] [stdout]     |
[INFO] [stdout] 296 |             witx2::Type::S64 => format!("s64"),
[INFO] [stdout]     |             ^^^^^ use of undeclared crate or module `witx2`
[INFO] [stdout] 
[INFO] [stdout] 
[INFO] [stdout] error[E0433]: failed to resolve: use of undeclared crate or module `witx2`
[INFO] [stdout]    --> tests/all.rs:297:13
[INFO] [stdout]     |
[INFO] [stdout] 297 |             witx2::Type::F32 => format!("f32"),
[INFO] [stdout]     |             ^^^^^ use of undeclared crate or module `witx2`
[INFO] [stdout] 
[INFO] [stdout] 
[INFO] [stdout] error[E0433]: failed to resolve: use of undeclared crate or module `witx2`
[INFO] [stdout]    --> tests/all.rs:298:13
[INFO] [stdout]     |
[INFO] [stdout] 298 |             witx2::Type::F64 => format!("f64"),
[INFO] [stdout]     |             ^^^^^ use of undeclared crate or module `witx2`
[INFO] [stdout] 
[INFO] [stdout] 
[INFO] [stdout] error[E0433]: failed to resolve: use of undeclared crate or module `witx2`
[INFO] [stdout]    --> tests/all.rs:299:13
[INFO] [stdout]     |
[INFO] [stdout] 299 |             witx2::Type::Char => format!("char"),
[INFO] [stdout]     |             ^^^^^ use of undeclared crate or module `witx2`
[INFO] [stdout] 
[INFO] [stdout] 
[INFO] [stdout] error[E0433]: failed to resolve: use of undeclared crate or module `witx2`
[INFO] [stdout]    --> tests/all.rs:300:13
[INFO] [stdout]     |
[INFO] [stdout] 300 |             witx2::Type::Handle(resource) => format!("handle-{}", resource.index()),
[INFO] [stdout]     |             ^^^^^ use of undeclared crate or module `witx2`
[INFO] [stdout] 
[INFO] [stdout] 
[INFO] [stdout] error[E0433]: failed to resolve: use of undeclared crate or module `witx2`
[INFO] [stdout]    --> tests/all.rs:301:13
[INFO] [stdout]     |
[INFO] [stdout] 301 |             witx2::Type::Id(id) => format!("type-{}", id.index()),
[INFO] [stdout]     |             ^^^^^ use of undeclared crate or module `witx2`
[INFO] [stdout] 
[INFO] [stdout] 
[INFO] [stdout] error[E0433]: failed to resolve: use of undeclared crate or module `witx2`
[INFO] [stdout]   --> tests/all.rs:99:29
[INFO] [stdout]    |
[INFO] [stdout] 99 |         let result = witx2::Interface::parse_file(test);
[INFO] [stdout]    |                             ^^^^^^^^^ not found in `witx2`
[INFO] [stdout]    |
[INFO] [stdout] help: consider importing this struct
[INFO] [stdout]    |
[INFO] [stdout] 10 | use witnext2::Interface;
[INFO] [stdout]    |
[INFO] [stdout] 
[INFO] [stdout] 
[INFO] [stdout] error: aborting due to 27 previous errors
[INFO] [stdout] 
[INFO] [stdout] 
[INFO] [stdout] For more information about this error, try `rustc --explain E0433`.
[INFO] [stdout] 
[INFO] [stderr] error: could not compile `witnext2` due to 28 previous errors
[INFO] [stderr] warning: build failed, waiting for other jobs to finish...
[INFO] [stderr] error: build failed
[INFO] running `Command { std: "docker" "inspect" "fe55db724330d72f287af5322fe56e578ff497d336f39c6b47d72453e304964a", kill_on_drop: false }`
[INFO] running `Command { std: "docker" "rm" "-f" "fe55db724330d72f287af5322fe56e578ff497d336f39c6b47d72453e304964a", kill_on_drop: false }`
[INFO] [stdout] fe55db724330d72f287af5322fe56e578ff497d336f39c6b47d72453e304964a
