[INFO] fetching crate winspawn 0.1.1...
[INFO] checking winspawn-0.1.1 against beta-2021-10-15 for beta-1.56-3
[INFO] extracting crate winspawn 0.1.1 into /workspace/builds/worker-103/source
[INFO] validating manifest of crates.io crate winspawn 0.1.1 on toolchain beta-2021-10-15
[INFO] running `Command { std: "/workspace/cargo-home/bin/cargo" "+beta-2021-10-15" "metadata" "--manifest-path" "Cargo.toml" "--no-deps", kill_on_drop: false }`
[INFO] started tweaking crates.io crate winspawn 0.1.1
[INFO] finished tweaking crates.io crate winspawn 0.1.1
[INFO] tweaked toml for crates.io crate winspawn 0.1.1 written to /workspace/builds/worker-103/source/Cargo.toml
[INFO] running `Command { std: "/workspace/cargo-home/bin/cargo" "+beta-2021-10-15" "generate-lockfile" "--manifest-path" "Cargo.toml" "-Zno-index-update", kill_on_drop: false }`
[INFO] [stderr]     Blocking waiting for file lock on package cache
[INFO] running `Command { std: "/workspace/cargo-home/bin/cargo" "+beta-2021-10-15" "fetch" "--manifest-path" "Cargo.toml", kill_on_drop: false }`
[INFO] [stderr]     Blocking waiting for file lock on package cache
[INFO] running `Command { std: "docker" "create" "-v" "/var/lib/crater-agent-workspace/builds/worker-103/target:/opt/rustwide/target:rw,Z" "-v" "/var/lib/crater-agent-workspace/builds/worker-103/source:/opt/rustwide/workdir:ro,Z" "-v" "/var/lib/crater-agent-workspace/cargo-home:/opt/rustwide/cargo-home:ro,Z" "-v" "/var/lib/crater-agent-workspace/rustup-home:/opt/rustwide/rustup-home:ro,Z" "-e" "SOURCE_DIR=/opt/rustwide/workdir" "-e" "CARGO_TARGET_DIR=/opt/rustwide/target" "-e" "CARGO_HOME=/opt/rustwide/cargo-home" "-e" "RUSTUP_HOME=/opt/rustwide/rustup-home" "-w" "/opt/rustwide/workdir" "-m" "1610612736" "--user" "0:0" "--network" "none" "ghcr.io/rust-lang/crates-build-env/linux@sha256:a89201d6b5b9fd45c15d5952ece0a0129e7e80cb26ec023fd59cf09bc26f1604" "/opt/rustwide/cargo-home/bin/cargo" "+beta-2021-10-15" "metadata" "--no-deps" "--format-version=1", kill_on_drop: false }`
[INFO] [stdout] 77f382c8514b78ae9dc19addb6ad1fb347ae7a55983c9da4fd843e16dad724ed
[INFO] running `Command { std: "docker" "start" "-a" "77f382c8514b78ae9dc19addb6ad1fb347ae7a55983c9da4fd843e16dad724ed", kill_on_drop: false }`
[INFO] running `Command { std: "docker" "inspect" "77f382c8514b78ae9dc19addb6ad1fb347ae7a55983c9da4fd843e16dad724ed", kill_on_drop: false }`
[INFO] running `Command { std: "docker" "rm" "-f" "77f382c8514b78ae9dc19addb6ad1fb347ae7a55983c9da4fd843e16dad724ed", kill_on_drop: false }`
[INFO] [stdout] 77f382c8514b78ae9dc19addb6ad1fb347ae7a55983c9da4fd843e16dad724ed
[INFO] running `Command { std: "docker" "create" "-v" "/var/lib/crater-agent-workspace/builds/worker-103/target:/opt/rustwide/target:rw,Z" "-v" "/var/lib/crater-agent-workspace/builds/worker-103/source:/opt/rustwide/workdir:ro,Z" "-v" "/var/lib/crater-agent-workspace/cargo-home:/opt/rustwide/cargo-home:ro,Z" "-v" "/var/lib/crater-agent-workspace/rustup-home:/opt/rustwide/rustup-home:ro,Z" "-e" "SOURCE_DIR=/opt/rustwide/workdir" "-e" "CARGO_TARGET_DIR=/opt/rustwide/target" "-e" "CARGO_INCREMENTAL=0" "-e" "RUST_BACKTRACE=full" "-e" "RUSTFLAGS=--cap-lints=warn" "-e" "CARGO_HOME=/opt/rustwide/cargo-home" "-e" "RUSTUP_HOME=/opt/rustwide/rustup-home" "-w" "/opt/rustwide/workdir" "-m" "1610612736" "--user" "0:0" "--network" "none" "ghcr.io/rust-lang/crates-build-env/linux@sha256:a89201d6b5b9fd45c15d5952ece0a0129e7e80cb26ec023fd59cf09bc26f1604" "/opt/rustwide/cargo-home/bin/cargo" "+beta-2021-10-15" "check" "--frozen" "--all" "--all-targets" "--message-format=json", kill_on_drop: false }`
[INFO] [stdout] 997edaa6e8f45214604fcc975a87dbfe477a1192876e0025ddb3f012e9c8000a
[INFO] running `Command { std: "docker" "start" "-a" "997edaa6e8f45214604fcc975a87dbfe477a1192876e0025ddb3f012e9c8000a", kill_on_drop: false }`
[INFO] [stderr]     Blocking waiting for file lock on package cache
[INFO] [stderr]     Blocking waiting for file lock on package cache
[INFO] [stderr]    Compiling proc-macro2 v1.0.30
[INFO] [stderr]    Compiling syn v1.0.80
[INFO] [stderr]    Compiling libc v0.2.104
[INFO] [stderr]    Compiling windows_gen v0.13.0
[INFO] [stderr]    Compiling const-sha1 v0.2.0
[INFO] [stderr]     Checking quick-error v1.2.3
[INFO] [stderr]     Checking regex-syntax v0.6.25
[INFO] [stderr]     Checking ppv-lite86 v0.2.14
[INFO] [stderr]     Checking bytes v1.1.0
[INFO] [stderr]     Checking termcolor v1.1.2
[INFO] [stderr]     Checking pin-project-lite v0.2.7
[INFO] [stderr]    Compiling tokio v1.12.0
[INFO] [stderr]     Checking memchr v2.4.1
[INFO] [stderr]     Checking log v0.4.14
[INFO] [stderr]     Checking humantime v1.3.0
[INFO] [stderr]     Checking aho-corasick v0.7.18
[INFO] [stderr]     Checking getrandom v0.2.3
[INFO] [stderr]     Checking atty v0.2.14
[INFO] [stderr]     Checking mio v0.7.13
[INFO] [stderr]    Compiling quote v1.0.10
[INFO] [stderr]     Checking rand_core v0.6.3
[INFO] [stderr]     Checking rand_chacha v0.3.1
[INFO] [stderr]     Checking rand v0.8.4
[INFO] [stderr]     Checking regex v1.5.4
[INFO] [stderr]     Checking env_logger v0.7.1
[INFO] [stderr]     Checking pretty_env_logger v0.4.0
[INFO] [stderr]    Compiling windows_macros v0.13.0
[INFO] [stderr]    Compiling tokio-macros v1.5.0
[INFO] [stderr]    Compiling winspawn-macro v0.1.0
[INFO] [stderr]    Compiling windows v0.13.0
[INFO] [stderr]    Compiling winspawn v0.1.1 (/opt/rustwide/workdir)
[INFO] [stderr]     Checking tokio-anon-pipe v0.1.1
[INFO] [stdout] error[E0405]: cannot find trait `IntoRawHandle` in this scope
[INFO] [stdout]    --> src/lib.rs:107:12
[INFO] [stdout]     |
[INFO] [stdout] 107 |         H: IntoRawHandle,
[INFO] [stdout]     |            ^^^^^^^^^^^^^ not found in this scope
[INFO] [stdout] 
[INFO] [stdout] 
[INFO] [stdout] error[E0425]: cannot find function `enc_wstr` in this scope
[INFO] [stdout]    --> src/lib.rs:407:19
[INFO] [stdout]     |
[INFO] [stdout] 407 |     let program = enc_wstr(program.as_ref());
[INFO] [stdout]     |                   ^^^^^^^^ not found in this scope
[INFO] [stdout] 
[INFO] [stdout] 
[INFO] [stdout] error[E0425]: cannot find value `enc_wstr` in this scope
[INFO] [stdout]    --> src/lib.rs:411:37
[INFO] [stdout]     |
[INFO] [stdout] 411 |     let args = args.into_iter().map(enc_wstr).collect::<Vec<_>>();
[INFO] [stdout]     |                                     ^^^^^^^^ not found in this scope
[INFO] [stdout] 
[INFO] [stdout] 
[INFO] [stdout] error: aborting due to 3 previous errors
[INFO] [stdout] 
[INFO] [stdout] 
[INFO] [stdout] Some errors have detailed explanations: E0405, E0425.
[INFO] [stdout] 
[INFO] [stdout] For more information about an error, try `rustc --explain E0405`.
[INFO] [stdout] 
[INFO] [stdout] error[E0405]: cannot find trait `IntoRawHandle` in this scope
[INFO] [stdout]    --> src/lib.rs:107:12
[INFO] [stdout]     |
[INFO] [stdout] 107 |         H: IntoRawHandle,
[INFO] [stdout]     |            ^^^^^^^^^^^^^ not found in this scope
[INFO] [stdout] 
[INFO] [stdout] 
[INFO] [stderr] error: could not compile `winspawn` due to 4 previous errors
[INFO] [stderr] warning: build failed, waiting for other jobs to finish...
[INFO] [stdout] error[E0425]: cannot find function `enc_wstr` in this scope
[INFO] [stdout]    --> src/lib.rs:407:19
[INFO] [stdout]     |
[INFO] [stdout] 407 |     let program = enc_wstr(program.as_ref());
[INFO] [stdout]     |                   ^^^^^^^^ not found in this scope
[INFO] [stdout] 
[INFO] [stdout] 
[INFO] [stdout] error[E0425]: cannot find value `enc_wstr` in this scope
[INFO] [stdout]    --> src/lib.rs:411:37
[INFO] [stdout]     |
[INFO] [stdout] 411 |     let args = args.into_iter().map(enc_wstr).collect::<Vec<_>>();
[INFO] [stdout]     |                                     ^^^^^^^^ not found in this scope
[INFO] [stdout] 
[INFO] [stdout] 
[INFO] [stdout] error: aborting due to 3 previous errors
[INFO] [stdout] 
[INFO] [stdout] 
[INFO] [stdout] Some errors have detailed explanations: E0405, E0425.
[INFO] [stdout] 
[INFO] [stdout] For more information about an error, try `rustc --explain E0405`.
[INFO] [stdout] 
[INFO] [stderr] error: build failed
[INFO] running `Command { std: "docker" "inspect" "997edaa6e8f45214604fcc975a87dbfe477a1192876e0025ddb3f012e9c8000a", kill_on_drop: false }`
[INFO] running `Command { std: "docker" "rm" "-f" "997edaa6e8f45214604fcc975a87dbfe477a1192876e0025ddb3f012e9c8000a", kill_on_drop: false }`
[INFO] [stdout] 997edaa6e8f45214604fcc975a87dbfe477a1192876e0025ddb3f012e9c8000a
