[INFO] fetching crate windebug_logger 0.1.4...
[INFO] checking windebug_logger-0.1.4 against beta-2021-10-15 for beta-1.56-3
[INFO] extracting crate windebug_logger 0.1.4 into /workspace/builds/worker-97/source
[INFO] validating manifest of crates.io crate windebug_logger 0.1.4 on toolchain beta-2021-10-15
[INFO] running `Command { std: "/workspace/cargo-home/bin/cargo" "+beta-2021-10-15" "metadata" "--manifest-path" "Cargo.toml" "--no-deps", kill_on_drop: false }`
[INFO] started tweaking crates.io crate windebug_logger 0.1.4
[INFO] finished tweaking crates.io crate windebug_logger 0.1.4
[INFO] tweaked toml for crates.io crate windebug_logger 0.1.4 written to /workspace/builds/worker-97/source/Cargo.toml
[INFO] running `Command { std: "/workspace/cargo-home/bin/cargo" "+beta-2021-10-15" "generate-lockfile" "--manifest-path" "Cargo.toml" "-Zno-index-update", kill_on_drop: false }`
[INFO] [stderr]     Blocking waiting for file lock on package cache
[INFO] running `Command { std: "/workspace/cargo-home/bin/cargo" "+beta-2021-10-15" "fetch" "--manifest-path" "Cargo.toml", kill_on_drop: false }`
[INFO] [stderr]     Blocking waiting for file lock on package cache
[INFO] [stderr]     Blocking waiting for file lock on package cache
[INFO] running `Command { std: "docker" "create" "-v" "/var/lib/crater-agent-workspace/builds/worker-97/target:/opt/rustwide/target:rw,Z" "-v" "/var/lib/crater-agent-workspace/builds/worker-97/source:/opt/rustwide/workdir:ro,Z" "-v" "/var/lib/crater-agent-workspace/cargo-home:/opt/rustwide/cargo-home:ro,Z" "-v" "/var/lib/crater-agent-workspace/rustup-home:/opt/rustwide/rustup-home:ro,Z" "-e" "SOURCE_DIR=/opt/rustwide/workdir" "-e" "CARGO_TARGET_DIR=/opt/rustwide/target" "-e" "CARGO_HOME=/opt/rustwide/cargo-home" "-e" "RUSTUP_HOME=/opt/rustwide/rustup-home" "-w" "/opt/rustwide/workdir" "-m" "1610612736" "--user" "0:0" "--network" "none" "ghcr.io/rust-lang/crates-build-env/linux@sha256:a89201d6b5b9fd45c15d5952ece0a0129e7e80cb26ec023fd59cf09bc26f1604" "/opt/rustwide/cargo-home/bin/cargo" "+beta-2021-10-15" "metadata" "--no-deps" "--format-version=1", kill_on_drop: false }`
[INFO] [stdout] 6c4c8dbdc012456f37b0ebda4da378932a3c25821131a394ad3188bb8627f09d
[INFO] running `Command { std: "docker" "start" "-a" "6c4c8dbdc012456f37b0ebda4da378932a3c25821131a394ad3188bb8627f09d", kill_on_drop: false }`
[INFO] running `Command { std: "docker" "inspect" "6c4c8dbdc012456f37b0ebda4da378932a3c25821131a394ad3188bb8627f09d", kill_on_drop: false }`
[INFO] running `Command { std: "docker" "rm" "-f" "6c4c8dbdc012456f37b0ebda4da378932a3c25821131a394ad3188bb8627f09d", kill_on_drop: false }`
[INFO] [stdout] 6c4c8dbdc012456f37b0ebda4da378932a3c25821131a394ad3188bb8627f09d
[INFO] running `Command { std: "docker" "create" "-v" "/var/lib/crater-agent-workspace/builds/worker-97/target:/opt/rustwide/target:rw,Z" "-v" "/var/lib/crater-agent-workspace/builds/worker-97/source:/opt/rustwide/workdir:ro,Z" "-v" "/var/lib/crater-agent-workspace/cargo-home:/opt/rustwide/cargo-home:ro,Z" "-v" "/var/lib/crater-agent-workspace/rustup-home:/opt/rustwide/rustup-home:ro,Z" "-e" "SOURCE_DIR=/opt/rustwide/workdir" "-e" "CARGO_TARGET_DIR=/opt/rustwide/target" "-e" "CARGO_INCREMENTAL=0" "-e" "RUST_BACKTRACE=full" "-e" "RUSTFLAGS=--cap-lints=warn" "-e" "CARGO_HOME=/opt/rustwide/cargo-home" "-e" "RUSTUP_HOME=/opt/rustwide/rustup-home" "-w" "/opt/rustwide/workdir" "-m" "1610612736" "--user" "0:0" "--network" "none" "ghcr.io/rust-lang/crates-build-env/linux@sha256:a89201d6b5b9fd45c15d5952ece0a0129e7e80cb26ec023fd59cf09bc26f1604" "/opt/rustwide/cargo-home/bin/cargo" "+beta-2021-10-15" "check" "--frozen" "--all" "--all-targets" "--message-format=json", kill_on_drop: false }`
[INFO] [stdout] 989232f4994f86f6618ce845b634ece0a715a2ccb3f1196708da0a25b136b7d3
[INFO] running `Command { std: "docker" "start" "-a" "989232f4994f86f6618ce845b634ece0a715a2ccb3f1196708da0a25b136b7d3", kill_on_drop: false }`
[INFO] [stderr]     Blocking waiting for file lock on package cache
[INFO] [stderr]    Compiling syn v1.0.80
[INFO] [stderr]    Compiling log v0.4.14
[INFO] [stderr]    Compiling winapi v0.3.9
[INFO] [stderr]    Compiling wchar-impl v0.6.0
[INFO] [stderr]     Checking wchar v0.6.1
[INFO] [stderr]     Checking windebug_logger v0.1.4 (/opt/rustwide/workdir)
[INFO] [stdout] error[E0433]: failed to resolve: could not find `um` in `winapi`
[INFO] [stdout]  --> src/codecvt.rs:2:13
[INFO] [stdout]   |
[INFO] [stdout] 2 | use winapi::um::{stringapiset::MultiByteToWideChar, winnls::CP_UTF8};
[INFO] [stdout]   |             ^^ could not find `um` in `winapi`
[INFO] [stdout] 
[INFO] [stdout] 
[INFO] [stdout] error[E0433]: failed to resolve: could not find `um` in `winapi`
[INFO] [stdout]  --> src/codecvt.rs:2:13
[INFO] [stdout]   |
[INFO] [stdout] 2 | use winapi::um::{stringapiset::MultiByteToWideChar, winnls::CP_UTF8};
[INFO] [stdout]   |             ^^ could not find `um` in `winapi`
[INFO] [stdout] 
[INFO] [stdout] 
[INFO] [stdout] error[E0432]: unresolved import `winapi::um`
[INFO] [stdout]   --> src/lib.rs:24:13
[INFO] [stdout]    |
[INFO] [stdout] 24 | use winapi::um::{datetimeapi, debugapi, sysinfoapi, winbase, winnt};
[INFO] [stdout]    |             ^^ could not find `um` in `winapi`
[INFO] [stdout] 
[INFO] [stdout] 
[INFO] [stdout] error[E0425]: cannot find function, tuple struct or tuple variant `MultiByteToWideChar` in this scope
[INFO] [stdout]   --> src/codecvt.rs:15:17
[INFO] [stdout]    |
[INFO] [stdout] 15 |                 MultiByteToWideChar(CP_UTF8, 0, s.as_ptr() as *const i8, in_len, null_mut(), 0);
[INFO] [stdout]    |                 ^^^^^^^^^^^^^^^^^^^ not found in this scope
[INFO] [stdout] 
[INFO] [stdout] 
[INFO] [stdout] error[E0432]: unresolved import `winapi::um`
[INFO] [stdout]   --> src/lib.rs:24:13
[INFO] [stdout]    |
[INFO] [stdout] 24 | use winapi::um::{datetimeapi, debugapi, sysinfoapi, winbase, winnt};
[INFO] [stdout]    |             ^^ could not find `um` in `winapi`
[INFO] [stdout] 
[INFO] [stdout] 
[INFO] [stdout] error[E0425]: cannot find value `CP_UTF8` in this scope
[INFO] [stdout]   --> src/codecvt.rs:15:37
[INFO] [stdout]    |
[INFO] [stdout] 15 |                 MultiByteToWideChar(CP_UTF8, 0, s.as_ptr() as *const i8, in_len, null_mut(), 0);
[INFO] [stdout]    |                                     ^^^^^^^ not found in this scope
[INFO] [stdout] 
[INFO] [stdout] 
[INFO] [stdout] error[E0425]: cannot find function, tuple struct or tuple variant `MultiByteToWideChar` in this scope
[INFO] [stdout]   --> src/codecvt.rs:24:34
[INFO] [stdout]    |
[INFO] [stdout] 24 |             let out_num_wchars = MultiByteToWideChar(
[INFO] [stdout]    |                                  ^^^^^^^^^^^^^^^^^^^ not found in this scope
[INFO] [stdout] 
[INFO] [stdout] 
[INFO] [stdout] error[E0425]: cannot find value `CP_UTF8` in this scope
[INFO] [stdout]   --> src/codecvt.rs:25:17
[INFO] [stdout]    |
[INFO] [stdout] 25 |                 CP_UTF8,
[INFO] [stdout]    |                 ^^^^^^^ not found in this scope
[INFO] [stdout] 
[INFO] [stdout] 
[INFO] [stdout] error[E0425]: cannot find function, tuple struct or tuple variant `MultiByteToWideChar` in this scope
[INFO] [stdout]   --> src/codecvt.rs:15:17
[INFO] [stdout]    |
[INFO] [stdout] 15 |                 MultiByteToWideChar(CP_UTF8, 0, s.as_ptr() as *const i8, in_len, null_mut(), 0);
[INFO] [stdout]    |                 ^^^^^^^^^^^^^^^^^^^ not found in this scope
[INFO] [stdout] 
[INFO] [stdout] 
[INFO] [stdout] error[E0425]: cannot find value `CP_UTF8` in this scope
[INFO] [stdout]   --> src/codecvt.rs:15:37
[INFO] [stdout]    |
[INFO] [stdout] 15 |                 MultiByteToWideChar(CP_UTF8, 0, s.as_ptr() as *const i8, in_len, null_mut(), 0);
[INFO] [stdout]    |                                     ^^^^^^^ not found in this scope
[INFO] [stdout] 
[INFO] [stdout] 
[INFO] [stdout] error[E0425]: cannot find function, tuple struct or tuple variant `MultiByteToWideChar` in this scope
[INFO] [stdout]   --> src/codecvt.rs:24:34
[INFO] [stdout]    |
[INFO] [stdout] 24 |             let out_num_wchars = MultiByteToWideChar(
[INFO] [stdout]    |                                  ^^^^^^^^^^^^^^^^^^^ not found in this scope
[INFO] [stdout] 
[INFO] [stdout] 
[INFO] [stdout] error[E0425]: cannot find value `CP_UTF8` in this scope
[INFO] [stdout]   --> src/codecvt.rs:25:17
[INFO] [stdout]    |
[INFO] [stdout] 25 |                 CP_UTF8,
[INFO] [stdout]    |                 ^^^^^^^ not found in this scope
[INFO] [stdout] 
[INFO] [stdout] 
[INFO] [stdout] warning: unused import: `convert::TryInto`
[INFO] [stdout]   --> src/lib.rs:20:5
[INFO] [stdout]    |
[INFO] [stdout] 20 |     convert::TryInto,
[INFO] [stdout]    |     ^^^^^^^^^^^^^^^^
[INFO] [stdout]    |
[INFO] [stdout]    = note: `#[warn(unused_imports)]` on by default
[INFO] [stdout] 
[INFO] [stdout] 
[INFO] [stdout] error: aborting due to 6 previous errors; 1 warning emitted
[INFO] [stdout] 
[INFO] [stdout] 
[INFO] [stdout] Some errors have detailed explanations: E0425, E0432, E0433.
[INFO] [stdout] 
[INFO] [stdout] For more information about an error, try `rustc --explain E0425`.
[INFO] [stdout] 
[INFO] [stdout] warning: unused import: `convert::TryInto`
[INFO] [stdout]   --> src/lib.rs:20:5
[INFO] [stdout]    |
[INFO] [stdout] 20 |     convert::TryInto,
[INFO] [stdout]    |     ^^^^^^^^^^^^^^^^
[INFO] [stdout]    |
[INFO] [stdout]    = note: `#[warn(unused_imports)]` on by default
[INFO] [stdout] 
[INFO] [stdout] 
[INFO] [stdout] error: aborting due to 6 previous errors; 1 warning emitted
[INFO] [stdout] 
[INFO] [stdout] 
[INFO] [stderr] error: could not compile `windebug_logger` due to 7 previous errors; 1 warning emitted
[INFO] [stdout] Some errors have detailed explanations: E0425, E0432, E0433.
[INFO] [stdout] 
[INFO] [stderr] warning: build failed, waiting for other jobs to finish...
[INFO] [stdout] For more information about an error, try `rustc --explain E0425`.
[INFO] [stdout] 
[INFO] [stderr] error: build failed
[INFO] running `Command { std: "docker" "inspect" "989232f4994f86f6618ce845b634ece0a715a2ccb3f1196708da0a25b136b7d3", kill_on_drop: false }`
[INFO] running `Command { std: "docker" "rm" "-f" "989232f4994f86f6618ce845b634ece0a715a2ccb3f1196708da0a25b136b7d3", kill_on_drop: false }`
[INFO] [stdout] 989232f4994f86f6618ce845b634ece0a715a2ccb3f1196708da0a25b136b7d3
