[INFO] fetching crate wedpr_ecies 0.2.1...
[INFO] checking wedpr_ecies-0.2.1 against beta-2021-10-15 for beta-1.56-3
[INFO] extracting crate wedpr_ecies 0.2.1 into /workspace/builds/worker-10/source
[INFO] validating manifest of crates.io crate wedpr_ecies 0.2.1 on toolchain beta-2021-10-15
[INFO] running `Command { std: "/workspace/cargo-home/bin/cargo" "+beta-2021-10-15" "metadata" "--manifest-path" "Cargo.toml" "--no-deps", kill_on_drop: false }`
[INFO] removed /workspace/builds/worker-10/source/.cargo/config
[INFO] started tweaking crates.io crate wedpr_ecies 0.2.1
[INFO] finished tweaking crates.io crate wedpr_ecies 0.2.1
[INFO] tweaked toml for crates.io crate wedpr_ecies 0.2.1 written to /workspace/builds/worker-10/source/Cargo.toml
[INFO] running `Command { std: "/workspace/cargo-home/bin/cargo" "+beta-2021-10-15" "generate-lockfile" "--manifest-path" "Cargo.toml" "-Zno-index-update", kill_on_drop: false }`
[INFO] [stderr]     Blocking waiting for file lock on package cache
[INFO] running `Command { std: "/workspace/cargo-home/bin/cargo" "+beta-2021-10-15" "fetch" "--manifest-path" "Cargo.toml", kill_on_drop: false }`
[INFO] [stderr]     Blocking waiting for file lock on package cache
[INFO] [stderr]     Blocking waiting for file lock on package cache
[INFO] [stderr]  Downloading crates ...
[INFO] [stderr]   Downloaded polyval v0.5.3
[INFO] [stderr]   Downloaded ctr v0.8.0
[INFO] [stderr]   Downloaded ghash v0.4.4
[INFO] [stderr]   Downloaded aes-gcm v0.9.4
[INFO] [stderr]   Downloaded aes v0.7.5
[INFO] [stderr]   Downloaded libsecp256k1 v0.6.0
[INFO] running `Command { std: "docker" "create" "-v" "/var/lib/crater-agent-workspace/builds/worker-10/target:/opt/rustwide/target:rw,Z" "-v" "/var/lib/crater-agent-workspace/builds/worker-10/source:/opt/rustwide/workdir:ro,Z" "-v" "/var/lib/crater-agent-workspace/cargo-home:/opt/rustwide/cargo-home:ro,Z" "-v" "/var/lib/crater-agent-workspace/rustup-home:/opt/rustwide/rustup-home:ro,Z" "-e" "SOURCE_DIR=/opt/rustwide/workdir" "-e" "CARGO_TARGET_DIR=/opt/rustwide/target" "-e" "CARGO_HOME=/opt/rustwide/cargo-home" "-e" "RUSTUP_HOME=/opt/rustwide/rustup-home" "-w" "/opt/rustwide/workdir" "-m" "1610612736" "--user" "0:0" "--network" "none" "ghcr.io/rust-lang/crates-build-env/linux@sha256:a89201d6b5b9fd45c15d5952ece0a0129e7e80cb26ec023fd59cf09bc26f1604" "/opt/rustwide/cargo-home/bin/cargo" "+beta-2021-10-15" "metadata" "--no-deps" "--format-version=1", kill_on_drop: false }`
[INFO] [stdout] 2a02ae4f2d31719f7ce7f52446c1bddbbe9eaa79429a7acfb157d81fa1e60167
[INFO] running `Command { std: "docker" "start" "-a" "2a02ae4f2d31719f7ce7f52446c1bddbbe9eaa79429a7acfb157d81fa1e60167", kill_on_drop: false }`
[INFO] running `Command { std: "docker" "inspect" "2a02ae4f2d31719f7ce7f52446c1bddbbe9eaa79429a7acfb157d81fa1e60167", kill_on_drop: false }`
[INFO] running `Command { std: "docker" "rm" "-f" "2a02ae4f2d31719f7ce7f52446c1bddbbe9eaa79429a7acfb157d81fa1e60167", kill_on_drop: false }`
[INFO] [stdout] 2a02ae4f2d31719f7ce7f52446c1bddbbe9eaa79429a7acfb157d81fa1e60167
[INFO] running `Command { std: "docker" "create" "-v" "/var/lib/crater-agent-workspace/builds/worker-10/target:/opt/rustwide/target:rw,Z" "-v" "/var/lib/crater-agent-workspace/builds/worker-10/source:/opt/rustwide/workdir:ro,Z" "-v" "/var/lib/crater-agent-workspace/cargo-home:/opt/rustwide/cargo-home:ro,Z" "-v" "/var/lib/crater-agent-workspace/rustup-home:/opt/rustwide/rustup-home:ro,Z" "-e" "SOURCE_DIR=/opt/rustwide/workdir" "-e" "CARGO_TARGET_DIR=/opt/rustwide/target" "-e" "CARGO_INCREMENTAL=0" "-e" "RUST_BACKTRACE=full" "-e" "RUSTFLAGS=--cap-lints=warn" "-e" "CARGO_HOME=/opt/rustwide/cargo-home" "-e" "RUSTUP_HOME=/opt/rustwide/rustup-home" "-w" "/opt/rustwide/workdir" "-m" "1610612736" "--user" "0:0" "--network" "none" "ghcr.io/rust-lang/crates-build-env/linux@sha256:a89201d6b5b9fd45c15d5952ece0a0129e7e80cb26ec023fd59cf09bc26f1604" "/opt/rustwide/cargo-home/bin/cargo" "+beta-2021-10-15" "check" "--frozen" "--all" "--all-targets" "--message-format=json", kill_on_drop: false }`
[INFO] [stdout] 4667d5dd3bd3d4c04859a1e5fba8600874b0da8dcff2278ad146f2a11cf57994
[INFO] running `Command { std: "docker" "start" "-a" "4667d5dd3bd3d4c04859a1e5fba8600874b0da8dcff2278ad146f2a11cf57994", kill_on_drop: false }`
[INFO] [stderr]    Compiling typenum v1.14.0
[INFO] [stderr]    Compiling syn v1.0.80
[INFO] [stderr]    Compiling serde_derive v1.0.130
[INFO] [stderr]    Compiling serde v1.0.130
[INFO] [stderr]    Compiling crunchy v0.2.2
[INFO] [stderr]     Checking pin-project-lite v0.2.7
[INFO] [stderr]     Checking bytes v1.1.0
[INFO] [stderr]    Compiling futures-core v0.3.17
[INFO] [stderr]     Checking subtle v2.4.1
[INFO] [stderr]    Compiling proc-macro-hack v0.5.19
[INFO] [stderr]     Checking bitflags v1.3.2
[INFO] [stderr]    Compiling semver v1.0.4
[INFO] [stderr]    Compiling crossbeam-utils v0.8.5
[INFO] [stderr]    Compiling getrandom v0.1.16
[INFO] [stderr]    Compiling futures-task v0.3.17
[INFO] [stderr]    Compiling proc-macro-nested v0.1.7
[INFO] [stderr]    Compiling openssl v0.10.36
[INFO] [stderr]    Compiling crossbeam-epoch v0.9.5
[INFO] [stderr]     Checking once_cell v1.8.0
[INFO] [stderr]     Checking futures-sink v0.3.17
[INFO] [stderr]    Compiling native-tls v0.2.8
[INFO] [stderr]    Compiling rayon-core v1.9.1
[INFO] [stderr]     Checking hashbrown v0.11.2
[INFO] [stderr]    Compiling futures-channel v0.3.17
[INFO] [stderr]     Checking openssl-probe v0.1.4
[INFO] [stderr]     Checking try-lock v0.2.3
[INFO] [stderr]     Checking either v1.6.1
[INFO] [stderr]     Checking tower-service v0.3.1
[INFO] [stderr]     Checking cpufeatures v0.2.1
[INFO] [stderr]     Checking regex-automata v0.1.10
[INFO] [stderr]     Checking opaque-debug v0.3.0
[INFO] [stderr]     Checking httpdate v1.0.1
[INFO] [stderr]     Checking plotters-backend v0.3.2
[INFO] [stderr]     Checking unicode-width v0.1.9
[INFO] [stderr]     Checking same-file v1.0.6
[INFO] [stderr]     Checking arrayref v0.3.6
[INFO] [stderr]     Checking half v1.8.0
[INFO] [stderr]     Checking base64 v0.12.3
[INFO] [stderr]     Checking base64 v0.13.0
[INFO] [stderr]     Checking ipnet v2.3.1
[INFO] [stderr]     Checking oorandom v11.1.3
[INFO] [stderr]     Checking hex v0.4.3
[INFO] [stderr]    Compiling tokio v1.12.0
[INFO] [stderr]    Compiling memoffset v0.6.4
[INFO] [stderr]    Compiling futures-macro v0.3.17
[INFO] [stderr]    Compiling futures-util v0.3.17
[INFO] [stderr]    Compiling indexmap v1.7.0
[INFO] [stderr]    Compiling num-traits v0.2.14
[INFO] [stderr]    Compiling rayon v1.5.1
[INFO] [stderr]    Compiling generic-array v0.14.4
[INFO] [stderr]     Checking tracing-core v0.1.21
[INFO] [stderr]     Checking form_urlencoded v1.0.1
[INFO] [stderr]     Checking regex v1.5.4
[INFO] [stderr]     Checking mio v0.7.13
[INFO] [stderr]     Checking socket2 v0.4.2
[INFO] [stderr]     Checking idna v0.2.3
[INFO] [stderr]     Checking csv-core v0.1.10
[INFO] [stderr]     Checking atty v0.2.14
[INFO] [stderr]     Checking want v0.3.0
[INFO] [stderr]     Checking textwrap v0.11.0
[INFO] [stderr]     Checking walkdir v2.3.2
[INFO] [stderr]     Checking itertools v0.10.1
[INFO] [stderr]     Checking http v0.2.5
[INFO] [stderr]     Checking url v2.2.2
[INFO] [stderr]     Checking plotters-svg v0.3.1
[INFO] [stderr]     Checking clap v2.33.3
[INFO] [stderr]     Checking tracing v0.1.29
[INFO] [stderr]     Checking rand_core v0.5.1
[INFO] [stderr]     Checking crossbeam-channel v0.5.1
[INFO] [stderr]    Compiling rustc_version v0.4.0
[INFO] [stderr]     Checking rand_chacha v0.2.2
[INFO] [stderr]     Checking crossbeam-deque v0.8.1
[INFO] [stderr]     Checking rand v0.7.3
[INFO] [stderr]    Compiling cast v0.2.7
[INFO] [stderr]     Checking http-body v0.4.3
[INFO] [stderr]    Compiling digest v0.9.0
[INFO] [stderr]     Checking plotters v0.3.1
[INFO] [stderr]     Checking crypto-mac v0.8.0
[INFO] [stderr]     Checking block-buffer v0.9.0
[INFO] [stderr]     Checking crypto-mac v0.11.1
[INFO] [stderr]    Compiling libsecp256k1-core v0.2.2
[INFO] [stderr]     Checking hmac v0.8.1
[INFO] [stderr]     Checking sha2 v0.9.8
[INFO] [stderr]     Checking hmac v0.11.0
[INFO] [stderr]     Checking criterion-plot v0.4.4
[INFO] [stderr]     Checking hmac-drbg v0.3.0
[INFO] [stderr]     Checking hkdf v0.11.0
[INFO] [stderr]    Compiling libsecp256k1-gen-genmult v0.2.1
[INFO] [stderr]    Compiling libsecp256k1-gen-ecmult v0.2.1
[INFO] [stderr]    Compiling libsecp256k1 v0.6.0
[INFO] [stderr]     Checking tokio-util v0.6.8
[INFO] [stderr]     Checking tokio-native-tls v0.3.0
[INFO] [stderr]     Checking h2 v0.3.6
[INFO] [stderr]     Checking hyper v0.14.13
[INFO] [stderr]     Checking serde_json v1.0.68
[INFO] [stderr]     Checking bstr v0.2.17
[INFO] [stderr]     Checking serde_urlencoded v0.7.0
[INFO] [stderr]     Checking serde_cbor v0.11.2
[INFO] [stderr]     Checking hyper-tls v0.5.0
[INFO] [stderr]     Checking reqwest v0.11.5
[INFO] [stderr]     Checking csv v1.1.6
[INFO] [stderr]     Checking tinytemplate v1.2.1
[INFO] [stderr]     Checking criterion v0.3.5
[INFO] [stderr]     Checking wedpr_ecies v0.2.1 (/opt/rustwide/workdir)
[INFO] [stdout] error[E0433]: failed to resolve: use of undeclared crate or module `ecies`
[INFO] [stdout]  --> bench/simple.rs:4:5
[INFO] [stdout]   |
[INFO] [stdout] 4 | use ecies::{decrypt, encrypt, utils::generate_keypair};
[INFO] [stdout]   |     ^^^^^ use of undeclared crate or module `ecies`
[INFO] [stdout] 
[INFO] [stdout] 
[INFO] [stdout] error[E0432]: unresolved import `ecies`
[INFO] [stdout]  --> bench/simple.rs:4:5
[INFO] [stdout]   |
[INFO] [stdout] 4 | use ecies::{decrypt, encrypt, utils::generate_keypair};
[INFO] [stdout]   |     ^^^^^ use of undeclared crate or module `ecies`
[INFO] [stdout] 
[INFO] [stdout] 
[INFO] [stdout] error[E0425]: cannot find function `generate_keypair` in this scope
[INFO] [stdout]   --> bench/simple.rs:13:20
[INFO] [stdout]    |
[INFO] [stdout] 13 |     let (sk, pk) = generate_keypair();
[INFO] [stdout]    |                    ^^^^^^^^^^^^^^^^ not found in this scope
[INFO] [stdout]    |
[INFO] [stdout] help: consider importing this function
[INFO] [stdout]    |
[INFO] [stdout] 1  | use wedpr_ecies::utils::generate_keypair;
[INFO] [stdout]    |
[INFO] [stdout] 
[INFO] [stdout] 
[INFO] [stdout] error: aborting due to 3 previous errors
[INFO] [stdout] 
[INFO] [stdout] 
[INFO] [stdout] Some errors have detailed explanations: E0425, E0432, E0433.
[INFO] [stdout] 
[INFO] [stdout] For more information about an error, try `rustc --explain E0425`.
[INFO] [stdout] 
[INFO] [stderr] error: could not compile `wedpr_ecies` due to 4 previous errors
[INFO] running `Command { std: "docker" "inspect" "4667d5dd3bd3d4c04859a1e5fba8600874b0da8dcff2278ad146f2a11cf57994", kill_on_drop: false }`
[INFO] running `Command { std: "docker" "rm" "-f" "4667d5dd3bd3d4c04859a1e5fba8600874b0da8dcff2278ad146f2a11cf57994", kill_on_drop: false }`
[INFO] [stdout] 4667d5dd3bd3d4c04859a1e5fba8600874b0da8dcff2278ad146f2a11cf57994
