[INFO] fetching crate wasmedge_http_req 0.8.1...
[INFO] checking wasmedge_http_req-0.8.1 against beta-2021-10-15 for beta-1.56-3
[INFO] extracting crate wasmedge_http_req 0.8.1 into /workspace/builds/worker-3/source
[INFO] validating manifest of crates.io crate wasmedge_http_req 0.8.1 on toolchain beta-2021-10-15
[INFO] running `Command { std: "/workspace/cargo-home/bin/cargo" "+beta-2021-10-15" "metadata" "--manifest-path" "Cargo.toml" "--no-deps", kill_on_drop: false }`
[INFO] started tweaking crates.io crate wasmedge_http_req 0.8.1
[INFO] finished tweaking crates.io crate wasmedge_http_req 0.8.1
[INFO] tweaked toml for crates.io crate wasmedge_http_req 0.8.1 written to /workspace/builds/worker-3/source/Cargo.toml
[INFO] crate crates.io crate wasmedge_http_req 0.8.1 already has a lockfile, it will not be regenerated
[INFO] running `Command { std: "/workspace/cargo-home/bin/cargo" "+beta-2021-10-15" "fetch" "--manifest-path" "Cargo.toml", kill_on_drop: false }`
[INFO] running `Command { std: "docker" "create" "-v" "/var/lib/crater-agent-workspace/builds/worker-3/target:/opt/rustwide/target:rw,Z" "-v" "/var/lib/crater-agent-workspace/builds/worker-3/source:/opt/rustwide/workdir:ro,Z" "-v" "/var/lib/crater-agent-workspace/cargo-home:/opt/rustwide/cargo-home:ro,Z" "-v" "/var/lib/crater-agent-workspace/rustup-home:/opt/rustwide/rustup-home:ro,Z" "-e" "SOURCE_DIR=/opt/rustwide/workdir" "-e" "CARGO_TARGET_DIR=/opt/rustwide/target" "-e" "CARGO_HOME=/opt/rustwide/cargo-home" "-e" "RUSTUP_HOME=/opt/rustwide/rustup-home" "-w" "/opt/rustwide/workdir" "-m" "1610612736" "--user" "0:0" "--network" "none" "ghcr.io/rust-lang/crates-build-env/linux@sha256:a89201d6b5b9fd45c15d5952ece0a0129e7e80cb26ec023fd59cf09bc26f1604" "/opt/rustwide/cargo-home/bin/cargo" "+beta-2021-10-15" "metadata" "--no-deps" "--format-version=1", kill_on_drop: false }`
[INFO] [stdout] be4f7be41bab42a7561914fa7baebeb5ff84d38daf5c184b1880b74dd638931b
[INFO] [stderr] WARNING: Your kernel does not support swap limit capabilities or the cgroup is not mounted. Memory limited without swap.
[INFO] running `Command { std: "docker" "start" "-a" "be4f7be41bab42a7561914fa7baebeb5ff84d38daf5c184b1880b74dd638931b", kill_on_drop: false }`
[INFO] running `Command { std: "docker" "inspect" "be4f7be41bab42a7561914fa7baebeb5ff84d38daf5c184b1880b74dd638931b", kill_on_drop: false }`
[INFO] running `Command { std: "docker" "rm" "-f" "be4f7be41bab42a7561914fa7baebeb5ff84d38daf5c184b1880b74dd638931b", kill_on_drop: false }`
[INFO] [stdout] be4f7be41bab42a7561914fa7baebeb5ff84d38daf5c184b1880b74dd638931b
[INFO] running `Command { std: "docker" "create" "-v" "/var/lib/crater-agent-workspace/builds/worker-3/target:/opt/rustwide/target:rw,Z" "-v" "/var/lib/crater-agent-workspace/builds/worker-3/source:/opt/rustwide/workdir:ro,Z" "-v" "/var/lib/crater-agent-workspace/cargo-home:/opt/rustwide/cargo-home:ro,Z" "-v" "/var/lib/crater-agent-workspace/rustup-home:/opt/rustwide/rustup-home:ro,Z" "-e" "SOURCE_DIR=/opt/rustwide/workdir" "-e" "CARGO_TARGET_DIR=/opt/rustwide/target" "-e" "CARGO_INCREMENTAL=0" "-e" "RUST_BACKTRACE=full" "-e" "RUSTFLAGS=--cap-lints=warn" "-e" "CARGO_HOME=/opt/rustwide/cargo-home" "-e" "RUSTUP_HOME=/opt/rustwide/rustup-home" "-w" "/opt/rustwide/workdir" "-m" "1610612736" "--user" "0:0" "--network" "none" "ghcr.io/rust-lang/crates-build-env/linux@sha256:a89201d6b5b9fd45c15d5952ece0a0129e7e80cb26ec023fd59cf09bc26f1604" "/opt/rustwide/cargo-home/bin/cargo" "+beta-2021-10-15" "check" "--frozen" "--all" "--all-targets" "--message-format=json", kill_on_drop: false }`
[INFO] [stderr] WARNING: Your kernel does not support swap limit capabilities or the cgroup is not mounted. Memory limited without swap.
[INFO] [stdout] 76860a8b62f65b04d7eafc60a1cdd67537d6207da94a5b13d14e25ca11e213de
[INFO] running `Command { std: "docker" "start" "-a" "76860a8b62f65b04d7eafc60a1cdd67537d6207da94a5b13d14e25ca11e213de", kill_on_drop: false }`
[INFO] [stderr]     Checking wasmedge_wasi_socket v0.1.0
[INFO] [stderr]     Checking wasmedge_http_req v0.8.1 (/opt/rustwide/workdir)
[INFO] [stdout] error[E0433]: failed to resolve: use of undeclared crate or module `tls`
[INFO] [stdout]     --> src/request.rs:1113:33
[INFO] [stdout]      |
[INFO] [stdout] 1113 |         let mut secure_stream = tls::Config::default()
[INFO] [stdout]      |                                 ^^^ use of undeclared crate or module `tls`
[INFO] [stdout] 
[INFO] [stdout] 
[INFO] [stdout] warning: unused import: `Shutdown`
[INFO] [stdout]   --> src/request.rs:18:28
[INFO] [stdout]    |
[INFO] [stdout] 18 | use wasmedge_wasi_socket::{Shutdown, TcpStream};
[INFO] [stdout]    |                            ^^^^^^^^
[INFO] [stdout]    |
[INFO] [stdout]    = note: `#[warn(unused_imports)]` on by default
[INFO] [stdout] 
[INFO] [stdout] 
[INFO] [stdout] warning: unused import: `Shutdown`
[INFO] [stdout]   --> src/request.rs:18:28
[INFO] [stdout]    |
[INFO] [stdout] 18 | use wasmedge_wasi_socket::{Shutdown, TcpStream};
[INFO] [stdout]    |                            ^^^^^^^^
[INFO] [stdout]    |
[INFO] [stdout]    = note: `#[warn(unused_imports)]` on by default
[INFO] [stdout] 
[INFO] [stdout] 
[INFO] [stdout] warning: 1 warning emitted
[INFO] [stdout] 
[INFO] [stdout] 
[INFO] [stdout] error: aborting due to previous error; 1 warning emitted
[INFO] [stdout] 
[INFO] [stdout] 
[INFO] [stdout] For more information about this error, try `rustc --explain E0433`.
[INFO] [stdout] 
[INFO] [stderr] error: could not compile `wasmedge_http_req` due to 2 previous errors; 1 warning emitted
[INFO] [stderr] warning: build failed, waiting for other jobs to finish...
[INFO] [stdout] error[E0463]: can't find crate for `http_req`
[INFO] [stdout]  --> benches/bench.rs:2:1
[INFO] [stdout]   |
[INFO] [stdout] 2 | extern crate http_req;
[INFO] [stdout]   | ^^^^^^^^^^^^^^^^^^^^^^ can't find crate
[INFO] [stdout] 
[INFO] [stdout] 
[INFO] [stdout] error: aborting due to previous error
[INFO] [stdout] 
[INFO] [stdout] 
[INFO] [stdout] For more information about this error, try `rustc --explain E0463`.
[INFO] [stdout] 
[INFO] [stdout] error[E0432]: unresolved import `wasmedge_http_req::tls`
[INFO] [stdout]  --> examples/request_builder_get.rs:1:50
[INFO] [stdout]   |
[INFO] [stdout] 1 | use wasmedge_http_req::{request::RequestBuilder, tls, uri::Uri};
[INFO] [stdout]   |                                                  ^^^ no `tls` in the root
[INFO] [stdout] 
[INFO] [stdout] 
[INFO] [stdout] warning: unused imports: `request::RequestBuilder`, `uri::Uri`
[INFO] [stdout]  --> examples/request_builder_get.rs:1:25
[INFO] [stdout]   |
[INFO] [stdout] 1 | use wasmedge_http_req::{request::RequestBuilder, tls, uri::Uri};
[INFO] [stdout]   |                         ^^^^^^^^^^^^^^^^^^^^^^^       ^^^^^^^^
[INFO] [stdout]   |
[INFO] [stdout]   = note: `#[warn(unused_imports)]` on by default
[INFO] [stdout] 
[INFO] [stdout] 
[INFO] [stdout] warning: unused imports: `convert::TryFrom`, `net::TcpStream`
[INFO] [stdout]  --> examples/request_builder_get.rs:2:11
[INFO] [stdout]   |
[INFO] [stdout] 2 | use std::{convert::TryFrom, net::TcpStream};
[INFO] [stdout]   |           ^^^^^^^^^^^^^^^^  ^^^^^^^^^^^^^^
[INFO] [stdout] 
[INFO] [stdout] 
[INFO] [stdout] error: aborting due to previous error; 2 warnings emitted
[INFO] [stdout] 
[INFO] [stdout] 
[INFO] [stdout] For more information about this error, try `rustc --explain E0432`.
[INFO] [stdout] 
[INFO] [stderr] error: build failed
[INFO] running `Command { std: "docker" "inspect" "76860a8b62f65b04d7eafc60a1cdd67537d6207da94a5b13d14e25ca11e213de", kill_on_drop: false }`
[INFO] running `Command { std: "docker" "rm" "-f" "76860a8b62f65b04d7eafc60a1cdd67537d6207da94a5b13d14e25ca11e213de", kill_on_drop: false }`
[INFO] [stdout] 76860a8b62f65b04d7eafc60a1cdd67537d6207da94a5b13d14e25ca11e213de
