[INFO] fetching crate wasm-component 0.1.7...
[INFO] checking wasm-component-0.1.7 against beta-2021-10-15 for beta-1.56-3
[INFO] extracting crate wasm-component 0.1.7 into /workspace/builds/worker-7/source
[INFO] validating manifest of crates.io crate wasm-component 0.1.7 on toolchain beta-2021-10-15
[INFO] running `Command { std: "/workspace/cargo-home/bin/cargo" "+beta-2021-10-15" "metadata" "--manifest-path" "Cargo.toml" "--no-deps", kill_on_drop: false }`
[INFO] started tweaking crates.io crate wasm-component 0.1.7
[INFO] finished tweaking crates.io crate wasm-component 0.1.7
[INFO] tweaked toml for crates.io crate wasm-component 0.1.7 written to /workspace/builds/worker-7/source/Cargo.toml
[INFO] running `Command { std: "/workspace/cargo-home/bin/cargo" "+beta-2021-10-15" "generate-lockfile" "--manifest-path" "Cargo.toml" "-Zno-index-update", kill_on_drop: false }`
[INFO] running `Command { std: "/workspace/cargo-home/bin/cargo" "+beta-2021-10-15" "fetch" "--manifest-path" "Cargo.toml", kill_on_drop: false }`
[INFO] [stderr] warning: only one of `license` or `license-file` is necessary
[INFO] [stderr]  Downloading crates ...
[INFO] [stderr]   Downloaded gloo-console-timer v0.1.0
[INFO] [stderr]   Downloaded gloo v0.2.1
[INFO] [stderr]   Downloaded mustache v0.9.0
[INFO] [stderr]   Downloaded nom_html_parser v0.1.1
[INFO] running `Command { std: "docker" "create" "-v" "/var/lib/crater-agent-workspace/builds/worker-7/target:/opt/rustwide/target:rw,Z" "-v" "/var/lib/crater-agent-workspace/builds/worker-7/source:/opt/rustwide/workdir:ro,Z" "-v" "/var/lib/crater-agent-workspace/cargo-home:/opt/rustwide/cargo-home:ro,Z" "-v" "/var/lib/crater-agent-workspace/rustup-home:/opt/rustwide/rustup-home:ro,Z" "-e" "SOURCE_DIR=/opt/rustwide/workdir" "-e" "CARGO_TARGET_DIR=/opt/rustwide/target" "-e" "CARGO_HOME=/opt/rustwide/cargo-home" "-e" "RUSTUP_HOME=/opt/rustwide/rustup-home" "-w" "/opt/rustwide/workdir" "-m" "1610612736" "--user" "0:0" "--network" "none" "ghcr.io/rust-lang/crates-build-env/linux@sha256:a89201d6b5b9fd45c15d5952ece0a0129e7e80cb26ec023fd59cf09bc26f1604" "/opt/rustwide/cargo-home/bin/cargo" "+beta-2021-10-15" "metadata" "--no-deps" "--format-version=1", kill_on_drop: false }`
[INFO] [stdout] b8de9aa6d67a1bd8d1cf202a42325341849d5d1d4176b157e85f080aa8a16cc5
[INFO] [stderr] WARNING: Your kernel does not support swap limit capabilities or the cgroup is not mounted. Memory limited without swap.
[INFO] running `Command { std: "docker" "start" "-a" "b8de9aa6d67a1bd8d1cf202a42325341849d5d1d4176b157e85f080aa8a16cc5", kill_on_drop: false }`
[INFO] running `Command { std: "docker" "inspect" "b8de9aa6d67a1bd8d1cf202a42325341849d5d1d4176b157e85f080aa8a16cc5", kill_on_drop: false }`
[INFO] running `Command { std: "docker" "rm" "-f" "b8de9aa6d67a1bd8d1cf202a42325341849d5d1d4176b157e85f080aa8a16cc5", kill_on_drop: false }`
[INFO] [stdout] b8de9aa6d67a1bd8d1cf202a42325341849d5d1d4176b157e85f080aa8a16cc5
[INFO] running `Command { std: "docker" "create" "-v" "/var/lib/crater-agent-workspace/builds/worker-7/target:/opt/rustwide/target:rw,Z" "-v" "/var/lib/crater-agent-workspace/builds/worker-7/source:/opt/rustwide/workdir:ro,Z" "-v" "/var/lib/crater-agent-workspace/cargo-home:/opt/rustwide/cargo-home:ro,Z" "-v" "/var/lib/crater-agent-workspace/rustup-home:/opt/rustwide/rustup-home:ro,Z" "-e" "SOURCE_DIR=/opt/rustwide/workdir" "-e" "CARGO_TARGET_DIR=/opt/rustwide/target" "-e" "CARGO_INCREMENTAL=0" "-e" "RUST_BACKTRACE=full" "-e" "RUSTFLAGS=--cap-lints=warn" "-e" "CARGO_HOME=/opt/rustwide/cargo-home" "-e" "RUSTUP_HOME=/opt/rustwide/rustup-home" "-w" "/opt/rustwide/workdir" "-m" "1610612736" "--user" "0:0" "--network" "none" "ghcr.io/rust-lang/crates-build-env/linux@sha256:a89201d6b5b9fd45c15d5952ece0a0129e7e80cb26ec023fd59cf09bc26f1604" "/opt/rustwide/cargo-home/bin/cargo" "+beta-2021-10-15" "check" "--frozen" "--all" "--all-targets" "--message-format=json", kill_on_drop: false }`
[INFO] [stderr] WARNING: Your kernel does not support swap limit capabilities or the cgroup is not mounted. Memory limited without swap.
[INFO] [stdout] bedf758c0a2aea6e510911b1d16ce5aa92af91ad73ec8954e29add263fc62fe2
[INFO] running `Command { std: "docker" "start" "-a" "bedf758c0a2aea6e510911b1d16ce5aa92af91ad73ec8954e29add263fc62fe2", kill_on_drop: false }`
[INFO] [stderr] warning: only one of `license` or `license-file` is necessary
[INFO] [stderr]     Checking getrandom v0.2.3
[INFO] [stderr]    Compiling wasm-bindgen-backend v0.2.78
[INFO] [stderr]     Checking nom_html_parser v0.1.1
[INFO] [stderr]     Checking uuid v0.8.2
[INFO] [stderr]    Compiling wasm-bindgen-macro-support v0.2.78
[INFO] [stderr]    Compiling wasm-bindgen-macro v0.2.78
[INFO] [stderr]     Checking wasm-bindgen v0.2.78
[INFO] [stderr]     Checking js-sys v0.3.55
[INFO] [stderr]     Checking console_error_panic_hook v0.1.7
[INFO] [stderr]     Checking web-sys v0.3.55
[INFO] [stderr]     Checking wasm-bindgen-futures v0.4.28
[INFO] [stderr]     Checking wasm-bindgen-test v0.3.28
[INFO] [stderr]     Checking gloo-events v0.1.1
[INFO] [stderr]     Checking gloo-console-timer v0.1.0
[INFO] [stderr]     Checking gloo-timers v0.2.1
[INFO] [stderr]     Checking gloo-file v0.1.0
[INFO] [stderr]     Checking gloo v0.2.1
[INFO] [stderr]     Checking wasm-component v0.1.7 (/opt/rustwide/workdir)
[INFO] [stdout] error: expected `extern`
[INFO] [stdout]   --> src/v2/driver/dom/mod.rs:24:1
[INFO] [stdout]    |
[INFO] [stdout] 24 | pub extern "C" {
[INFO] [stdout]    | ^^^
[INFO] [stdout] 
[INFO] [stdout] 
[INFO] [stdout] error[E0432]: unresolved imports `crate::v2::driver::dom::log`, `crate::v2::driver::dom::error`
[INFO] [stdout]  --> src/state_machine/mod.rs:6:31
[INFO] [stdout]   |
[INFO] [stdout] 6 | use crate::v2::driver::dom::{ log, error, AppEvent };
[INFO] [stdout]   |                               ^^^  ^^^^^ no `error` in `v2::driver::dom`
[INFO] [stdout]   |                               |
[INFO] [stdout]   |                               no `log` in `v2::driver::dom`
[INFO] [stdout] 
[INFO] [stdout] 
[INFO] [stdout] error[E0432]: unresolved imports `crate::v2::driver::dom::log`, `crate::v2::driver::dom::error`
[INFO] [stdout]  --> src/v2/app/dom/mod.rs:5:31
[INFO] [stdout]   |
[INFO] [stdout] 5 | use crate::v2::driver::dom::{ log, error, document };
[INFO] [stdout]   |                               ^^^  ^^^^^ no `error` in `v2::driver::dom`
[INFO] [stdout]   |                               |
[INFO] [stdout]   |                               no `log` in `v2::driver::dom`
[INFO] [stdout] 
[INFO] [stdout] 
[INFO] [stdout] error: cannot find derive macro `Serialize` in this scope
[INFO] [stdout]   --> src/v2/driver/dom/mod.rs:33:10
[INFO] [stdout]    |
[INFO] [stdout] 33 | #[derive(Serialize, Deserialize, Clone, Debug, PartialEq)]
[INFO] [stdout]    |          ^^^^^^^^^
[INFO] [stdout]    |
[INFO] [stdout]    = note: consider importing this derive macro:
[INFO] [stdout]            serde_derive::Serialize
[INFO] [stdout] note: `Serialize` is imported here, but it is only a trait, without a derive macro
[INFO] [stdout]   --> src/v2/driver/dom/mod.rs:1:14
[INFO] [stdout]    |
[INFO] [stdout] 1  | use serde::{ Serialize, Deserialize };
[INFO] [stdout]    |              ^^^^^^^^^
[INFO] [stdout] 
[INFO] [stdout] 
[INFO] [stdout] error: cannot find derive macro `Deserialize` in this scope
[INFO] [stdout]   --> src/v2/driver/dom/mod.rs:33:21
[INFO] [stdout]    |
[INFO] [stdout] 33 | #[derive(Serialize, Deserialize, Clone, Debug, PartialEq)]
[INFO] [stdout]    |                     ^^^^^^^^^^^
[INFO] [stdout]    |
[INFO] [stdout]    = note: consider importing this derive macro:
[INFO] [stdout]            serde_derive::Deserialize
[INFO] [stdout] note: `Deserialize` is imported here, but it is only a trait, without a derive macro
[INFO] [stdout]   --> src/v2/driver/dom/mod.rs:1:25
[INFO] [stdout]    |
[INFO] [stdout] 1  | use serde::{ Serialize, Deserialize };
[INFO] [stdout]    |                         ^^^^^^^^^^^
[INFO] [stdout] 
[INFO] [stdout] 
[INFO] [stdout] error[E0425]: cannot find function `error` in this scope
[INFO] [stdout]   --> src/v2/driver/dom/mod.rs:82:25
[INFO] [stdout]    |
[INFO] [stdout] 82 |                         error(format!("could not set attribute {:?}", e).as_str());
[INFO] [stdout]    |                         ^^^^^ not found in this scope
[INFO] [stdout]    |
[INFO] [stdout] help: consider importing this function
[INFO] [stdout]    |
[INFO] [stdout] 1  | use web_sys::console::error;
[INFO] [stdout]    |
[INFO] [stdout] 
[INFO] [stdout] 
[INFO] [stdout] error[E0425]: cannot find function `error` in this scope
[INFO] [stdout]    --> src/v2/driver/dom/mod.rs:115:37
[INFO] [stdout]     |
[INFO] [stdout] 115 | ...                   error(format!("could not send event: {:?}", e).as_str());
[INFO] [stdout]     |                       ^^^^^ not found in this scope
[INFO] [stdout]     |
[INFO] [stdout] help: consider importing this function
[INFO] [stdout]     |
[INFO] [stdout] 1   | use web_sys::console::error;
[INFO] [stdout]     |
[INFO] [stdout] 
[INFO] [stdout] 
[INFO] [stdout] error[E0425]: cannot find function `error` in this scope
[INFO] [stdout]    --> src/v2/driver/dom/mod.rs:167:29
[INFO] [stdout]     |
[INFO] [stdout] 167 | ...                   error(format!("error in compiling template data: {:?}", e).as_ref());
[INFO] [stdout]     |                       ^^^^^ not found in this scope
[INFO] [stdout]     |
[INFO] [stdout] help: consider importing this function
[INFO] [stdout]     |
[INFO] [stdout] 1   | use web_sys::console::error;
[INFO] [stdout]     |
[INFO] [stdout] 
[INFO] [stdout] 
[INFO] [stdout] error[E0425]: cannot find function `error` in this scope
[INFO] [stdout]    --> src/v2/driver/dom/mod.rs:500:21
[INFO] [stdout]     |
[INFO] [stdout] 500 |                     error(format!("component with id: {} already there", id_element).as_str());
[INFO] [stdout]     |                     ^^^^^ not found in this scope
[INFO] [stdout]     |
[INFO] [stdout] help: consider importing this function
[INFO] [stdout]     |
[INFO] [stdout] 1   | use web_sys::console::error;
[INFO] [stdout]     |
[INFO] [stdout] 
[INFO] [stdout] 
[INFO] [stdout] error[E0425]: cannot find function `error` in this scope
[INFO] [stdout]    --> src/v2/driver/dom/mod.rs:562:17
[INFO] [stdout]     |
[INFO] [stdout] 562 |                 error(err.clone().as_str());
[INFO] [stdout]     |                 ^^^^^ not found in this scope
[INFO] [stdout]     |
[INFO] [stdout] help: consider importing this function
[INFO] [stdout]     |
[INFO] [stdout] 1   | use web_sys::console::error;
[INFO] [stdout]     |
[INFO] [stdout] 
[INFO] [stdout] 
[INFO] [stdout] error[E0425]: cannot find function `error` in this scope
[INFO] [stdout]    --> src/v2/driver/dom/mod.rs:604:39
[INFO] [stdout]     |
[INFO] [stdout] 604 | ...                   error(format!("failed to append node: {:?}", e).as_ref());
[INFO] [stdout]     |                       ^^^^^ not found in this scope
[INFO] [stdout]     |
[INFO] [stdout] help: consider importing this function
[INFO] [stdout]     |
[INFO] [stdout] 1   | use web_sys::console::error;
[INFO] [stdout]     |
[INFO] [stdout] 
[INFO] [stdout] 
[INFO] [stdout] error[E0425]: cannot find function `error` in this scope
[INFO] [stdout]    --> src/v2/driver/dom/mod.rs:613:39
[INFO] [stdout]     |
[INFO] [stdout] 613 | ...                   error(format!("failed to append node: {:?}", e).as_ref());
[INFO] [stdout]     |                       ^^^^^ not found in this scope
[INFO] [stdout]     |
[INFO] [stdout] help: consider importing this function
[INFO] [stdout]     |
[INFO] [stdout] 1   | use web_sys::console::error;
[INFO] [stdout]     |
[INFO] [stdout] 
[INFO] [stdout] 
[INFO] [stdout] error[E0425]: cannot find function `error` in this scope
[INFO] [stdout]    --> src/v2/driver/dom/mod.rs:623:37
[INFO] [stdout]     |
[INFO] [stdout] 623 | ...                   error(format!("failed to append node: {:?}", e).as_ref());
[INFO] [stdout]     |                       ^^^^^ not found in this scope
[INFO] [stdout]     |
[INFO] [stdout] help: consider importing this function
[INFO] [stdout]     |
[INFO] [stdout] 1   | use web_sys::console::error;
[INFO] [stdout]     |
[INFO] [stdout] 
[INFO] [stdout] 
[INFO] [stdout] error[E0425]: cannot find function `error` in this scope
[INFO] [stdout]    --> src/v2/driver/dom/mod.rs:638:32
[INFO] [stdout]     |
[INFO] [stdout] 638 | ...                   error(format!("failed to append node: {:?}", e).as_ref());
[INFO] [stdout]     |                       ^^^^^ not found in this scope
[INFO] [stdout]     |
[INFO] [stdout] help: consider importing this function
[INFO] [stdout]     |
[INFO] [stdout] 1   | use web_sys::console::error;
[INFO] [stdout]     |
[INFO] [stdout] 
[INFO] [stdout] 
[INFO] [stdout] error[E0425]: cannot find function `error` in this scope
[INFO] [stdout]    --> src/v2/driver/dom/mod.rs:660:17
[INFO] [stdout]     |
[INFO] [stdout] 660 |                 error(err.clone().as_str());
[INFO] [stdout]     |                 ^^^^^ not found in this scope
[INFO] [stdout]     |
[INFO] [stdout] help: consider importing this function
[INFO] [stdout]     |
[INFO] [stdout] 1   | use web_sys::console::error;
[INFO] [stdout]     |
[INFO] [stdout] 
[INFO] [stdout] 
[INFO] [stdout] error[E0425]: cannot find function `error` in this scope
[INFO] [stdout]    --> src/v2/driver/dom/mod.rs:686:37
[INFO] [stdout]     |
[INFO] [stdout] 686 |                        .map_err(|e| error(format!("{:?}", e).as_str()))
[INFO] [stdout]     |                                     ^^^^^ not found in this scope
[INFO] [stdout]     |
[INFO] [stdout] help: consider importing this function
[INFO] [stdout]     |
[INFO] [stdout] 1   | use web_sys::console::error;
[INFO] [stdout]     |
[INFO] [stdout] 
[INFO] [stdout] 
[INFO] [stdout] error[E0425]: cannot find function `error` in this scope
[INFO] [stdout]    --> src/v2/driver/dom/mod.rs:690:37
[INFO] [stdout]     |
[INFO] [stdout] 690 |                        .map_err(|e| error(format!("{:?}", e).as_str()))
[INFO] [stdout]     |                                     ^^^^^ not found in this scope
[INFO] [stdout]     |
[INFO] [stdout] help: consider importing this function
[INFO] [stdout]     |
[INFO] [stdout] 1   | use web_sys::console::error;
[INFO] [stdout]     |
[INFO] [stdout] 
[INFO] [stdout] 
[INFO] [stdout] error[E0425]: cannot find function `error` in this scope
[INFO] [stdout]    --> src/v2/driver/dom/mod.rs:698:34
[INFO] [stdout]     |
[INFO] [stdout] 698 |                     .map_err(|e| error(format!("{:?}", e).as_str()))
[INFO] [stdout]     |                                  ^^^^^ not found in this scope
[INFO] [stdout]     |
[INFO] [stdout] help: consider importing this function
[INFO] [stdout]     |
[INFO] [stdout] 1   | use web_sys::console::error;
[INFO] [stdout]     |
[INFO] [stdout] 
[INFO] [stdout] 
[INFO] [stdout] error: expected `extern`
[INFO] [stdout]   --> src/v2/driver/dom/mod.rs:24:1
[INFO] [stdout]    |
[INFO] [stdout] 24 | pub extern "C" {
[INFO] [stdout]    | ^^^
[INFO] [stdout] 
[INFO] [stdout] 
[INFO] [stdout] error[E0432]: unresolved imports `crate::v2::driver::dom::log`, `crate::v2::driver::dom::error`
[INFO] [stdout]  --> src/state_machine/mod.rs:6:31
[INFO] [stdout]   |
[INFO] [stdout] 6 | use crate::v2::driver::dom::{ log, error, AppEvent };
[INFO] [stdout]   |                               ^^^  ^^^^^ no `error` in `v2::driver::dom`
[INFO] [stdout]   |                               |
[INFO] [stdout]   |                               no `log` in `v2::driver::dom`
[INFO] [stdout] 
[INFO] [stdout] 
[INFO] [stdout] error[E0432]: unresolved imports `crate::v2::driver::dom::log`, `crate::v2::driver::dom::error`
[INFO] [stdout]  --> src/v2/app/dom/mod.rs:5:31
[INFO] [stdout]   |
[INFO] [stdout] 5 | use crate::v2::driver::dom::{ log, error, document };
[INFO] [stdout]   |                               ^^^  ^^^^^ no `error` in `v2::driver::dom`
[INFO] [stdout]   |                               |
[INFO] [stdout]   |                               no `log` in `v2::driver::dom`
[INFO] [stdout] 
[INFO] [stdout] 
[INFO] [stdout] error: cannot find derive macro `Serialize` in this scope
[INFO] [stdout]   --> src/v2/driver/dom/mod.rs:33:10
[INFO] [stdout]    |
[INFO] [stdout] 33 | #[derive(Serialize, Deserialize, Clone, Debug, PartialEq)]
[INFO] [stdout]    |          ^^^^^^^^^
[INFO] [stdout]    |
[INFO] [stdout]    = note: consider importing this derive macro:
[INFO] [stdout]            serde_derive::Serialize
[INFO] [stdout] note: `Serialize` is imported here, but it is only a trait, without a derive macro
[INFO] [stdout]   --> src/v2/driver/dom/mod.rs:1:14
[INFO] [stdout]    |
[INFO] [stdout] 1  | use serde::{ Serialize, Deserialize };
[INFO] [stdout]    |              ^^^^^^^^^
[INFO] [stdout] 
[INFO] [stdout] 
[INFO] [stdout] error: cannot find derive macro `Deserialize` in this scope
[INFO] [stdout]   --> src/v2/driver/dom/mod.rs:33:21
[INFO] [stdout]    |
[INFO] [stdout] 33 | #[derive(Serialize, Deserialize, Clone, Debug, PartialEq)]
[INFO] [stdout]    |                     ^^^^^^^^^^^
[INFO] [stdout]    |
[INFO] [stdout]    = note: consider importing this derive macro:
[INFO] [stdout]            serde_derive::Deserialize
[INFO] [stdout] note: `Deserialize` is imported here, but it is only a trait, without a derive macro
[INFO] [stdout]   --> src/v2/driver/dom/mod.rs:1:25
[INFO] [stdout]    |
[INFO] [stdout] 1  | use serde::{ Serialize, Deserialize };
[INFO] [stdout]    |                         ^^^^^^^^^^^
[INFO] [stdout] 
[INFO] [stdout] 
[INFO] [stdout] error[E0425]: cannot find function `error` in this scope
[INFO] [stdout]   --> src/v2/driver/dom/mod.rs:82:25
[INFO] [stdout]    |
[INFO] [stdout] 82 |                         error(format!("could not set attribute {:?}", e).as_str());
[INFO] [stdout]    |                         ^^^^^ not found in this scope
[INFO] [stdout]    |
[INFO] [stdout] help: consider importing this function
[INFO] [stdout]    |
[INFO] [stdout] 1  | use web_sys::console::error;
[INFO] [stdout]    |
[INFO] [stdout] 
[INFO] [stdout] 
[INFO] [stdout] error[E0425]: cannot find function `error` in this scope
[INFO] [stdout]    --> src/v2/driver/dom/mod.rs:115:37
[INFO] [stdout]     |
[INFO] [stdout] 115 | ...                   error(format!("could not send event: {:?}", e).as_str());
[INFO] [stdout]     |                       ^^^^^ not found in this scope
[INFO] [stdout]     |
[INFO] [stdout] help: consider importing this function
[INFO] [stdout]     |
[INFO] [stdout] 1   | use web_sys::console::error;
[INFO] [stdout]     |
[INFO] [stdout] 
[INFO] [stdout] 
[INFO] [stdout] error[E0425]: cannot find function `error` in this scope
[INFO] [stdout]    --> src/v2/driver/dom/mod.rs:167:29
[INFO] [stdout]     |
[INFO] [stdout] 167 | ...                   error(format!("error in compiling template data: {:?}", e).as_ref());
[INFO] [stdout]     |                       ^^^^^ not found in this scope
[INFO] [stdout]     |
[INFO] [stdout] help: consider importing this function
[INFO] [stdout]     |
[INFO] [stdout] 1   | use web_sys::console::error;
[INFO] [stdout]     |
[INFO] [stdout] 
[INFO] [stdout] 
[INFO] [stdout] error[E0425]: cannot find function `error` in this scope
[INFO] [stdout]    --> src/v2/driver/dom/mod.rs:500:21
[INFO] [stdout]     |
[INFO] [stdout] 500 |                     error(format!("component with id: {} already there", id_element).as_str());
[INFO] [stdout]     |                     ^^^^^ not found in this scope
[INFO] [stdout]     |
[INFO] [stdout] help: consider importing this function
[INFO] [stdout]     |
[INFO] [stdout] 1   | use web_sys::console::error;
[INFO] [stdout]     |
[INFO] [stdout] 
[INFO] [stdout] 
[INFO] [stdout] error[E0425]: cannot find function `error` in this scope
[INFO] [stdout]    --> src/v2/driver/dom/mod.rs:562:17
[INFO] [stdout]     |
[INFO] [stdout] 562 |                 error(err.clone().as_str());
[INFO] [stdout]     |                 ^^^^^ not found in this scope
[INFO] [stdout]     |
[INFO] [stdout] help: consider importing this function
[INFO] [stdout]     |
[INFO] [stdout] 1   | use web_sys::console::error;
[INFO] [stdout]     |
[INFO] [stdout] 
[INFO] [stdout] 
[INFO] [stdout] error[E0425]: cannot find function `error` in this scope
[INFO] [stdout]    --> src/v2/driver/dom/mod.rs:604:39
[INFO] [stdout]     |
[INFO] [stdout] 604 | ...                   error(format!("failed to append node: {:?}", e).as_ref());
[INFO] [stdout]     |                       ^^^^^ not found in this scope
[INFO] [stdout]     |
[INFO] [stdout] help: consider importing this function
[INFO] [stdout]     |
[INFO] [stdout] 1   | use web_sys::console::error;
[INFO] [stdout]     |
[INFO] [stdout] 
[INFO] [stdout] 
[INFO] [stdout] error[E0425]: cannot find function `error` in this scope
[INFO] [stdout]    --> src/v2/driver/dom/mod.rs:613:39
[INFO] [stdout]     |
[INFO] [stdout] 613 | ...                   error(format!("failed to append node: {:?}", e).as_ref());
[INFO] [stdout]     |                       ^^^^^ not found in this scope
[INFO] [stdout]     |
[INFO] [stdout] help: consider importing this function
[INFO] [stdout]     |
[INFO] [stdout] 1   | use web_sys::console::error;
[INFO] [stdout]     |
[INFO] [stdout] 
[INFO] [stdout] 
[INFO] [stdout] error[E0425]: cannot find function `error` in this scope
[INFO] [stdout]    --> src/v2/driver/dom/mod.rs:623:37
[INFO] [stdout]     |
[INFO] [stdout] 623 | ...                   error(format!("failed to append node: {:?}", e).as_ref());
[INFO] [stdout]     |                       ^^^^^ not found in this scope
[INFO] [stdout]     |
[INFO] [stdout] help: consider importing this function
[INFO] [stdout]     |
[INFO] [stdout] 1   | use web_sys::console::error;
[INFO] [stdout]     |
[INFO] [stdout] 
[INFO] [stdout] 
[INFO] [stdout] error[E0425]: cannot find function `error` in this scope
[INFO] [stdout]    --> src/v2/driver/dom/mod.rs:638:32
[INFO] [stdout]     |
[INFO] [stdout] 638 | ...                   error(format!("failed to append node: {:?}", e).as_ref());
[INFO] [stdout]     |                       ^^^^^ not found in this scope
[INFO] [stdout]     |
[INFO] [stdout] help: consider importing this function
[INFO] [stdout]     |
[INFO] [stdout] 1   | use web_sys::console::error;
[INFO] [stdout]     |
[INFO] [stdout] 
[INFO] [stdout] 
[INFO] [stdout] error[E0425]: cannot find function `error` in this scope
[INFO] [stdout]    --> src/v2/driver/dom/mod.rs:660:17
[INFO] [stdout]     |
[INFO] [stdout] 660 |                 error(err.clone().as_str());
[INFO] [stdout]     |                 ^^^^^ not found in this scope
[INFO] [stdout]     |
[INFO] [stdout] help: consider importing this function
[INFO] [stdout]     |
[INFO] [stdout] 1   | use web_sys::console::error;
[INFO] [stdout]     |
[INFO] [stdout] 
[INFO] [stdout] 
[INFO] [stdout] error[E0425]: cannot find function `error` in this scope
[INFO] [stdout]    --> src/v2/driver/dom/mod.rs:686:37
[INFO] [stdout]     |
[INFO] [stdout] 686 |                        .map_err(|e| error(format!("{:?}", e).as_str()))
[INFO] [stdout]     |                                     ^^^^^ not found in this scope
[INFO] [stdout]     |
[INFO] [stdout] help: consider importing this function
[INFO] [stdout]     |
[INFO] [stdout] 1   | use web_sys::console::error;
[INFO] [stdout]     |
[INFO] [stdout] 
[INFO] [stdout] 
[INFO] [stdout] error[E0425]: cannot find function `error` in this scope
[INFO] [stdout]    --> src/v2/driver/dom/mod.rs:690:37
[INFO] [stdout]     |
[INFO] [stdout] 690 |                        .map_err(|e| error(format!("{:?}", e).as_str()))
[INFO] [stdout]     |                                     ^^^^^ not found in this scope
[INFO] [stdout]     |
[INFO] [stdout] help: consider importing this function
[INFO] [stdout]     |
[INFO] [stdout] 1   | use web_sys::console::error;
[INFO] [stdout]     |
[INFO] [stdout] 
[INFO] [stdout] 
[INFO] [stdout] error[E0425]: cannot find function `error` in this scope
[INFO] [stdout]    --> src/v2/driver/dom/mod.rs:698:34
[INFO] [stdout]     |
[INFO] [stdout] 698 |                     .map_err(|e| error(format!("{:?}", e).as_str()))
[INFO] [stdout]     |                                  ^^^^^ not found in this scope
[INFO] [stdout]     |
[INFO] [stdout] help: consider importing this function
[INFO] [stdout]     |
[INFO] [stdout] 1   | use web_sys::console::error;
[INFO] [stdout]     |
[INFO] [stdout] 
[INFO] [stdout] 
[INFO] [stdout] error[E0277]: the trait bound `for<'de> AppEvent: Deserialize<'de>` is not satisfied
[INFO] [stdout]   --> src/state_machine/mod.rs:55:5
[INFO] [stdout]    |
[INFO] [stdout] 55 | /     fn receive(&mut self, evt: AppEvent) -> Result<(), String> where AppEvent: DeserializeOwned {
[INFO] [stdout] 56 | |       let tpl = mustache::compile_str(&evt.event).map_err(|e| {
[INFO] [stdout] 57 | |            error(format!("could not compile template for event: {:?}", e).as_str());
[INFO] [stdout] 58 | |            e
[INFO] [stdout] ...  |
[INFO] [stdout] 78 | |        }
[INFO] [stdout] 79 | |    }
[INFO] [stdout]    | |____^ the trait `for<'de> Deserialize<'de>` is not implemented for `AppEvent`
[INFO] [stdout]    |
[INFO] [stdout]    = note: required because of the requirements on the impl of `DeserializeOwned` for `AppEvent`
[INFO] [stdout]    = help: see issue #48214
[INFO] [stdout] 
[INFO] [stdout] 
[INFO] [stdout] error: aborting due to 19 previous errors
[INFO] [stdout] 
[INFO] [stdout] 
[INFO] [stdout] Some errors have detailed explanations: E0277, E0425, E0432.
[INFO] [stdout] 
[INFO] [stdout] For more information about an error, try `rustc --explain E0277`.
[INFO] [stdout] 
[INFO] [stderr] error: could not compile `wasm-component` due to 20 previous errors
[INFO] [stderr] warning: build failed, waiting for other jobs to finish...
[INFO] [stdout] error[E0277]: the trait bound `for<'de> AppEvent: Deserialize<'de>` is not satisfied
[INFO] [stdout]   --> src/state_machine/mod.rs:55:5
[INFO] [stdout]    |
[INFO] [stdout] 55 | /     fn receive(&mut self, evt: AppEvent) -> Result<(), String> where AppEvent: DeserializeOwned {
[INFO] [stdout] 56 | |       let tpl = mustache::compile_str(&evt.event).map_err(|e| {
[INFO] [stdout] 57 | |            error(format!("could not compile template for event: {:?}", e).as_str());
[INFO] [stdout] 58 | |            e
[INFO] [stdout] ...  |
[INFO] [stdout] 78 | |        }
[INFO] [stdout] 79 | |    }
[INFO] [stdout]    | |____^ the trait `for<'de> Deserialize<'de>` is not implemented for `AppEvent`
[INFO] [stdout]    |
[INFO] [stdout]    = note: required because of the requirements on the impl of `DeserializeOwned` for `AppEvent`
[INFO] [stdout]    = help: see issue #48214
[INFO] [stdout] 
[INFO] [stdout] 
[INFO] [stdout] error: aborting due to 19 previous errors
[INFO] [stdout] 
[INFO] [stdout] 
[INFO] [stdout] Some errors have detailed explanations: E0277, E0425, E0432.
[INFO] [stdout] 
[INFO] [stdout] For more information about an error, try `rustc --explain E0277`.
[INFO] [stdout] 
[INFO] [stderr] error: build failed
[INFO] running `Command { std: "docker" "inspect" "bedf758c0a2aea6e510911b1d16ce5aa92af91ad73ec8954e29add263fc62fe2", kill_on_drop: false }`
[INFO] running `Command { std: "docker" "rm" "-f" "bedf758c0a2aea6e510911b1d16ce5aa92af91ad73ec8954e29add263fc62fe2", kill_on_drop: false }`
[INFO] [stdout] bedf758c0a2aea6e510911b1d16ce5aa92af91ad73ec8954e29add263fc62fe2
