[INFO] fetching crate wasm-bindgen-test-crate-b 0.1.0...
[INFO] checking wasm-bindgen-test-crate-b-0.1.0 against 1.55.0 for beta-1.56-3
[INFO] extracting crate wasm-bindgen-test-crate-b 0.1.0 into /workspace/builds/worker-12/source
[INFO] validating manifest of crates.io crate wasm-bindgen-test-crate-b 0.1.0 on toolchain 1.55.0
[INFO] running `Command { std: "/workspace/cargo-home/bin/cargo" "+1.55.0" "metadata" "--manifest-path" "Cargo.toml" "--no-deps", kill_on_drop: false }`
[INFO] started tweaking crates.io crate wasm-bindgen-test-crate-b 0.1.0
[INFO] finished tweaking crates.io crate wasm-bindgen-test-crate-b 0.1.0
[INFO] tweaked toml for crates.io crate wasm-bindgen-test-crate-b 0.1.0 written to /workspace/builds/worker-12/source/Cargo.toml
[INFO] running `Command { std: "/workspace/cargo-home/bin/cargo" "+1.55.0" "generate-lockfile" "--manifest-path" "Cargo.toml" "-Zno-index-update", kill_on_drop: false }`
[INFO] running `Command { std: "/workspace/cargo-home/bin/cargo" "+1.55.0" "fetch" "--manifest-path" "Cargo.toml", kill_on_drop: false }`
[INFO] [stderr]     Blocking waiting for file lock on package cache
[INFO] running `Command { std: "docker" "create" "-v" "/var/lib/crater-agent-workspace/builds/worker-12/target:/opt/rustwide/target:rw,Z" "-v" "/var/lib/crater-agent-workspace/builds/worker-12/source:/opt/rustwide/workdir:ro,Z" "-v" "/var/lib/crater-agent-workspace/cargo-home:/opt/rustwide/cargo-home:ro,Z" "-v" "/var/lib/crater-agent-workspace/rustup-home:/opt/rustwide/rustup-home:ro,Z" "-e" "SOURCE_DIR=/opt/rustwide/workdir" "-e" "CARGO_TARGET_DIR=/opt/rustwide/target" "-e" "CARGO_HOME=/opt/rustwide/cargo-home" "-e" "RUSTUP_HOME=/opt/rustwide/rustup-home" "-w" "/opt/rustwide/workdir" "-m" "1610612736" "--user" "0:0" "--network" "none" "ghcr.io/rust-lang/crates-build-env/linux@sha256:a89201d6b5b9fd45c15d5952ece0a0129e7e80cb26ec023fd59cf09bc26f1604" "/opt/rustwide/cargo-home/bin/cargo" "+1.55.0" "metadata" "--no-deps" "--format-version=1", kill_on_drop: false }`
[INFO] [stdout] a264df1154af50dfbea0e26bc6c78dc8e2621b310915ad17448a3683ac7bd471
[INFO] [stderr] WARNING: Your kernel does not support swap limit capabilities or the cgroup is not mounted. Memory limited without swap.
[INFO] running `Command { std: "docker" "start" "-a" "a264df1154af50dfbea0e26bc6c78dc8e2621b310915ad17448a3683ac7bd471", kill_on_drop: false }`
[INFO] running `Command { std: "docker" "inspect" "a264df1154af50dfbea0e26bc6c78dc8e2621b310915ad17448a3683ac7bd471", kill_on_drop: false }`
[INFO] running `Command { std: "docker" "rm" "-f" "a264df1154af50dfbea0e26bc6c78dc8e2621b310915ad17448a3683ac7bd471", kill_on_drop: false }`
[INFO] [stdout] a264df1154af50dfbea0e26bc6c78dc8e2621b310915ad17448a3683ac7bd471
[INFO] running `Command { std: "docker" "create" "-v" "/var/lib/crater-agent-workspace/builds/worker-12/target:/opt/rustwide/target:rw,Z" "-v" "/var/lib/crater-agent-workspace/builds/worker-12/source:/opt/rustwide/workdir:ro,Z" "-v" "/var/lib/crater-agent-workspace/cargo-home:/opt/rustwide/cargo-home:ro,Z" "-v" "/var/lib/crater-agent-workspace/rustup-home:/opt/rustwide/rustup-home:ro,Z" "-e" "SOURCE_DIR=/opt/rustwide/workdir" "-e" "CARGO_TARGET_DIR=/opt/rustwide/target" "-e" "CARGO_INCREMENTAL=0" "-e" "RUST_BACKTRACE=full" "-e" "RUSTFLAGS=--cap-lints=warn" "-e" "CARGO_HOME=/opt/rustwide/cargo-home" "-e" "RUSTUP_HOME=/opt/rustwide/rustup-home" "-w" "/opt/rustwide/workdir" "-m" "1610612736" "--user" "0:0" "--network" "none" "ghcr.io/rust-lang/crates-build-env/linux@sha256:a89201d6b5b9fd45c15d5952ece0a0129e7e80cb26ec023fd59cf09bc26f1604" "/opt/rustwide/cargo-home/bin/cargo" "+1.55.0" "check" "--frozen" "--all" "--all-targets" "--message-format=json", kill_on_drop: false }`
[INFO] [stdout] 69d4eb924d712c1d5d3f6e8dd68d0aef323cfce35aa1bfddef7b027302664056
[INFO] [stderr] WARNING: Your kernel does not support swap limit capabilities or the cgroup is not mounted. Memory limited without swap.
[INFO] running `Command { std: "docker" "start" "-a" "69d4eb924d712c1d5d3f6e8dd68d0aef323cfce35aa1bfddef7b027302664056", kill_on_drop: false }`
[INFO] [stderr]     Checking wasm-bindgen-test-crate-b v0.1.0 (/opt/rustwide/workdir)
[INFO] [stdout] error: unknown attribute
[INFO] [stdout]  --> src/lib.rs:7:57
[INFO] [stdout]   |
[INFO] [stdout] 7 | #[wasm_bindgen(module = "tests/wasm/duplicate_deps.js", version = "*")]
[INFO] [stdout]   |                                                         ^^^^^^^
[INFO] [stdout] 
[INFO] [stdout] 
[INFO] [stdout] error: unknown attribute
[INFO] [stdout]  --> src/lib.rs:7:57
[INFO] [stdout]   |
[INFO] [stdout] 7 | #[wasm_bindgen(module = "tests/wasm/duplicate_deps.js", version = "*")]
[INFO] [stdout]   |                                                         ^^^^^^^
[INFO] [stdout] 
[INFO] [stdout] 
[INFO] [stdout] error[E0425]: cannot find function `foo` in this scope
[INFO] [stdout]   --> src/lib.rs:13:5
[INFO] [stdout]    |
[INFO] [stdout] 13 |     foo(10);
[INFO] [stdout]    |     ^^^ not found in this scope
[INFO] [stdout] 
[INFO] [stdout] 
[INFO] [stdout] error[E0554]: `#![feature]` may not be used on the stable release channel
[INFO] [stdout]  --> src/lib.rs:1:1
[INFO] [stdout]   |
[INFO] [stdout] 1 | #![feature(use_extern_macros)]
[INFO] [stdout]   | ^^^^^^^^^^^^^^^^^^^^^^^^^^^^^^ help: remove the attribute
[INFO] [stdout]   |
[INFO] [stdout]   = help: the feature `use_extern_macros` has been stable since 1.30.0 and no longer requires an attribute to enable
[INFO] [stdout] 
[INFO] [stdout] 
[INFO] [stdout] error: aborting due to 3 previous errors
[INFO] [stdout] 
[INFO] [stdout] 
[INFO] [stdout] Some errors have detailed explanations: E0425, E0554.
[INFO] [stdout] 
[INFO] [stdout] For more information about an error, try `rustc --explain E0425`.
[INFO] [stdout] 
[INFO] [stdout] error[E0425]: cannot find function `foo` in this scope
[INFO] [stdout]   --> src/lib.rs:13:5
[INFO] [stdout]    |
[INFO] [stdout] 13 |     foo(10);
[INFO] [stdout]    |     ^^^ not found in this scope
[INFO] [stdout] 
[INFO] [stdout] 
[INFO] [stdout] error[E0554]: `#![feature]` may not be used on the stable release channel
[INFO] [stdout]  --> src/lib.rs:1:1
[INFO] [stdout]   |
[INFO] [stdout] 1 | #![feature(use_extern_macros)]
[INFO] [stdout]   | ^^^^^^^^^^^^^^^^^^^^^^^^^^^^^^ help: remove the attribute
[INFO] [stdout]   |
[INFO] [stdout]   = help: the feature `use_extern_macros` has been stable since 1.30.0 and no longer requires an attribute to enable
[INFO] [stdout] 
[INFO] [stdout] 
[INFO] [stdout] error: aborting due to 3 previous errors
[INFO] [stdout] 
[INFO] [stdout] 
[INFO] [stdout] Some errors have detailed explanations: E0425, E0554.
[INFO] [stdout] 
[INFO] [stdout] For more information about an error, try `rustc --explain E0425`.
[INFO] [stdout] 
[INFO] [stderr] error: could not compile `wasm-bindgen-test-crate-b` due to 4 previous errors
[INFO] [stderr] warning: build failed, waiting for other jobs to finish...
[INFO] [stderr] error: build failed
[INFO] running `Command { std: "docker" "inspect" "69d4eb924d712c1d5d3f6e8dd68d0aef323cfce35aa1bfddef7b027302664056", kill_on_drop: false }`
[INFO] running `Command { std: "docker" "rm" "-f" "69d4eb924d712c1d5d3f6e8dd68d0aef323cfce35aa1bfddef7b027302664056", kill_on_drop: false }`
[INFO] [stdout] 69d4eb924d712c1d5d3f6e8dd68d0aef323cfce35aa1bfddef7b027302664056
