[INFO] fetching crate want 0.3.0...
[INFO] checking want-0.3.0 against 1.55.0 for beta-1.56-3
[INFO] extracting crate want 0.3.0 into /workspace/builds/worker-9/source
[INFO] validating manifest of crates.io crate want 0.3.0 on toolchain 1.55.0
[INFO] running `Command { std: "/workspace/cargo-home/bin/cargo" "+1.55.0" "metadata" "--manifest-path" "Cargo.toml" "--no-deps", kill_on_drop: false }`
[INFO] started tweaking crates.io crate want 0.3.0
[INFO] finished tweaking crates.io crate want 0.3.0
[INFO] tweaked toml for crates.io crate want 0.3.0 written to /workspace/builds/worker-9/source/Cargo.toml
[INFO] running `Command { std: "/workspace/cargo-home/bin/cargo" "+1.55.0" "generate-lockfile" "--manifest-path" "Cargo.toml" "-Zno-index-update", kill_on_drop: false }`
[INFO] running `Command { std: "/workspace/cargo-home/bin/cargo" "+1.55.0" "fetch" "--manifest-path" "Cargo.toml", kill_on_drop: false }`
[INFO] running `Command { std: "docker" "create" "-v" "/var/lib/crater-agent-workspace/builds/worker-9/target:/opt/rustwide/target:rw,Z" "-v" "/var/lib/crater-agent-workspace/builds/worker-9/source:/opt/rustwide/workdir:ro,Z" "-v" "/var/lib/crater-agent-workspace/cargo-home:/opt/rustwide/cargo-home:ro,Z" "-v" "/var/lib/crater-agent-workspace/rustup-home:/opt/rustwide/rustup-home:ro,Z" "-e" "SOURCE_DIR=/opt/rustwide/workdir" "-e" "CARGO_TARGET_DIR=/opt/rustwide/target" "-e" "CARGO_HOME=/opt/rustwide/cargo-home" "-e" "RUSTUP_HOME=/opt/rustwide/rustup-home" "-w" "/opt/rustwide/workdir" "-m" "1610612736" "--user" "0:0" "--network" "none" "ghcr.io/rust-lang/crates-build-env/linux@sha256:a89201d6b5b9fd45c15d5952ece0a0129e7e80cb26ec023fd59cf09bc26f1604" "/opt/rustwide/cargo-home/bin/cargo" "+1.55.0" "metadata" "--no-deps" "--format-version=1", kill_on_drop: false }`
[INFO] [stdout] 3347656f1cbeddc036fd1df7dd68432faa7ea46d223b93b5bb408b23ef24396d
[INFO] [stderr] WARNING: Your kernel does not support swap limit capabilities or the cgroup is not mounted. Memory limited without swap.
[INFO] running `Command { std: "docker" "start" "-a" "3347656f1cbeddc036fd1df7dd68432faa7ea46d223b93b5bb408b23ef24396d", kill_on_drop: false }`
[INFO] running `Command { std: "docker" "inspect" "3347656f1cbeddc036fd1df7dd68432faa7ea46d223b93b5bb408b23ef24396d", kill_on_drop: false }`
[INFO] running `Command { std: "docker" "rm" "-f" "3347656f1cbeddc036fd1df7dd68432faa7ea46d223b93b5bb408b23ef24396d", kill_on_drop: false }`
[INFO] [stdout] 3347656f1cbeddc036fd1df7dd68432faa7ea46d223b93b5bb408b23ef24396d
[INFO] running `Command { std: "docker" "create" "-v" "/var/lib/crater-agent-workspace/builds/worker-9/target:/opt/rustwide/target:rw,Z" "-v" "/var/lib/crater-agent-workspace/builds/worker-9/source:/opt/rustwide/workdir:ro,Z" "-v" "/var/lib/crater-agent-workspace/cargo-home:/opt/rustwide/cargo-home:ro,Z" "-v" "/var/lib/crater-agent-workspace/rustup-home:/opt/rustwide/rustup-home:ro,Z" "-e" "SOURCE_DIR=/opt/rustwide/workdir" "-e" "CARGO_TARGET_DIR=/opt/rustwide/target" "-e" "CARGO_INCREMENTAL=0" "-e" "RUST_BACKTRACE=full" "-e" "RUSTFLAGS=--cap-lints=warn" "-e" "CARGO_HOME=/opt/rustwide/cargo-home" "-e" "RUSTUP_HOME=/opt/rustwide/rustup-home" "-w" "/opt/rustwide/workdir" "-m" "1610612736" "--user" "0:0" "--network" "none" "ghcr.io/rust-lang/crates-build-env/linux@sha256:a89201d6b5b9fd45c15d5952ece0a0129e7e80cb26ec023fd59cf09bc26f1604" "/opt/rustwide/cargo-home/bin/cargo" "+1.55.0" "check" "--frozen" "--all" "--all-targets" "--message-format=json", kill_on_drop: false }`
[INFO] [stdout] 95b748b2a82503456947f6908288f0b197003ef196f74104442f3d6d8ff72bb3
[INFO] [stderr] WARNING: Your kernel does not support swap limit capabilities or the cgroup is not mounted. Memory limited without swap.
[INFO] running `Command { std: "docker" "start" "-a" "95b748b2a82503456947f6908288f0b197003ef196f74104442f3d6d8ff72bb3", kill_on_drop: false }`
[INFO] [stderr]     Checking futures-core-preview v0.3.0-alpha.19
[INFO] [stderr]     Checking want v0.3.0 (/opt/rustwide/workdir)
[INFO] [stdout] warning: use of deprecated associated function `try_lock::TryLock::<T>::try_lock_order`: This method is actually unsafe because it unsafely allows the use of weaker memory ordering. Please use try_lock_explicit instead
[INFO] [stdout]    --> src/lib.rs:209:63
[INFO] [stdout]     |
[INFO] [stdout] 209 |                     if let Some(mut locked) = self.inner.task.try_lock_order(SeqCst, SeqCst) {
[INFO] [stdout]     |                                                               ^^^^^^^^^^^^^^
[INFO] [stdout]     |
[INFO] [stdout] note: the lint level is defined here
[INFO] [stdout]    --> src/lib.rs:2:9
[INFO] [stdout]     |
[INFO] [stdout] 2   | #![deny(warnings)]
[INFO] [stdout]     |         ^^^^^^^^
[INFO] [stdout]     = note: `#[warn(deprecated)]` implied by `#[warn(warnings)]`
[INFO] [stdout] 
[INFO] [stdout] 
[INFO] [stdout] warning: use of deprecated associated function `std::sync::atomic::AtomicUsize::compare_and_swap`: Use `compare_exchange` or `compare_exchange_weak` instead
[INFO] [stdout]    --> src/lib.rs:212:52
[INFO] [stdout]     |
[INFO] [stdout] 212 |                         let old = self.inner.state.compare_and_swap(
[INFO] [stdout]     |                                                    ^^^^^^^^^^^^^^^^
[INFO] [stdout] 
[INFO] [stdout] 
[INFO] [stdout] warning: use of deprecated associated function `std::sync::atomic::AtomicUsize::compare_and_swap`: Use `compare_exchange` or `compare_exchange_weak` instead
[INFO] [stdout]    --> src/lib.rs:253:26
[INFO] [stdout]     |
[INFO] [stdout] 253 |         self.inner.state.compare_and_swap(
[INFO] [stdout]     |                          ^^^^^^^^^^^^^^^^
[INFO] [stdout] 
[INFO] [stdout] 
[INFO] [stdout] warning: use of deprecated associated function `try_lock::TryLock::<T>::try_lock_order`: This method is actually unsafe because it unsafely allows the use of weaker memory ordering. Please use try_lock_explicit instead
[INFO] [stdout]    --> src/lib.rs:352:63
[INFO] [stdout]     |
[INFO] [stdout] 352 |                     if let Some(mut locked) = self.inner.task.try_lock_order(SeqCst, SeqCst) {
[INFO] [stdout]     |                                                               ^^^^^^^^^^^^^^
[INFO] [stdout] 
[INFO] [stdout] 
[INFO] [stdout] warning: 4 warnings emitted
[INFO] [stdout] 
[INFO] [stdout] 
[INFO] [stderr]     Checking futures-channel-preview v0.3.0-alpha.19
[INFO] [stderr]     Checking futures-util-preview v0.3.0-alpha.19
[INFO] [stderr]     Checking tokio-sync v0.2.0-alpha.6
[INFO] [stderr]     Checking tokio-executor v0.2.0-alpha.6
[INFO] [stdout] error[E0554]: `#![feature]` may not be used on the stable release channel
[INFO] [stdout]  --> benches/throughput.rs:1:1
[INFO] [stdout]   |
[INFO] [stdout] 1 | #![feature(test)]
[INFO] [stdout]   | ^^^^^^^^^^^^^^^^^
[INFO] [stdout] 
[INFO] [stdout] 
[INFO] [stdout] error[E0061]: this function takes 1 argument but 0 arguments were supplied
[INFO] [stdout]    --> benches/throughput.rs:12:20
[INFO] [stdout]     |
[INFO] [stdout] 12  |         assert!(gv.poll_want().unwrap().is_ready());
[INFO] [stdout]     |                    ^^^^^^^^^- supplied 0 arguments
[INFO] [stdout]     |                    |
[INFO] [stdout]     |                    expected 1 argument
[INFO] [stdout]     |
[INFO] [stdout] note: associated function defined here
[INFO] [stdout]    --> /opt/rustwide/workdir/src/lib.rs:195:12
[INFO] [stdout]     |
[INFO] [stdout] 195 |     pub fn poll_want(&mut self, cx: &mut task::Context<'_>) -> Poll<Result<(), Closed>> {
[INFO] [stdout]     |            ^^^^^^^^^
[INFO] [stdout] 
[INFO] [stdout] 
[INFO] [stdout] error[E0599]: no method named `unwrap` found for enum `Poll` in the current scope
[INFO] [stdout]   --> benches/throughput.rs:12:32
[INFO] [stdout]    |
[INFO] [stdout] 12 |         assert!(gv.poll_want().unwrap().is_ready());
[INFO] [stdout]    |                                ^^^^^^ method not found in `Poll<Result<(), Closed>>`
[INFO] [stdout] 
[INFO] [stdout] 
[INFO] [stdout] error: aborting due to 3 previous errors
[INFO] [stdout] 
[INFO] [stdout] 
[INFO] [stdout] Some errors have detailed explanations: E0061, E0554, E0599.
[INFO] [stdout] 
[INFO] [stdout] For more information about an error, try `rustc --explain E0061`.
[INFO] [stdout] 
[INFO] [stderr] error: could not compile `want` due to 4 previous errors
[INFO] [stderr] warning: build failed, waiting for other jobs to finish...
[INFO] [stdout] warning: use of deprecated associated function `try_lock::TryLock::<T>::try_lock_order`: This method is actually unsafe because it unsafely allows the use of weaker memory ordering. Please use try_lock_explicit instead
[INFO] [stdout]    --> src/lib.rs:209:63
[INFO] [stdout]     |
[INFO] [stdout] 209 |                     if let Some(mut locked) = self.inner.task.try_lock_order(SeqCst, SeqCst) {
[INFO] [stdout]     |                                                               ^^^^^^^^^^^^^^
[INFO] [stdout]     |
[INFO] [stdout] note: the lint level is defined here
[INFO] [stdout]    --> src/lib.rs:2:9
[INFO] [stdout]     |
[INFO] [stdout] 2   | #![deny(warnings)]
[INFO] [stdout]     |         ^^^^^^^^
[INFO] [stdout]     = note: `#[warn(deprecated)]` implied by `#[warn(warnings)]`
[INFO] [stdout] 
[INFO] [stdout] 
[INFO] [stdout] warning: use of deprecated associated function `std::sync::atomic::AtomicUsize::compare_and_swap`: Use `compare_exchange` or `compare_exchange_weak` instead
[INFO] [stdout]    --> src/lib.rs:212:52
[INFO] [stdout]     |
[INFO] [stdout] 212 |                         let old = self.inner.state.compare_and_swap(
[INFO] [stdout]     |                                                    ^^^^^^^^^^^^^^^^
[INFO] [stdout] 
[INFO] [stdout] 
[INFO] [stdout] warning: use of deprecated associated function `std::sync::atomic::AtomicUsize::compare_and_swap`: Use `compare_exchange` or `compare_exchange_weak` instead
[INFO] [stdout]    --> src/lib.rs:253:26
[INFO] [stdout]     |
[INFO] [stdout] 253 |         self.inner.state.compare_and_swap(
[INFO] [stdout]     |                          ^^^^^^^^^^^^^^^^
[INFO] [stdout] 
[INFO] [stdout] 
[INFO] [stdout] warning: use of deprecated associated function `try_lock::TryLock::<T>::try_lock_order`: This method is actually unsafe because it unsafely allows the use of weaker memory ordering. Please use try_lock_explicit instead
[INFO] [stdout]    --> src/lib.rs:352:63
[INFO] [stdout]     |
[INFO] [stdout] 352 |                     if let Some(mut locked) = self.inner.task.try_lock_order(SeqCst, SeqCst) {
[INFO] [stdout]     |                                                               ^^^^^^^^^^^^^^
[INFO] [stdout] 
[INFO] [stdout] 
[INFO] [stdout] warning: 4 warnings emitted
[INFO] [stdout] 
[INFO] [stdout] 
[INFO] [stderr] error: build failed
[INFO] running `Command { std: "docker" "inspect" "95b748b2a82503456947f6908288f0b197003ef196f74104442f3d6d8ff72bb3", kill_on_drop: false }`
[INFO] running `Command { std: "docker" "rm" "-f" "95b748b2a82503456947f6908288f0b197003ef196f74104442f3d6d8ff72bb3", kill_on_drop: false }`
[INFO] [stdout] 95b748b2a82503456947f6908288f0b197003ef196f74104442f3d6d8ff72bb3
