[INFO] fetching crate w5500-ll 0.8.0...
[INFO] checking w5500-ll-0.8.0 against 1.55.0 for beta-1.56-3
[INFO] extracting crate w5500-ll 0.8.0 into /workspace/builds/worker-8/source
[INFO] validating manifest of crates.io crate w5500-ll 0.8.0 on toolchain 1.55.0
[INFO] running `Command { std: "/workspace/cargo-home/bin/cargo" "+1.55.0" "metadata" "--manifest-path" "Cargo.toml" "--no-deps", kill_on_drop: false }`
[INFO] started tweaking crates.io crate w5500-ll 0.8.0
[INFO] finished tweaking crates.io crate w5500-ll 0.8.0
[INFO] tweaked toml for crates.io crate w5500-ll 0.8.0 written to /workspace/builds/worker-8/source/Cargo.toml
[INFO] running `Command { std: "/workspace/cargo-home/bin/cargo" "+1.55.0" "generate-lockfile" "--manifest-path" "Cargo.toml" "-Zno-index-update", kill_on_drop: false }`
[INFO] running `Command { std: "/workspace/cargo-home/bin/cargo" "+1.55.0" "fetch" "--manifest-path" "Cargo.toml", kill_on_drop: false }`
[INFO] [stderr]  Downloading crates ...
[INFO] [stderr]   Downloaded version-sync v0.9.3
[INFO] [stderr]   Downloaded defmt-parser v0.2.2
[INFO] [stderr]   Downloaded defmt-macros v0.2.3
[INFO] [stderr]   Downloaded defmt v0.2.3
[INFO] running `Command { std: "docker" "create" "-v" "/var/lib/crater-agent-workspace/builds/worker-8/target:/opt/rustwide/target:rw,Z" "-v" "/var/lib/crater-agent-workspace/builds/worker-8/source:/opt/rustwide/workdir:ro,Z" "-v" "/var/lib/crater-agent-workspace/cargo-home:/opt/rustwide/cargo-home:ro,Z" "-v" "/var/lib/crater-agent-workspace/rustup-home:/opt/rustwide/rustup-home:ro,Z" "-e" "SOURCE_DIR=/opt/rustwide/workdir" "-e" "CARGO_TARGET_DIR=/opt/rustwide/target" "-e" "CARGO_HOME=/opt/rustwide/cargo-home" "-e" "RUSTUP_HOME=/opt/rustwide/rustup-home" "-w" "/opt/rustwide/workdir" "-m" "1610612736" "--user" "0:0" "--network" "none" "ghcr.io/rust-lang/crates-build-env/linux@sha256:a89201d6b5b9fd45c15d5952ece0a0129e7e80cb26ec023fd59cf09bc26f1604" "/opt/rustwide/cargo-home/bin/cargo" "+1.55.0" "metadata" "--no-deps" "--format-version=1", kill_on_drop: false }`
[INFO] [stdout] 2ad9027202b97dcb67af356c4d9584b32076eb01574433d4ff8bd2ced0a7fb64
[INFO] [stderr] WARNING: Your kernel does not support swap limit capabilities or the cgroup is not mounted. Memory limited without swap.
[INFO] running `Command { std: "docker" "start" "-a" "2ad9027202b97dcb67af356c4d9584b32076eb01574433d4ff8bd2ced0a7fb64", kill_on_drop: false }`
[INFO] running `Command { std: "docker" "inspect" "2ad9027202b97dcb67af356c4d9584b32076eb01574433d4ff8bd2ced0a7fb64", kill_on_drop: false }`
[INFO] running `Command { std: "docker" "rm" "-f" "2ad9027202b97dcb67af356c4d9584b32076eb01574433d4ff8bd2ced0a7fb64", kill_on_drop: false }`
[INFO] [stdout] 2ad9027202b97dcb67af356c4d9584b32076eb01574433d4ff8bd2ced0a7fb64
[INFO] running `Command { std: "docker" "create" "-v" "/var/lib/crater-agent-workspace/builds/worker-8/target:/opt/rustwide/target:rw,Z" "-v" "/var/lib/crater-agent-workspace/builds/worker-8/source:/opt/rustwide/workdir:ro,Z" "-v" "/var/lib/crater-agent-workspace/cargo-home:/opt/rustwide/cargo-home:ro,Z" "-v" "/var/lib/crater-agent-workspace/rustup-home:/opt/rustwide/rustup-home:ro,Z" "-e" "SOURCE_DIR=/opt/rustwide/workdir" "-e" "CARGO_TARGET_DIR=/opt/rustwide/target" "-e" "CARGO_INCREMENTAL=0" "-e" "RUST_BACKTRACE=full" "-e" "RUSTFLAGS=--cap-lints=warn" "-e" "CARGO_HOME=/opt/rustwide/cargo-home" "-e" "RUSTUP_HOME=/opt/rustwide/rustup-home" "-w" "/opt/rustwide/workdir" "-m" "1610612736" "--user" "0:0" "--network" "none" "ghcr.io/rust-lang/crates-build-env/linux@sha256:a89201d6b5b9fd45c15d5952ece0a0129e7e80cb26ec023fd59cf09bc26f1604" "/opt/rustwide/cargo-home/bin/cargo" "+1.55.0" "check" "--frozen" "--all" "--all-targets" "--message-format=json", kill_on_drop: false }`
[INFO] [stdout] bf56257d70008d3836c7660233f923b96e17cb2cfc3333be7b6cc4ec3aea63b2
[INFO] [stderr] WARNING: Your kernel does not support swap limit capabilities or the cgroup is not mounted. Memory limited without swap.
[INFO] running `Command { std: "docker" "start" "-a" "bf56257d70008d3836c7660233f923b96e17cb2cfc3333be7b6cc4ec3aea63b2", kill_on_drop: false }`
[INFO] [stderr]     Checking w5500-ll v0.8.0 (/opt/rustwide/workdir)
[INFO] [stderr]    Compiling proc-macro2 v1.0.30
[INFO] [stderr]    Compiling syn v1.0.80
[INFO] [stderr]     Checking quote v1.0.10
[INFO] [stderr]     Checking version-sync v0.9.3
[INFO] [stdout] error[E0433]: failed to resolve: could not find `blocking` in `w5500_ll`
[INFO] [stdout]  --> tests/blocking.rs:2:15
[INFO] [stdout]   |
[INFO] [stdout] 2 | use w5500_ll::blocking::fdm::W5500;
[INFO] [stdout]   |               ^^^^^^^^ could not find `blocking` in `w5500_ll`
[INFO] [stdout] 
[INFO] [stdout] 
[INFO] [stdout] error[E0433]: failed to resolve: use of undeclared type `W5500`
[INFO] [stdout]  --> tests/blocking.rs:8:21
[INFO] [stdout]   |
[INFO] [stdout] 8 |     let mut w5500 = W5500::new(spi);
[INFO] [stdout]   |                     ^^^^^ use of undeclared type `W5500`
[INFO] [stdout] 
[INFO] [stdout] 
[INFO] [stdout] error[E0433]: failed to resolve: use of undeclared type `W5500`
[INFO] [stdout]   --> tests/blocking.rs:20:21
[INFO] [stdout]    |
[INFO] [stdout] 20 |     let mut w5500 = W5500::new(spi);
[INFO] [stdout]    |                     ^^^^^ use of undeclared type `W5500`
[INFO] [stdout] 
[INFO] [stdout] 
[INFO] [stdout] error[E0433]: failed to resolve: use of undeclared type `W5500`
[INFO] [stdout]   --> tests/blocking.rs:31:21
[INFO] [stdout]    |
[INFO] [stdout] 31 |     let mut w5500 = W5500::new(spi);
[INFO] [stdout]    |                     ^^^^^ use of undeclared type `W5500`
[INFO] [stdout] 
[INFO] [stdout] 
[INFO] [stdout] error[E0433]: failed to resolve: use of undeclared type `W5500`
[INFO] [stdout]   --> tests/blocking.rs:42:21
[INFO] [stdout]    |
[INFO] [stdout] 42 |     let mut w5500 = W5500::new(spi);
[INFO] [stdout]    |                     ^^^^^ use of undeclared type `W5500`
[INFO] [stdout] 
[INFO] [stdout] 
[INFO] [stdout] error[E0433]: failed to resolve: use of undeclared type `W5500`
[INFO] [stdout]   --> tests/blocking.rs:58:21
[INFO] [stdout]    |
[INFO] [stdout] 58 |     let mut w5500 = W5500::new(spi);
[INFO] [stdout]    |                     ^^^^^ use of undeclared type `W5500`
[INFO] [stdout] 
[INFO] [stdout] 
[INFO] [stdout] error[E0433]: failed to resolve: use of undeclared type `W5500`
[INFO] [stdout]   --> tests/blocking.rs:70:21
[INFO] [stdout]    |
[INFO] [stdout] 70 |     let mut w5500 = W5500::new(spi);
[INFO] [stdout]    |                     ^^^^^ use of undeclared type `W5500`
[INFO] [stdout] 
[INFO] [stdout] 
[INFO] [stdout] error[E0433]: failed to resolve: use of undeclared type `W5500`
[INFO] [stdout]   --> tests/blocking.rs:84:21
[INFO] [stdout]    |
[INFO] [stdout] 84 |     let mut w5500 = W5500::new(spi);
[INFO] [stdout]    |                     ^^^^^ use of undeclared type `W5500`
[INFO] [stdout] 
[INFO] [stdout] 
[INFO] [stdout] error[E0433]: failed to resolve: use of undeclared type `W5500`
[INFO] [stdout]   --> tests/blocking.rs:98:21
[INFO] [stdout]    |
[INFO] [stdout] 98 |     let mut w5500 = W5500::new(spi);
[INFO] [stdout]    |                     ^^^^^ use of undeclared type `W5500`
[INFO] [stdout] 
[INFO] [stdout] 
[INFO] [stdout] error[E0433]: failed to resolve: use of undeclared type `W5500`
[INFO] [stdout]    --> tests/blocking.rs:116:21
[INFO] [stdout]     |
[INFO] [stdout] 116 |     let mut w5500 = W5500::new(spi);
[INFO] [stdout]     |                     ^^^^^ use of undeclared type `W5500`
[INFO] [stdout] 
[INFO] [stdout] 
[INFO] [stdout] warning: unused import: `w5500_ll::Registers`
[INFO] [stdout]  --> tests/blocking.rs:3:5
[INFO] [stdout]   |
[INFO] [stdout] 3 | use w5500_ll::Registers;
[INFO] [stdout]   |     ^^^^^^^^^^^^^^^^^^^
[INFO] [stdout]   |
[INFO] [stdout]   = note: `#[warn(unused_imports)]` on by default
[INFO] [stdout] 
[INFO] [stdout] 
[INFO] [stdout] error: aborting due to 10 previous errors; 1 warning emitted
[INFO] [stdout] 
[INFO] [stdout] 
[INFO] [stdout] For more information about this error, try `rustc --explain E0433`.
[INFO] [stdout] 
[INFO] [stderr] error: could not compile `w5500-ll` due to 11 previous errors; 1 warning emitted
[INFO] [stderr] warning: build failed, waiting for other jobs to finish...
[INFO] [stderr] error: build failed
[INFO] running `Command { std: "docker" "inspect" "bf56257d70008d3836c7660233f923b96e17cb2cfc3333be7b6cc4ec3aea63b2", kill_on_drop: false }`
[INFO] running `Command { std: "docker" "rm" "-f" "bf56257d70008d3836c7660233f923b96e17cb2cfc3333be7b6cc4ec3aea63b2", kill_on_drop: false }`
[INFO] [stdout] bf56257d70008d3836c7660233f923b96e17cb2cfc3333be7b6cc4ec3aea63b2
