[INFO] fetching crate vulkayes-core 0.1.0...
[INFO] checking vulkayes-core-0.1.0 against 1.55.0 for beta-1.56-3
[INFO] extracting crate vulkayes-core 0.1.0 into /workspace/builds/worker-8/source
[INFO] validating manifest of crates.io crate vulkayes-core 0.1.0 on toolchain 1.55.0
[INFO] running `Command { std: "/workspace/cargo-home/bin/cargo" "+1.55.0" "metadata" "--manifest-path" "Cargo.toml" "--no-deps", kill_on_drop: false }`
[INFO] started tweaking crates.io crate vulkayes-core 0.1.0
[INFO] finished tweaking crates.io crate vulkayes-core 0.1.0
[INFO] tweaked toml for crates.io crate vulkayes-core 0.1.0 written to /workspace/builds/worker-8/source/Cargo.toml
[INFO] running `Command { std: "/workspace/cargo-home/bin/cargo" "+1.55.0" "generate-lockfile" "--manifest-path" "Cargo.toml" "-Zno-index-update", kill_on_drop: false }`
[INFO] [stderr]     Blocking waiting for file lock on package cache
[INFO] running `Command { std: "/workspace/cargo-home/bin/cargo" "+1.55.0" "fetch" "--manifest-path" "Cargo.toml", kill_on_drop: false }`
[INFO] [stderr]     Blocking waiting for file lock on package cache
[INFO] [stderr]     Blocking waiting for file lock on package cache
[INFO] [stderr]  Downloading crates ...
[INFO] [stderr]   Downloaded redox_termios v0.1.2
[INFO] [stderr]   Downloaded termion v1.5.6
[INFO] [stderr]   Downloaded edwardium_logger v1.2.1
[INFO] running `Command { std: "docker" "create" "-v" "/var/lib/crater-agent-workspace/builds/worker-8/target:/opt/rustwide/target:rw,Z" "-v" "/var/lib/crater-agent-workspace/builds/worker-8/source:/opt/rustwide/workdir:ro,Z" "-v" "/var/lib/crater-agent-workspace/cargo-home:/opt/rustwide/cargo-home:ro,Z" "-v" "/var/lib/crater-agent-workspace/rustup-home:/opt/rustwide/rustup-home:ro,Z" "-e" "SOURCE_DIR=/opt/rustwide/workdir" "-e" "CARGO_TARGET_DIR=/opt/rustwide/target" "-e" "CARGO_HOME=/opt/rustwide/cargo-home" "-e" "RUSTUP_HOME=/opt/rustwide/rustup-home" "-w" "/opt/rustwide/workdir" "-m" "1610612736" "--user" "0:0" "--network" "none" "ghcr.io/rust-lang/crates-build-env/linux@sha256:a89201d6b5b9fd45c15d5952ece0a0129e7e80cb26ec023fd59cf09bc26f1604" "/opt/rustwide/cargo-home/bin/cargo" "+1.55.0" "metadata" "--no-deps" "--format-version=1", kill_on_drop: false }`
[INFO] [stdout] 3dda07c561cccc87157ce22ce23d437af4983233b38703a510be747c41728a29
[INFO] running `Command { std: "docker" "start" "-a" "3dda07c561cccc87157ce22ce23d437af4983233b38703a510be747c41728a29", kill_on_drop: false }`
[INFO] running `Command { std: "docker" "inspect" "3dda07c561cccc87157ce22ce23d437af4983233b38703a510be747c41728a29", kill_on_drop: false }`
[INFO] running `Command { std: "docker" "rm" "-f" "3dda07c561cccc87157ce22ce23d437af4983233b38703a510be747c41728a29", kill_on_drop: false }`
[INFO] [stdout] 3dda07c561cccc87157ce22ce23d437af4983233b38703a510be747c41728a29
[INFO] running `Command { std: "docker" "create" "-v" "/var/lib/crater-agent-workspace/builds/worker-8/target:/opt/rustwide/target:rw,Z" "-v" "/var/lib/crater-agent-workspace/builds/worker-8/source:/opt/rustwide/workdir:ro,Z" "-v" "/var/lib/crater-agent-workspace/cargo-home:/opt/rustwide/cargo-home:ro,Z" "-v" "/var/lib/crater-agent-workspace/rustup-home:/opt/rustwide/rustup-home:ro,Z" "-e" "SOURCE_DIR=/opt/rustwide/workdir" "-e" "CARGO_TARGET_DIR=/opt/rustwide/target" "-e" "CARGO_INCREMENTAL=0" "-e" "RUST_BACKTRACE=full" "-e" "RUSTFLAGS=--cap-lints=warn" "-e" "CARGO_HOME=/opt/rustwide/cargo-home" "-e" "RUSTUP_HOME=/opt/rustwide/rustup-home" "-w" "/opt/rustwide/workdir" "-m" "1610612736" "--user" "0:0" "--network" "none" "ghcr.io/rust-lang/crates-build-env/linux@sha256:a89201d6b5b9fd45c15d5952ece0a0129e7e80cb26ec023fd59cf09bc26f1604" "/opt/rustwide/cargo-home/bin/cargo" "+1.55.0" "check" "--frozen" "--all" "--all-targets" "--message-format=json", kill_on_drop: false }`
[INFO] [stdout] 5a5bd79377b3dcb40aff0566988515687049a64b33739f578ef126e87f86fba7
[INFO] running `Command { std: "docker" "start" "-a" "5a5bd79377b3dcb40aff0566988515687049a64b33739f578ef126e87f86fba7", kill_on_drop: false }`
[INFO] [stderr]     Blocking waiting for file lock on package cache
[INFO] [stderr]     Blocking waiting for file lock on package cache
[INFO] [stderr]    Compiling log v0.4.14
[INFO] [stderr]    Compiling seq-macro v0.2.2
[INFO] [stderr]     Checking arrayvec v0.5.2
[INFO] [stderr]     Checking libloading v0.6.7
[INFO] [stderr]     Checking termion v1.5.6
[INFO] [stderr]     Checking thiserror v1.0.30
[INFO] [stderr]     Checking ash v0.31.0
[INFO] [stderr]     Checking edwardium_logger v1.2.1
[INFO] [stderr]     Checking vulkayes-core v0.1.0 (/opt/rustwide/workdir)
[INFO] [stdout] warning: use of deprecated associated function `std::sync::atomic::AtomicBool::compare_and_swap`: Use `compare_exchange` or `compare_exchange_weak` instead
[INFO] [stdout]   --> src/lib.rs:84:25
[INFO] [stdout]    |
[INFO] [stdout] 84 |         if LOGGER_INITIALIZED.compare_and_swap(false, true, std::sync::atomic::Ordering::SeqCst)
[INFO] [stdout]    |                               ^^^^^^^^^^^^^^^^
[INFO] [stdout]    |
[INFO] [stdout]    = note: `#[warn(deprecated)]` on by default
[INFO] [stdout] 
[INFO] [stdout] 
[INFO] [stdout] error[E0061]: this function takes 2 arguments but 1 argument was supplied
[INFO] [stdout]   --> src/lib.rs:88:6
[INFO] [stdout]    |
[INFO] [stdout] 88 |                 [edwardium_logger::targets::stderr::StderrTarget::new(
[INFO] [stdout]    |                  ^^^^^^^^^^^^^^^^^^^^^^^^^^^^^^^^^^^^^^^^^^^^^^^^^^^^ expected 2 arguments
[INFO] [stdout] 89 |                     log::Level::Trace
[INFO] [stdout]    |                     ----------------- supplied 1 argument
[INFO] [stdout]    |
[INFO] [stdout] note: associated function defined here
[INFO] [stdout]   --> /opt/rustwide/cargo-home/registry/src/github.com-1ecc6299db9ec823/edwardium_logger-1.2.1/src/targets/stderr.rs:22:15
[INFO] [stdout]    |
[INFO] [stdout] 22 |     pub const fn new(level: Level, ignore_patterns: IgnoreListPatterns<'static>) -> Self {
[INFO] [stdout]    |                  ^^^
[INFO] [stdout] 
[INFO] [stdout] 
[INFO] [stdout] error[E0277]: the trait bound `[StderrTarget; 1]: Target` is not satisfied
[INFO] [stdout]   --> src/lib.rs:87:17
[INFO] [stdout]    |
[INFO] [stdout] 87 |             let logger = edwardium_logger::Logger::new(
[INFO] [stdout]    |                          ^^^^^^^^^^^^^^^^^^^^^^^^^^^^^ the trait `Target` is not implemented for `[StderrTarget; 1]`
[INFO] [stdout]    |
[INFO] [stdout]    = note: required because of the requirements on the impl of `Targets` for `[StderrTarget; 1]`
[INFO] [stdout] note: required by `Logger::<Targ, Time>::new`
[INFO] [stdout]   --> /opt/rustwide/cargo-home/registry/src/github.com-1ecc6299db9ec823/edwardium_logger-1.2.1/src/lib.rs:74:2
[INFO] [stdout]    |
[INFO] [stdout] 74 |     pub fn new(targets: Targ, start: Time) -> Self {
[INFO] [stdout]    |     ^^^^^^^^^^^^^^^^^^^^^^^^^^^^^^^^^^^^^^^^^^^^^^
[INFO] [stdout] 
[INFO] [stdout] 
[INFO] [stdout] error[E0277]: the trait bound `[StderrTarget; 1]: Target` is not satisfied
[INFO] [stdout]   --> src/lib.rs:87:17
[INFO] [stdout]    |
[INFO] [stdout] 87 |               let logger = edwardium_logger::Logger::new(
[INFO] [stdout]    |  __________________________^
[INFO] [stdout] 88 | |                 [edwardium_logger::targets::stderr::StderrTarget::new(
[INFO] [stdout] 89 | |                     log::Level::Trace
[INFO] [stdout] 90 | |                 )],
[INFO] [stdout] 91 | |                 std::time::Instant::now()
[INFO] [stdout] 92 | |             );
[INFO] [stdout]    | |_____________^ the trait `Target` is not implemented for `[StderrTarget; 1]`
[INFO] [stdout]    | 
[INFO] [stdout]   ::: /opt/rustwide/cargo-home/registry/src/github.com-1ecc6299db9ec823/edwardium_logger-1.2.1/src/lib.rs:60:11
[INFO] [stdout]    |
[INFO] [stdout] 60 |       Targ: target::Targets + Send + Sync + 'static,
[INFO] [stdout]    |             --------------- required by this bound in `Logger`
[INFO] [stdout]    |
[INFO] [stdout]    = note: required because of the requirements on the impl of `Targets` for `[StderrTarget; 1]`
[INFO] [stdout] 
[INFO] [stdout] 
[INFO] [stdout] error[E0599]: the method `init_boxed` exists for struct `Logger<[StderrTarget; 1], Instant>`, but its trait bounds were not satisfied
[INFO] [stdout]   --> src/lib.rs:93:11
[INFO] [stdout]    |
[INFO] [stdout] 93 |             logger.init_boxed().expect("Could not initialize logger");
[INFO] [stdout]    |                    ^^^^^^^^^^ method cannot be called on `Logger<[StderrTarget; 1], Instant>` due to unsatisfied trait bounds
[INFO] [stdout]    |
[INFO] [stdout]    = note: the following trait bounds were not satisfied:
[INFO] [stdout]            `[StderrTarget; 1]: Targets`
[INFO] [stdout] 
[INFO] [stdout] 
[INFO] [stdout] error: aborting due to 4 previous errors; 1 warning emitted
[INFO] [stdout] 
[INFO] [stdout] 
[INFO] [stdout] Some errors have detailed explanations: E0061, E0277, E0599.
[INFO] [stdout] 
[INFO] [stdout] For more information about an error, try `rustc --explain E0061`.
[INFO] [stdout] 
[INFO] [stderr] error: could not compile `vulkayes-core` due to 5 previous errors; 1 warning emitted
[INFO] [stderr] warning: build failed, waiting for other jobs to finish...
[INFO] [stdout] warning: associated function is never used: `pool_handle`
[INFO] [stdout]   --> src/command/buffer/recording/common.rs:46:16
[INFO] [stdout]    |
[INFO] [stdout] 46 |     pub(super) fn pool_handle(&self) -> vk::CommandPool {
[INFO] [stdout]    |                   ^^^^^^^^^^^
[INFO] [stdout]    |
[INFO] [stdout]    = note: `#[warn(dead_code)]` on by default
[INFO] [stdout] 
[INFO] [stdout] 
[INFO] [stdout] warning: 1 warning emitted
[INFO] [stdout] 
[INFO] [stdout] 
[INFO] [stderr] error: build failed
[INFO] running `Command { std: "docker" "inspect" "5a5bd79377b3dcb40aff0566988515687049a64b33739f578ef126e87f86fba7", kill_on_drop: false }`
[INFO] running `Command { std: "docker" "rm" "-f" "5a5bd79377b3dcb40aff0566988515687049a64b33739f578ef126e87f86fba7", kill_on_drop: false }`
[INFO] [stdout] 5a5bd79377b3dcb40aff0566988515687049a64b33739f578ef126e87f86fba7
