[INFO] fetching crate vulkanology 0.2.0...
[INFO] checking vulkanology-0.2.0 against beta-2021-10-15 for beta-1.56-3
[INFO] extracting crate vulkanology 0.2.0 into /workspace/builds/worker-3/source
[INFO] validating manifest of crates.io crate vulkanology 0.2.0 on toolchain beta-2021-10-15
[INFO] running `Command { std: "/workspace/cargo-home/bin/cargo" "+beta-2021-10-15" "metadata" "--manifest-path" "Cargo.toml" "--no-deps", kill_on_drop: false }`
[INFO] started tweaking crates.io crate vulkanology 0.2.0
[INFO] finished tweaking crates.io crate vulkanology 0.2.0
[INFO] tweaked toml for crates.io crate vulkanology 0.2.0 written to /workspace/builds/worker-3/source/Cargo.toml
[INFO] running `Command { std: "/workspace/cargo-home/bin/cargo" "+beta-2021-10-15" "generate-lockfile" "--manifest-path" "Cargo.toml" "-Zno-index-update", kill_on_drop: false }`
[INFO] running `Command { std: "/workspace/cargo-home/bin/cargo" "+beta-2021-10-15" "fetch" "--manifest-path" "Cargo.toml", kill_on_drop: false }`
[INFO] [stderr]     Blocking waiting for file lock on package cache
[INFO] [stderr]     Blocking waiting for file lock on package cache
[INFO] [stderr]  Downloading crates ...
[INFO] [stderr]   Downloaded ppv-lite86 v0.2.14
[INFO] [stderr]   Downloaded digest v0.7.6
[INFO] [stderr]   Downloaded typenum v1.14.0
[INFO] [stderr]   Downloaded byte-tools v0.2.0
[INFO] [stderr]   Downloaded rand_hc v0.3.1
[INFO] [stderr]   Downloaded generic-array v0.9.1
[INFO] [stderr]   Downloaded block-buffer v0.3.3
[INFO] [stderr]   Downloaded remove_dir_all v0.5.3
[INFO] [stderr]   Downloaded tempfile v3.2.0
[INFO] [stderr]   Downloaded smallvec v0.3.4
[INFO] [stderr]   Downloaded lazy_static v0.2.11
[INFO] [stderr]   Downloaded crossbeam v0.2.12
[INFO] [stderr]   Downloaded rand v0.3.23
[INFO] [stderr]   Downloaded sha2 v0.7.1
[INFO] [stderr]   Downloaded arrayref v0.3.6
[INFO] [stderr]   Downloaded rand_core v0.6.3
[INFO] [stderr]   Downloaded rand v0.8.4
[INFO] [stderr]   Downloaded rand v0.4.6
[INFO] [stderr]   Downloaded fake-simd v0.1.2
[INFO] [stderr]   Downloaded rand_chacha v0.3.1
[INFO] [stderr]   Downloaded glsl-to-spirv v0.1.7
[INFO] [stderr]   Downloaded vulkano v0.3.2
[INFO] [stderr]   Downloaded vk-sys v0.2.7
[INFO] [stderr]   Downloaded vulkano-shaders v0.3.2
[INFO] running `Command { std: "docker" "create" "-v" "/var/lib/crater-agent-workspace/builds/worker-3/target:/opt/rustwide/target:rw,Z" "-v" "/var/lib/crater-agent-workspace/builds/worker-3/source:/opt/rustwide/workdir:ro,Z" "-v" "/var/lib/crater-agent-workspace/cargo-home:/opt/rustwide/cargo-home:ro,Z" "-v" "/var/lib/crater-agent-workspace/rustup-home:/opt/rustwide/rustup-home:ro,Z" "-e" "SOURCE_DIR=/opt/rustwide/workdir" "-e" "CARGO_TARGET_DIR=/opt/rustwide/target" "-e" "CARGO_HOME=/opt/rustwide/cargo-home" "-e" "RUSTUP_HOME=/opt/rustwide/rustup-home" "-w" "/opt/rustwide/workdir" "-m" "1610612736" "--user" "0:0" "--network" "none" "ghcr.io/rust-lang/crates-build-env/linux@sha256:a89201d6b5b9fd45c15d5952ece0a0129e7e80cb26ec023fd59cf09bc26f1604" "/opt/rustwide/cargo-home/bin/cargo" "+beta-2021-10-15" "metadata" "--no-deps" "--format-version=1", kill_on_drop: false }`
[INFO] [stdout] 034072bed3999240d02581d68438ee10ece91366e303e00708676e7e8d5a8e1b
[INFO] running `Command { std: "docker" "start" "-a" "034072bed3999240d02581d68438ee10ece91366e303e00708676e7e8d5a8e1b", kill_on_drop: false }`
[INFO] running `Command { std: "docker" "inspect" "034072bed3999240d02581d68438ee10ece91366e303e00708676e7e8d5a8e1b", kill_on_drop: false }`
[INFO] running `Command { std: "docker" "rm" "-f" "034072bed3999240d02581d68438ee10ece91366e303e00708676e7e8d5a8e1b", kill_on_drop: false }`
[INFO] [stdout] 034072bed3999240d02581d68438ee10ece91366e303e00708676e7e8d5a8e1b
[INFO] running `Command { std: "docker" "create" "-v" "/var/lib/crater-agent-workspace/builds/worker-3/target:/opt/rustwide/target:rw,Z" "-v" "/var/lib/crater-agent-workspace/builds/worker-3/source:/opt/rustwide/workdir:ro,Z" "-v" "/var/lib/crater-agent-workspace/cargo-home:/opt/rustwide/cargo-home:ro,Z" "-v" "/var/lib/crater-agent-workspace/rustup-home:/opt/rustwide/rustup-home:ro,Z" "-e" "SOURCE_DIR=/opt/rustwide/workdir" "-e" "CARGO_TARGET_DIR=/opt/rustwide/target" "-e" "CARGO_INCREMENTAL=0" "-e" "RUST_BACKTRACE=full" "-e" "RUSTFLAGS=--cap-lints=warn" "-e" "CARGO_HOME=/opt/rustwide/cargo-home" "-e" "RUSTUP_HOME=/opt/rustwide/rustup-home" "-w" "/opt/rustwide/workdir" "-m" "1610612736" "--user" "0:0" "--network" "none" "ghcr.io/rust-lang/crates-build-env/linux@sha256:a89201d6b5b9fd45c15d5952ece0a0129e7e80cb26ec023fd59cf09bc26f1604" "/opt/rustwide/cargo-home/bin/cargo" "+beta-2021-10-15" "check" "--frozen" "--all" "--all-targets" "--message-format=json", kill_on_drop: false }`
[INFO] [stdout] 8d195d70c3f6e4747fb0ed06faf0e84d01b2baea4729dae8ada9b07bf30c4626
[INFO] running `Command { std: "docker" "start" "-a" "8d195d70c3f6e4747fb0ed06faf0e84d01b2baea4729dae8ada9b07bf30c4626", kill_on_drop: false }`
[INFO] [stderr]     Blocking waiting for file lock on package cache
[INFO] [stderr]    Compiling byte-tools v0.2.0
[INFO] [stderr]    Compiling arrayref v0.3.6
[INFO] [stderr]    Compiling ppv-lite86 v0.2.14
[INFO] [stderr]    Compiling fake-simd v0.1.2
[INFO] [stderr]    Compiling remove_dir_all v0.5.3
[INFO] [stderr]     Checking smallvec v0.3.4
[INFO] [stderr]     Checking vk-sys v0.2.7
[INFO] [stderr]     Checking lazy_static v0.2.11
[INFO] [stderr]     Checking crossbeam v0.2.12
[INFO] [stderr]    Compiling libc v0.2.104
[INFO] [stderr]    Compiling cmake v0.1.46
[INFO] [stderr]    Compiling typenum v1.14.0
[INFO] [stderr]     Checking shared_library v0.1.9
[INFO] [stderr]     Checking rand v0.4.6
[INFO] [stderr]    Compiling block-buffer v0.3.3
[INFO] [stderr]    Compiling generic-array v0.9.1
[INFO] [stderr]    Compiling getrandom v0.2.3
[INFO] [stderr]     Checking vulkano v0.3.2
[INFO] [stderr]     Checking rand v0.3.23
[INFO] [stderr]    Compiling rand_core v0.6.3
[INFO] [stderr]    Compiling digest v0.7.6
[INFO] [stderr]    Compiling sha2 v0.7.1
[INFO] [stderr]    Compiling rand_chacha v0.3.1
[INFO] [stderr]    Compiling glsl-to-spirv v0.1.7
[INFO] [stderr]    Compiling rand v0.8.4
[INFO] [stdout] error[E0081]: discriminant value `1000104001` already exists
[INFO] [stdout]    --> /opt/rustwide/cargo-home/registry/src/github.com-1ecc6299db9ec823/vulkano-0.3.2/src/swapchain/surface.rs:906:26
[INFO] [stdout]     |
[INFO] [stdout] 905 |     DisplayP3Linear = vk::COLOR_SPACE_DISPLAY_P3_LINEAR_EXT,
[INFO] [stdout]     |                       ------------------------------------- first use of `1000104001`
[INFO] [stdout] 906 |     DisplayP3NonLinear = vk::COLOR_SPACE_DISPLAY_P3_NONLINEAR_EXT,
[INFO] [stdout]     |                          ^^^^^^^^^^^^^^^^^^^^^^^^^^^^^^^^^^^^^^^^ enum already has `1000104001`
[INFO] [stdout] 
[INFO] [stdout] 
[INFO] [stdout] error[E0081]: discriminant value `1000104003` already exists
[INFO] [stdout]    --> /opt/rustwide/cargo-home/registry/src/github.com-1ecc6299db9ec823/vulkano-0.3.2/src/swapchain/surface.rs:909:19
[INFO] [stdout]     |
[INFO] [stdout] 907 |     ScrgbLinear = vk::COLOR_SPACE_SCRGB_LINEAR_EXT,
[INFO] [stdout]     |                   -------------------------------- first use of `1000104003`
[INFO] [stdout] 908 |     ScrgbNonLinear = vk::COLOR_SPACE_SCRGB_NONLINEAR_EXT,
[INFO] [stdout] 909 |     DciP3Linear = vk::COLOR_SPACE_DCI_P3_LINEAR_EXT,
[INFO] [stdout]     |                   ^^^^^^^^^^^^^^^^^^^^^^^^^^^^^^^^^ enum already has `1000104003`
[INFO] [stdout] 
[INFO] [stdout] 
[INFO] [stdout] error[E0081]: discriminant value `1000104004` already exists
[INFO] [stdout]    --> /opt/rustwide/cargo-home/registry/src/github.com-1ecc6299db9ec823/vulkano-0.3.2/src/swapchain/surface.rs:910:22
[INFO] [stdout]     |
[INFO] [stdout] 908 |     ScrgbNonLinear = vk::COLOR_SPACE_SCRGB_NONLINEAR_EXT,
[INFO] [stdout]     |                      ----------------------------------- first use of `1000104004`
[INFO] [stdout] 909 |     DciP3Linear = vk::COLOR_SPACE_DCI_P3_LINEAR_EXT,
[INFO] [stdout] 910 |     DciP3NonLinear = vk::COLOR_SPACE_DCI_P3_NONLINEAR_EXT,
[INFO] [stdout]     |                      ^^^^^^^^^^^^^^^^^^^^^^^^^^^^^^^^^^^^ enum already has `1000104004`
[INFO] [stdout] 
[INFO] [stdout] 
[INFO] [stdout] error[E0282]: type annotations needed
[INFO] [stdout]     --> /opt/rustwide/cargo-home/registry/src/github.com-1ecc6299db9ec823/vulkano-0.3.2/src/command_buffer/sys.rs:1167:29
[INFO] [stdout]      |
[INFO] [stdout] 1167 |         self.src_stage_mask |= source.into();
[INFO] [stdout]      |                             ^^ ------------- this method call resolves to `T`
[INFO] [stdout]      |                             |
[INFO] [stdout]      |                             cannot infer type
[INFO] [stdout] 
[INFO] [stdout] 
[INFO] [stdout] error[E0282]: type annotations needed
[INFO] [stdout]     --> /opt/rustwide/cargo-home/registry/src/github.com-1ecc6299db9ec823/vulkano-0.3.2/src/command_buffer/sys.rs:1204:29
[INFO] [stdout]      |
[INFO] [stdout] 1204 |         self.src_stage_mask |= request.source_stage.into();
[INFO] [stdout]      |                             ^^ --------------------------- this method call resolves to `T`
[INFO] [stdout]      |                             |
[INFO] [stdout]      |                             cannot infer type
[INFO] [stdout] 
[INFO] [stdout] 
[INFO] [stdout] error[E0282]: type annotations needed
[INFO] [stdout]     --> /opt/rustwide/cargo-home/registry/src/github.com-1ecc6299db9ec823/vulkano-0.3.2/src/command_buffer/sys.rs:1239:29
[INFO] [stdout]      |
[INFO] [stdout] 1239 |         self.src_stage_mask |= request.source_stage.into();
[INFO] [stdout]      |                             ^^ --------------------------- this method call resolves to `T`
[INFO] [stdout]      |                             |
[INFO] [stdout]      |                             cannot infer type
[INFO] [stdout] 
[INFO] [stdout] 
[INFO] [stdout] error: aborting due to 6 previous errors
[INFO] [stdout] 
[INFO] [stdout] 
[INFO] [stderr] error: could not compile `vulkano` due to 7 previous errors
[INFO] [stdout] Some errors have detailed explanations: E0081, E0282.
[INFO] [stdout] 
[INFO] [stderr] warning: build failed, waiting for other jobs to finish...
[INFO] [stdout] For more information about an error, try `rustc --explain E0081`.
[INFO] [stdout] 
[INFO] [stderr] error: build failed
[INFO] running `Command { std: "docker" "inspect" "8d195d70c3f6e4747fb0ed06faf0e84d01b2baea4729dae8ada9b07bf30c4626", kill_on_drop: false }`
[INFO] running `Command { std: "docker" "rm" "-f" "8d195d70c3f6e4747fb0ed06faf0e84d01b2baea4729dae8ada9b07bf30c4626", kill_on_drop: false }`
[INFO] [stdout] 8d195d70c3f6e4747fb0ed06faf0e84d01b2baea4729dae8ada9b07bf30c4626
