[INFO] fetching crate vue-compiler-core 0.1.0...
[INFO] checking vue-compiler-core-0.1.0 against beta-2021-10-15 for beta-1.56-3
[INFO] extracting crate vue-compiler-core 0.1.0 into /workspace/builds/worker-57/source
[INFO] validating manifest of crates.io crate vue-compiler-core 0.1.0 on toolchain beta-2021-10-15
[INFO] running `Command { std: "/workspace/cargo-home/bin/cargo" "+beta-2021-10-15" "metadata" "--manifest-path" "Cargo.toml" "--no-deps", kill_on_drop: false }`
[INFO] started tweaking crates.io crate vue-compiler-core 0.1.0
[INFO] finished tweaking crates.io crate vue-compiler-core 0.1.0
[INFO] tweaked toml for crates.io crate vue-compiler-core 0.1.0 written to /workspace/builds/worker-57/source/Cargo.toml
[INFO] running `Command { std: "/workspace/cargo-home/bin/cargo" "+beta-2021-10-15" "generate-lockfile" "--manifest-path" "Cargo.toml" "-Zno-index-update", kill_on_drop: false }`
[INFO] [stderr]     Blocking waiting for file lock on package cache
[INFO] running `Command { std: "/workspace/cargo-home/bin/cargo" "+beta-2021-10-15" "fetch" "--manifest-path" "Cargo.toml", kill_on_drop: false }`
[INFO] [stderr]     Blocking waiting for file lock on package cache
[INFO] [stderr]     Blocking waiting for file lock on package cache
[INFO] running `Command { std: "docker" "create" "-v" "/var/lib/crater-agent-workspace/builds/worker-57/target:/opt/rustwide/target:rw,Z" "-v" "/var/lib/crater-agent-workspace/builds/worker-57/source:/opt/rustwide/workdir:ro,Z" "-v" "/var/lib/crater-agent-workspace/cargo-home:/opt/rustwide/cargo-home:ro,Z" "-v" "/var/lib/crater-agent-workspace/rustup-home:/opt/rustwide/rustup-home:ro,Z" "-e" "SOURCE_DIR=/opt/rustwide/workdir" "-e" "CARGO_TARGET_DIR=/opt/rustwide/target" "-e" "CARGO_HOME=/opt/rustwide/cargo-home" "-e" "RUSTUP_HOME=/opt/rustwide/rustup-home" "-w" "/opt/rustwide/workdir" "-m" "1610612736" "--user" "0:0" "--network" "none" "ghcr.io/rust-lang/crates-build-env/linux@sha256:a89201d6b5b9fd45c15d5952ece0a0129e7e80cb26ec023fd59cf09bc26f1604" "/opt/rustwide/cargo-home/bin/cargo" "+beta-2021-10-15" "metadata" "--no-deps" "--format-version=1", kill_on_drop: false }`
[INFO] [stdout] 344d13813b03dbae262253ee317178933dcbe920fe602b55a91b1aba229c0d70
[INFO] running `Command { std: "docker" "start" "-a" "344d13813b03dbae262253ee317178933dcbe920fe602b55a91b1aba229c0d70", kill_on_drop: false }`
[INFO] running `Command { std: "docker" "inspect" "344d13813b03dbae262253ee317178933dcbe920fe602b55a91b1aba229c0d70", kill_on_drop: false }`
[INFO] running `Command { std: "docker" "rm" "-f" "344d13813b03dbae262253ee317178933dcbe920fe602b55a91b1aba229c0d70", kill_on_drop: false }`
[INFO] [stdout] 344d13813b03dbae262253ee317178933dcbe920fe602b55a91b1aba229c0d70
[INFO] running `Command { std: "docker" "create" "-v" "/var/lib/crater-agent-workspace/builds/worker-57/target:/opt/rustwide/target:rw,Z" "-v" "/var/lib/crater-agent-workspace/builds/worker-57/source:/opt/rustwide/workdir:ro,Z" "-v" "/var/lib/crater-agent-workspace/cargo-home:/opt/rustwide/cargo-home:ro,Z" "-v" "/var/lib/crater-agent-workspace/rustup-home:/opt/rustwide/rustup-home:ro,Z" "-e" "SOURCE_DIR=/opt/rustwide/workdir" "-e" "CARGO_TARGET_DIR=/opt/rustwide/target" "-e" "CARGO_INCREMENTAL=0" "-e" "RUST_BACKTRACE=full" "-e" "RUSTFLAGS=--cap-lints=warn" "-e" "CARGO_HOME=/opt/rustwide/cargo-home" "-e" "RUSTUP_HOME=/opt/rustwide/rustup-home" "-w" "/opt/rustwide/workdir" "-m" "1610612736" "--user" "0:0" "--network" "none" "ghcr.io/rust-lang/crates-build-env/linux@sha256:a89201d6b5b9fd45c15d5952ece0a0129e7e80cb26ec023fd59cf09bc26f1604" "/opt/rustwide/cargo-home/bin/cargo" "+beta-2021-10-15" "check" "--frozen" "--all" "--all-targets" "--message-format=json", kill_on_drop: false }`
[INFO] [stdout] 42a573d65736b38ca10d48a3657b53b321ead3f4095abcc594a28bbd1c09e42e
[INFO] running `Command { std: "docker" "start" "-a" "42a573d65736b38ca10d48a3657b53b321ead3f4095abcc594a28bbd1c09e42e", kill_on_drop: false }`
[INFO] [stderr]     Blocking waiting for file lock on package cache
[INFO] [stderr]    Compiling serde v1.0.130
[INFO] [stderr]    Compiling libc v0.2.104
[INFO] [stderr]     Checking stable_deref_trait v1.2.0
[INFO] [stderr]     Checking smol_str v0.1.18
[INFO] [stderr]     Checking text-size v1.1.0
[INFO] [stderr]     Checking rustc-hash v1.1.0
[INFO] [stderr]     Checking hashbrown v0.9.1
[INFO] [stderr]    Compiling lexical-core v0.7.6
[INFO] [stderr]     Checking arrayvec v0.5.2
[INFO] [stderr]     Checking ansi_term v0.12.1
[INFO] [stderr]     Checking rslint_syntax v0.1.4
[INFO] [stderr]     Checking linked-hash-map v0.5.4
[INFO] [stderr]     Checking dtoa v0.4.8
[INFO] [stderr]     Checking itoa v0.4.8
[INFO] [stderr]     Checking similar v1.3.0
[INFO] [stderr]     Checking json v0.12.4
[INFO] [stderr]     Checking uuid v0.8.2
[INFO] [stderr]    Compiling erasable v1.2.1
[INFO] [stderr]    Compiling slice-dst v1.5.1
[INFO] [stderr]    Compiling num-traits v0.2.14
[INFO] [stderr]    Compiling num-integer v0.1.44
[INFO] [stderr]    Compiling num-bigint v0.3.3
[INFO] [stderr]     Checking yaml-rust v0.4.5
[INFO] [stderr]     Checking rslint_rowan v0.10.0
[INFO] [stderr]     Checking atty v0.2.14
[INFO] [stderr]     Checking terminal_size v0.1.17
[INFO] [stderr]     Checking console v0.14.1
[INFO] [stderr]     Checking colored v2.0.0
[INFO] [stderr]     Checking triomphe v0.1.3
[INFO] [stderr]     Checking smallvec v1.7.0
[INFO] [stderr]     Checking serde_json v1.0.68
[INFO] [stderr]     Checking serde_yaml v0.8.21
[INFO] [stderr]     Checking lexical v5.2.2
[INFO] [stderr]     Checking rowan v0.10.6
[INFO] [stderr]     Checking rslint_text_edit v0.1.0
[INFO] [stderr]     Checking insta v1.8.0
[INFO] [stderr]     Checking rslint_errors v0.2.0
[INFO] [stderr]     Checking rslint_lexer v0.2.0
[INFO] [stderr]     Checking rslint_parser v0.3.1
[INFO] [stderr]     Checking vue-compiler-core v0.1.0 (/opt/rustwide/workdir)
[INFO] [stdout] error[E0433]: failed to resolve: use of undeclared crate or module `compiler`
[INFO] [stdout]  --> tests/common/mod.rs:1:5
[INFO] [stdout]   |
[INFO] [stdout] 1 | use compiler::error::ErrorHandler;
[INFO] [stdout]   |     ^^^^^^^^ use of undeclared crate or module `compiler`
[INFO] [stdout] 
[INFO] [stdout] 
[INFO] [stdout] error[E0432]: unresolved import `compiler`
[INFO] [stdout]  --> tests/common/mod.rs:2:9
[INFO] [stdout]   |
[INFO] [stdout] 2 | pub use compiler::{Position, SourceLocation};
[INFO] [stdout]   |         ^^^^^^^^ help: a similar path exists: `vue_compiler_core::compiler`
[INFO] [stdout] 
[INFO] [stdout] 
[INFO] [stdout] error[E0433]: failed to resolve: use of undeclared crate or module `compiler`
[INFO] [stdout]  --> tests/converter_test/mod.rs:4:5
[INFO] [stdout]   |
[INFO] [stdout] 4 | use compiler::converter::{self as C, BaseConverter, ConvertOption, Converter};
[INFO] [stdout]   |     ^^^^^^^^ use of undeclared crate or module `compiler`
[INFO] [stdout] 
[INFO] [stdout] 
[INFO] [stdout] error[E0432]: unresolved import `compiler`
[INFO] [stdout]  --> tests/converter_test/mod.rs:4:5
[INFO] [stdout]   |
[INFO] [stdout] 4 | use compiler::converter::{self as C, BaseConverter, ConvertOption, Converter};
[INFO] [stdout]   |     ^^^^^^^^ help: a similar path exists: `vue_compiler_core::compiler`
[INFO] [stdout] 
[INFO] [stdout] 
[INFO] [stdout] error[E0432]: unresolved import `compiler`
[INFO] [stdout]  --> tests/parser_test/dir.rs:3:5
[INFO] [stdout]   |
[INFO] [stdout] 3 | use compiler::parser;
[INFO] [stdout]   |     ^^^^^^^^ help: a similar path exists: `vue_compiler_core::compiler`
[INFO] [stdout] 
[INFO] [stdout] 
[INFO] [stdout] error[E0433]: failed to resolve: use of undeclared crate or module `compiler`
[INFO] [stdout]  --> tests/parser_test/mod.rs:4:5
[INFO] [stdout]   |
[INFO] [stdout] 4 | use compiler::parser::{self as p, ParseOption, Parser};
[INFO] [stdout]   |     ^^^^^^^^ use of undeclared crate or module `compiler`
[INFO] [stdout] 
[INFO] [stdout] 
[INFO] [stdout] error[E0433]: failed to resolve: use of undeclared crate or module `compiler`
[INFO] [stdout]  --> tests/parser_test/mod.rs:5:5
[INFO] [stdout]   |
[INFO] [stdout] 5 | use compiler::scanner::TextMode;
[INFO] [stdout]   |     ^^^^^^^^ use of undeclared crate or module `compiler`
[INFO] [stdout] 
[INFO] [stdout] 
[INFO] [stdout] error[E0433]: failed to resolve: use of undeclared crate or module `compiler`
[INFO] [stdout]  --> tests/scanner_test/mod.rs:2:5
[INFO] [stdout]   |
[INFO] [stdout] 2 | use compiler::scanner::{ScanOption, Scanner, TextMode, TokenSource};
[INFO] [stdout]   |     ^^^^^^^^ use of undeclared crate or module `compiler`
[INFO] [stdout] 
[INFO] [stdout] 
[INFO] [stdout] error[E0432]: unresolved import `compiler`
[INFO] [stdout]  --> tests/parser_test/mod.rs:4:5
[INFO] [stdout]   |
[INFO] [stdout] 4 | use compiler::parser::{self as p, ParseOption, Parser};
[INFO] [stdout]   |     ^^^^^^^^ help: a similar path exists: `vue_compiler_core::compiler`
[INFO] [stdout] 
[INFO] [stdout] 
[INFO] [stdout] error[E0433]: failed to resolve: use of undeclared type `TextMode`
[INFO] [stdout]   --> tests/parser_test/mod.rs:27:25
[INFO] [stdout]    |
[INFO] [stdout] 27 |             "script" => TextMode::RawText,
[INFO] [stdout]    |                         ^^^^^^^^ use of undeclared type `TextMode`
[INFO] [stdout] 
[INFO] [stdout] 
[INFO] [stdout] error[E0433]: failed to resolve: use of undeclared type `TextMode`
[INFO] [stdout]   --> tests/parser_test/mod.rs:28:27
[INFO] [stdout]    |
[INFO] [stdout] 28 |             "textarea" => TextMode::RcData,
[INFO] [stdout]    |                           ^^^^^^^^ use of undeclared type `TextMode`
[INFO] [stdout] 
[INFO] [stdout] 
[INFO] [stdout] error[E0433]: failed to resolve: use of undeclared type `TextMode`
[INFO] [stdout]   --> tests/parser_test/mod.rs:29:18
[INFO] [stdout]    |
[INFO] [stdout] 29 |             _ => TextMode::Data,
[INFO] [stdout]    |                  ^^^^^^^^ use of undeclared type `TextMode`
[INFO] [stdout] 
[INFO] [stdout] 
[INFO] [stdout] error[E0433]: failed to resolve: use of undeclared type `TextMode`
[INFO] [stdout]   --> tests/scanner_test/mod.rs:63:32
[INFO] [stdout]    |
[INFO] [stdout] 63 |             get_text_mode: |_| TextMode::RawText,
[INFO] [stdout]    |                                ^^^^^^^^ use of undeclared type `TextMode`
[INFO] [stdout] 
[INFO] [stdout] 
[INFO] [stdout] error[E0433]: failed to resolve: use of undeclared type `TextMode`
[INFO] [stdout]   --> tests/scanner_test/mod.rs:88:32
[INFO] [stdout]    |
[INFO] [stdout] 88 |             get_text_mode: |_| TextMode::RcData,
[INFO] [stdout]    |                                ^^^^^^^^ use of undeclared type `TextMode`
[INFO] [stdout] 
[INFO] [stdout] 
[INFO] [stdout] error[E0405]: cannot find trait `ErrorHandler` in this scope
[INFO] [stdout]  --> tests/common/mod.rs:7:6
[INFO] [stdout]   |
[INFO] [stdout] 7 | impl ErrorHandler for TestErrorHandler {}
[INFO] [stdout]   |      ^^^^^^^^^^^^ not found in this scope
[INFO] [stdout]   |
[INFO] [stdout] help: consider importing this trait
[INFO] [stdout]   |
[INFO] [stdout] 1 | use vue_compiler_core::error::ErrorHandler;
[INFO] [stdout]   |
[INFO] [stdout] 
[INFO] [stdout] 
[INFO] [stdout] error[E0422]: cannot find struct, variant or union type `BaseConverter` in this scope
[INFO] [stdout]   --> tests/converter_test/mod.rs:24:21
[INFO] [stdout]    |
[INFO] [stdout] 24 |     let converter = BaseConverter {
[INFO] [stdout]    |                     ^^^^^^^^^^^^^ not found in this scope
[INFO] [stdout]    |
[INFO] [stdout] help: consider importing this struct
[INFO] [stdout]    |
[INFO] [stdout] 1  | use vue_compiler_core::converter::BaseConverter;
[INFO] [stdout]    |
[INFO] [stdout] 
[INFO] [stdout] 
[INFO] [stdout] error[E0433]: failed to resolve: use of undeclared type `ConvertOption`
[INFO] [stdout]   --> tests/converter_test/mod.rs:25:17
[INFO] [stdout]    |
[INFO] [stdout] 25 |         option: ConvertOption::default(),
[INFO] [stdout]    |                 ^^^^^^^^^^^^^ not found in this scope
[INFO] [stdout]    |
[INFO] [stdout] help: consider importing this struct
[INFO] [stdout]    |
[INFO] [stdout] 1  | use vue_compiler_core::converter::ConvertOption;
[INFO] [stdout]    |
[INFO] [stdout] 
[INFO] [stdout] 
[INFO] [stdout] error[E0433]: failed to resolve: use of undeclared type `Parser`
[INFO] [stdout]   --> tests/parser_test/mod.rs:25:18
[INFO] [stdout]    |
[INFO] [stdout] 25 |     let parser = Parser::new(ParseOption {
[INFO] [stdout]    |                  ^^^^^^ not found in this scope
[INFO] [stdout]    |
[INFO] [stdout] help: consider importing one of these items
[INFO] [stdout]    |
[INFO] [stdout] 2  | use rslint_parser::Parser;
[INFO] [stdout]    |
[INFO] [stdout] 2  | use vue_compiler_core::parser::Parser;
[INFO] [stdout]    |
[INFO] [stdout] 
[INFO] [stdout] 
[INFO] [stdout] error[E0422]: cannot find struct, variant or union type `ParseOption` in this scope
[INFO] [stdout]   --> tests/parser_test/mod.rs:25:30
[INFO] [stdout]    |
[INFO] [stdout] 25 |     let parser = Parser::new(ParseOption {
[INFO] [stdout]    |                              ^^^^^^^^^^^ not found in this scope
[INFO] [stdout]    |
[INFO] [stdout] help: consider importing this struct
[INFO] [stdout]    |
[INFO] [stdout] 2  | use vue_compiler_core::parser::ParseOption;
[INFO] [stdout]    |
[INFO] [stdout] 
[INFO] [stdout] 
[INFO] [stdout] error[E0433]: failed to resolve: use of undeclared type `ParseOption`
[INFO] [stdout]   --> tests/parser_test/mod.rs:32:11
[INFO] [stdout]    |
[INFO] [stdout] 32 |         ..ParseOption::default()
[INFO] [stdout]    |           ^^^^^^^^^^^ not found in this scope
[INFO] [stdout]    |
[INFO] [stdout] help: consider importing this struct
[INFO] [stdout]    |
[INFO] [stdout] 2  | use vue_compiler_core::parser::ParseOption;
[INFO] [stdout]    |
[INFO] [stdout] 
[INFO] [stdout] 
[INFO] [stdout] error[E0412]: cannot find type `ScanOption` in this scope
[INFO] [stdout]  --> tests/scanner_test/mod.rs:6:32
[INFO] [stdout]   |
[INFO] [stdout] 6 | fn scan_with_opt(s: &str, opt: ScanOption) -> impl TokenSource {
[INFO] [stdout]   |                                ^^^^^^^^^^ not found in this scope
[INFO] [stdout]   |
[INFO] [stdout] help: consider importing this struct
[INFO] [stdout]   |
[INFO] [stdout] 1 | use vue_compiler_core::scanner::ScanOption;
[INFO] [stdout]   |
[INFO] [stdout] 
[INFO] [stdout] 
[INFO] [stdout] error[E0405]: cannot find trait `TokenSource` in this scope
[INFO] [stdout]  --> tests/scanner_test/mod.rs:6:52
[INFO] [stdout]   |
[INFO] [stdout] 6 | fn scan_with_opt(s: &str, opt: ScanOption) -> impl TokenSource {
[INFO] [stdout]   |                                                    ^^^^^^^^^^^ not found in this scope
[INFO] [stdout]   |
[INFO] [stdout] help: consider importing this trait
[INFO] [stdout]   |
[INFO] [stdout] 1 | use vue_compiler_core::scanner::TokenSource;
[INFO] [stdout]   |
[INFO] [stdout] 
[INFO] [stdout] 
[INFO] [stdout] error[E0433]: failed to resolve: use of undeclared type `Scanner`
[INFO] [stdout]  --> tests/scanner_test/mod.rs:7:19
[INFO] [stdout]   |
[INFO] [stdout] 7 |     let scanner = Scanner::new(opt);
[INFO] [stdout]   |                   ^^^^^^^ not found in this scope
[INFO] [stdout]   |
[INFO] [stdout] help: consider importing this struct
[INFO] [stdout]   |
[INFO] [stdout] 1 | use vue_compiler_core::scanner::Scanner;
[INFO] [stdout]   |
[INFO] [stdout] 
[INFO] [stdout] 
[INFO] [stdout] error[E0405]: cannot find trait `TokenSource` in this scope
[INFO] [stdout]   --> tests/scanner_test/mod.rs:12:35
[INFO] [stdout]    |
[INFO] [stdout] 12 | pub fn base_scan(s: &str) -> impl TokenSource {
[INFO] [stdout]    |                                   ^^^^^^^^^^^ not found in this scope
[INFO] [stdout]    |
[INFO] [stdout] help: consider importing this trait
[INFO] [stdout]    |
[INFO] [stdout] 1  | use vue_compiler_core::scanner::TokenSource;
[INFO] [stdout]    |
[INFO] [stdout] 
[INFO] [stdout] 
[INFO] [stdout] error[E0433]: failed to resolve: use of undeclared type `ScanOption`
[INFO] [stdout]   --> tests/scanner_test/mod.rs:13:22
[INFO] [stdout]    |
[INFO] [stdout] 13 |     scan_with_opt(s, ScanOption::default())
[INFO] [stdout]    |                      ^^^^^^^^^^ not found in this scope
[INFO] [stdout]    |
[INFO] [stdout] help: consider importing this struct
[INFO] [stdout]    |
[INFO] [stdout] 1  | use vue_compiler_core::scanner::ScanOption;
[INFO] [stdout]    |
[INFO] [stdout] 
[INFO] [stdout] 
[INFO] [stdout] error[E0422]: cannot find struct, variant or union type `ScanOption` in this scope
[INFO] [stdout]   --> tests/scanner_test/mod.rs:62:19
[INFO] [stdout]    |
[INFO] [stdout] 62 |         let opt = ScanOption {
[INFO] [stdout]    |                   ^^^^^^^^^^ not found in this scope
[INFO] [stdout]    |
[INFO] [stdout] help: consider importing this struct
[INFO] [stdout]    |
[INFO] [stdout] 1  | use vue_compiler_core::scanner::ScanOption;
[INFO] [stdout]    |
[INFO] [stdout] 
[INFO] [stdout] 
[INFO] [stdout] error[E0422]: cannot find struct, variant or union type `ScanOption` in this scope
[INFO] [stdout]   --> tests/scanner_test/mod.rs:87:19
[INFO] [stdout]    |
[INFO] [stdout] 87 |         let opt = ScanOption {
[INFO] [stdout]    |                   ^^^^^^^^^^ not found in this scope
[INFO] [stdout]    |
[INFO] [stdout] help: consider importing this struct
[INFO] [stdout]    |
[INFO] [stdout] 1  | use vue_compiler_core::scanner::ScanOption;
[INFO] [stdout]    |
[INFO] [stdout] 
[INFO] [stdout] 
[INFO] [stdout] error: aborting due to 27 previous errors
[INFO] [stdout] 
[INFO] [stdout] 
[INFO] [stdout] Some errors have detailed explanations: E0405, E0412, E0422, E0432, E0433.
[INFO] [stdout] 
[INFO] [stdout] For more information about an error, try `rustc --explain E0405`.
[INFO] [stdout] 
[INFO] [stderr] error: could not compile `vue-compiler-core` due to 28 previous errors
[INFO] [stderr] warning: build failed, waiting for other jobs to finish...
[INFO] [stderr] error: build failed
[INFO] running `Command { std: "docker" "inspect" "42a573d65736b38ca10d48a3657b53b321ead3f4095abcc594a28bbd1c09e42e", kill_on_drop: false }`
[INFO] running `Command { std: "docker" "rm" "-f" "42a573d65736b38ca10d48a3657b53b321ead3f4095abcc594a28bbd1c09e42e", kill_on_drop: false }`
[INFO] [stdout] 42a573d65736b38ca10d48a3657b53b321ead3f4095abcc594a28bbd1c09e42e
