[INFO] fetching crate voprf 0.1.0...
[INFO] checking voprf-0.1.0 against beta-2021-10-15 for beta-1.56-3
[INFO] extracting crate voprf 0.1.0 into /workspace/builds/worker-65/source
[INFO] validating manifest of crates.io crate voprf 0.1.0 on toolchain beta-2021-10-15
[INFO] running `Command { std: "/workspace/cargo-home/bin/cargo" "+beta-2021-10-15" "metadata" "--manifest-path" "Cargo.toml" "--no-deps", kill_on_drop: false }`
[INFO] started tweaking crates.io crate voprf 0.1.0
[INFO] finished tweaking crates.io crate voprf 0.1.0
[INFO] tweaked toml for crates.io crate voprf 0.1.0 written to /workspace/builds/worker-65/source/Cargo.toml
[INFO] running `Command { std: "/workspace/cargo-home/bin/cargo" "+beta-2021-10-15" "generate-lockfile" "--manifest-path" "Cargo.toml" "-Zno-index-update", kill_on_drop: false }`
[INFO] running `Command { std: "/workspace/cargo-home/bin/cargo" "+beta-2021-10-15" "fetch" "--manifest-path" "Cargo.toml", kill_on_drop: false }`
[INFO] [stderr]     Blocking waiting for file lock on package cache
[INFO] [stderr]     Blocking waiting for file lock on package cache
[INFO] [stderr]  Downloading crates ...
[INFO] [stderr]   Downloaded displaydoc v0.2.3
[INFO] [stderr]   Downloaded poly1305 v0.7.2
[INFO] [stderr]   Downloaded cipher v0.3.0
[INFO] [stderr]   Downloaded chacha20 v0.7.3
[INFO] [stderr]   Downloaded aead v0.4.3
[INFO] [stderr]   Downloaded chacha20poly1305 v0.8.2
[INFO] [stderr]   Downloaded nix v0.20.2
[INFO] [stderr]   Downloaded hkdf v0.11.0
[INFO] running `Command { std: "docker" "create" "-v" "/var/lib/crater-agent-workspace/builds/worker-65/target:/opt/rustwide/target:rw,Z" "-v" "/var/lib/crater-agent-workspace/builds/worker-65/source:/opt/rustwide/workdir:ro,Z" "-v" "/var/lib/crater-agent-workspace/cargo-home:/opt/rustwide/cargo-home:ro,Z" "-v" "/var/lib/crater-agent-workspace/rustup-home:/opt/rustwide/rustup-home:ro,Z" "-e" "SOURCE_DIR=/opt/rustwide/workdir" "-e" "CARGO_TARGET_DIR=/opt/rustwide/target" "-e" "CARGO_HOME=/opt/rustwide/cargo-home" "-e" "RUSTUP_HOME=/opt/rustwide/rustup-home" "-w" "/opt/rustwide/workdir" "-m" "1610612736" "--user" "0:0" "--network" "none" "ghcr.io/rust-lang/crates-build-env/linux@sha256:a89201d6b5b9fd45c15d5952ece0a0129e7e80cb26ec023fd59cf09bc26f1604" "/opt/rustwide/cargo-home/bin/cargo" "+beta-2021-10-15" "metadata" "--no-deps" "--format-version=1", kill_on_drop: false }`
[INFO] [stdout] 97707cf1c4456869f0b7098c33a7f131b04709d3e4bc233adb9526715f3524b7
[INFO] running `Command { std: "docker" "start" "-a" "97707cf1c4456869f0b7098c33a7f131b04709d3e4bc233adb9526715f3524b7", kill_on_drop: false }`
[INFO] running `Command { std: "docker" "inspect" "97707cf1c4456869f0b7098c33a7f131b04709d3e4bc233adb9526715f3524b7", kill_on_drop: false }`
[INFO] running `Command { std: "docker" "rm" "-f" "97707cf1c4456869f0b7098c33a7f131b04709d3e4bc233adb9526715f3524b7", kill_on_drop: false }`
[INFO] [stdout] 97707cf1c4456869f0b7098c33a7f131b04709d3e4bc233adb9526715f3524b7
[INFO] running `Command { std: "docker" "create" "-v" "/var/lib/crater-agent-workspace/builds/worker-65/target:/opt/rustwide/target:rw,Z" "-v" "/var/lib/crater-agent-workspace/builds/worker-65/source:/opt/rustwide/workdir:ro,Z" "-v" "/var/lib/crater-agent-workspace/cargo-home:/opt/rustwide/cargo-home:ro,Z" "-v" "/var/lib/crater-agent-workspace/rustup-home:/opt/rustwide/rustup-home:ro,Z" "-e" "SOURCE_DIR=/opt/rustwide/workdir" "-e" "CARGO_TARGET_DIR=/opt/rustwide/target" "-e" "CARGO_INCREMENTAL=0" "-e" "RUST_BACKTRACE=full" "-e" "RUSTFLAGS=--cap-lints=warn" "-e" "CARGO_HOME=/opt/rustwide/cargo-home" "-e" "RUSTUP_HOME=/opt/rustwide/rustup-home" "-w" "/opt/rustwide/workdir" "-m" "1610612736" "--user" "0:0" "--network" "none" "ghcr.io/rust-lang/crates-build-env/linux@sha256:a89201d6b5b9fd45c15d5952ece0a0129e7e80cb26ec023fd59cf09bc26f1604" "/opt/rustwide/cargo-home/bin/cargo" "+beta-2021-10-15" "check" "--frozen" "--all" "--all-targets" "--message-format=json", kill_on_drop: false }`
[INFO] [stdout] 2e94614c7e0d5f69666dcb1ea26fdeb102811a8b9a59a45833e00243e523cd1c
[INFO] running `Command { std: "docker" "start" "-a" "2e94614c7e0d5f69666dcb1ea26fdeb102811a8b9a59a45833e00243e523cd1c", kill_on_drop: false }`
[INFO] [stderr]    Compiling syn v1.0.80
[INFO] [stderr]    Compiling libc v0.2.104
[INFO] [stderr]     Checking subtle v2.4.1
[INFO] [stderr]     Checking bit-vec v0.6.3
[INFO] [stderr]     Checking rand_core v0.5.1
[INFO] [stderr]     Checking endian-type v0.1.2
[INFO] [stderr]     Checking base64 v0.13.0
[INFO] [stderr]     Checking unicode-segmentation v1.8.0
[INFO] [stderr]     Checking utf8parse v0.2.0
[INFO] [stderr]     Checking quick-error v2.0.1
[INFO] [stderr]     Checking json v0.12.4
[INFO] [stderr]     Checking hex v0.4.3
[INFO] [stderr]    Compiling generic-array v0.14.4
[INFO] [stderr]     Checking nibble_vec v0.1.0
[INFO] [stderr]     Checking aho-corasick v0.7.18
[INFO] [stderr]     Checking csv-core v0.1.10
[INFO] [stderr]     Checking clap v2.33.3
[INFO] [stderr]     Checking radix_trie v0.2.1
[INFO] [stderr]     Checking bit-set v0.5.2
[INFO] [stderr]     Checking regex v1.5.4
[INFO] [stderr]     Checking getrandom v0.2.3
[INFO] [stderr]     Checking num_cpus v1.13.0
[INFO] [stderr]     Checking wait-timeout v0.2.0
[INFO] [stderr]     Checking dirs-sys-next v0.1.2
[INFO] [stderr]     Checking nix v0.20.2
[INFO] [stderr]     Checking fd-lock v2.0.0
[INFO] [stderr]     Checking atty v0.2.14
[INFO] [stderr]     Checking dirs-next v2.0.0
[INFO] [stderr]     Checking rayon-core v1.9.1
[INFO] [stderr]     Checking rand_core v0.6.3
[INFO] [stderr]     Checking rand_chacha v0.3.1
[INFO] [stderr]     Checking rand_xorshift v0.3.0
[INFO] [stderr]     Checking rand v0.8.4
[INFO] [stderr]     Checking rayon v1.5.1
[INFO] [stderr]    Compiling synstructure v0.12.6
[INFO] [stderr]     Checking tempfile v3.2.0
[INFO] [stderr]     Checking rusty-fork v0.3.0
[INFO] [stderr]     Checking rustyline v8.2.0
[INFO] [stderr]    Compiling serde_derive v1.0.130
[INFO] [stderr]    Compiling zeroize_derive v1.2.0
[INFO] [stderr]    Compiling displaydoc v0.2.3
[INFO] [stderr]     Checking proptest v1.0.0
[INFO] [stderr]     Checking zeroize v1.3.0
[INFO] [stderr]     Checking serde v1.0.130
[INFO] [stderr]     Checking bstr v0.2.17
[INFO] [stderr]     Checking serde_json v1.0.68
[INFO] [stderr]     Checking serde_cbor v0.11.2
[INFO] [stderr]     Checking bincode v1.3.3
[INFO] [stderr]     Checking digest v0.9.0
[INFO] [stderr]     Checking crypto-mac v0.11.1
[INFO] [stderr]     Checking universal-hash v0.4.1
[INFO] [stderr]     Checking cipher v0.3.0
[INFO] [stderr]     Checking aead v0.4.3
[INFO] [stderr]     Checking block-buffer v0.9.0
[INFO] [stderr]     Checking csv v1.1.6
[INFO] [stderr]     Checking hmac v0.11.0
[INFO] [stderr]     Checking curve25519-dalek v3.2.0
[INFO] [stderr]     Checking sha2 v0.9.8
[INFO] [stderr]     Checking chacha20 v0.7.3
[INFO] [stderr]     Checking poly1305 v0.7.2
[INFO] [stderr]     Checking tinytemplate v1.2.1
[INFO] [stderr]     Checking hkdf v0.11.0
[INFO] [stderr]     Checking voprf v0.1.0 (/opt/rustwide/workdir)
[INFO] [stderr]     Checking chacha20poly1305 v0.8.2
[INFO] [stderr]     Checking criterion v0.3.5
[INFO] [stdout] error: cannot find macro `format` in this scope
[INFO] [stdout]   --> src/tests/parser.rs:11:5
[INFO] [stdout]    |
[INFO] [stdout] 11 |     format!("{{\n{}\n}}", parse_ciphersuites(input))
[INFO] [stdout]    |     ^^^^^^
[INFO] [stdout]    |
[INFO] [stdout]    = note: consider importing this macro:
[INFO] [stdout]            alloc::format
[INFO] [stdout] 
[INFO] [stdout] 
[INFO] [stdout] error: cannot find macro `vec` in this scope
[INFO] [stdout]   --> src/tests/parser.rs:16:28
[INFO] [stdout]    |
[INFO] [stdout] 16 |     let mut ciphersuites = vec![];
[INFO] [stdout]    |                            ^^^
[INFO] [stdout]    |
[INFO] [stdout]    = note: consider importing one of these items:
[INFO] [stdout]            alloc::vec
[INFO] [stdout]            crate::voprf::vec
[INFO] [stdout]            proptest::std_facade::vec
[INFO] [stdout] 
[INFO] [stdout] 
[INFO] [stdout] error: cannot find macro `format` in this scope
[INFO] [stdout]   --> src/tests/parser.rs:21:27
[INFO] [stdout]    |
[INFO] [stdout] 21 |         let ciphersuite = format!(
[INFO] [stdout]    |                           ^^^^^^
[INFO] [stdout]    |
[INFO] [stdout]    = note: consider importing this macro:
[INFO] [stdout]            alloc::format
[INFO] [stdout] 
[INFO] [stdout] 
[INFO] [stdout] error: cannot find macro `vec` in this scope
[INFO] [stdout]   --> src/tests/parser.rs:35:21
[INFO] [stdout]    |
[INFO] [stdout] 35 |     let mut modes = vec![];
[INFO] [stdout]    |                     ^^^
[INFO] [stdout]    |
[INFO] [stdout]    = note: consider importing one of these items:
[INFO] [stdout]            alloc::vec
[INFO] [stdout]            crate::voprf::vec
[INFO] [stdout]            proptest::std_facade::vec
[INFO] [stdout] 
[INFO] [stdout] 
[INFO] [stdout] error: cannot find macro `format` in this scope
[INFO] [stdout]   --> src/tests/parser.rs:40:20
[INFO] [stdout]    |
[INFO] [stdout] 40 |         let mode = format!(
[INFO] [stdout]    |                    ^^^^^^
[INFO] [stdout]    |
[INFO] [stdout]    = note: consider importing this macro:
[INFO] [stdout]            alloc::format
[INFO] [stdout] 
[INFO] [stdout] 
[INFO] [stdout] error: cannot find macro `vec` in this scope
[INFO] [stdout]   --> src/tests/parser.rs:54:23
[INFO] [stdout]    |
[INFO] [stdout] 54 |     let mut vectors = vec![];
[INFO] [stdout]    |                       ^^^
[INFO] [stdout]    |
[INFO] [stdout]    = note: consider importing one of these items:
[INFO] [stdout]            alloc::vec
[INFO] [stdout]            crate::voprf::vec
[INFO] [stdout]            proptest::std_facade::vec
[INFO] [stdout] 
[INFO] [stdout] 
[INFO] [stdout] error: cannot find macro `format` in this scope
[INFO] [stdout]   --> src/tests/parser.rs:61:22
[INFO] [stdout]    |
[INFO] [stdout] 61 |         let params = format!("{{\n{},\n{}\n}}", init_params, parse_params(chunks[count]));
[INFO] [stdout]    |                      ^^^^^^
[INFO] [stdout]    |
[INFO] [stdout]    = note: consider importing this macro:
[INFO] [stdout]            alloc::format
[INFO] [stdout] 
[INFO] [stdout] 
[INFO] [stdout] error: cannot find macro `vec` in this scope
[INFO] [stdout]   --> src/tests/parser.rs:70:22
[INFO] [stdout]    |
[INFO] [stdout] 70 |     let mut params = vec![];
[INFO] [stdout]    |                      ^^^
[INFO] [stdout]    |
[INFO] [stdout]    = note: consider importing one of these items:
[INFO] [stdout]            alloc::vec
[INFO] [stdout]            crate::voprf::vec
[INFO] [stdout]            proptest::std_facade::vec
[INFO] [stdout] 
[INFO] [stdout] 
[INFO] [stdout] error: cannot find macro `format` in this scope
[INFO] [stdout]   --> src/tests/parser.rs:97:29
[INFO] [stdout]    |
[INFO] [stdout] 97 |                     param = format!("    \"{}\": \"{}", key, val);
[INFO] [stdout]    |                             ^^^^^^
[INFO] [stdout]    |
[INFO] [stdout]    = note: consider importing this macro:
[INFO] [stdout]            alloc::format
[INFO] [stdout] 
[INFO] [stdout] 
[INFO] [stdout] error: cannot find macro `vec` in this scope
[INFO] [stdout]    --> src/tests/voprf_test_vectors.rs:295:27
[INFO] [stdout]     |
[INFO] [stdout] 295 |         let mut clients = vec![];
[INFO] [stdout]     |                           ^^^
[INFO] [stdout]     |
[INFO] [stdout]     = note: consider importing one of these items:
[INFO] [stdout]             alloc::vec
[INFO] [stdout]             crate::voprf::vec
[INFO] [stdout]             proptest::std_facade::vec
[INFO] [stdout] 
[INFO] [stdout] 
[INFO] [stdout] error: cannot find macro `vec` in this scope
[INFO] [stdout]    --> src/tests/voprf_test_vectors.rs:241:36
[INFO] [stdout]     |
[INFO] [stdout] 241 |         let mut blinded_elements = vec![];
[INFO] [stdout]     |                                    ^^^
[INFO] [stdout]     |
[INFO] [stdout]     = note: consider importing one of these items:
[INFO] [stdout]             alloc::vec
[INFO] [stdout]             crate::voprf::vec
[INFO] [stdout]             proptest::std_facade::vec
[INFO] [stdout] 
[INFO] [stdout] 
[INFO] [stdout] error: cannot find macro `vec` in this scope
[INFO] [stdout]   --> src/tests/voprf_test_vectors.rs:69:23
[INFO] [stdout]    |
[INFO] [stdout] 69 |         false => Some(vec![hex::decode(&s.to_string()).unwrap()]),
[INFO] [stdout]    |                       ^^^
[INFO] [stdout]    |
[INFO] [stdout]    = note: consider importing one of these items:
[INFO] [stdout]            alloc::vec
[INFO] [stdout]            crate::voprf::vec
[INFO] [stdout]            proptest::std_facade::vec
[INFO] [stdout] 
[INFO] [stdout] 
[INFO] [stdout] error: cannot find macro `vec` in this scope
[INFO] [stdout]   --> src/tests/voprf_test_vectors.rs:58:20
[INFO] [stdout]    |
[INFO] [stdout] 58 |         .unwrap_or(vec![])
[INFO] [stdout]    |                    ^^^
[INFO] [stdout]    |
[INFO] [stdout]    = note: consider importing one of these items:
[INFO] [stdout]            alloc::vec
[INFO] [stdout]            crate::voprf::vec
[INFO] [stdout]            proptest::std_facade::vec
[INFO] [stdout] 
[INFO] [stdout] 
[INFO] [stdout] error[E0412]: cannot find type `Vec` in this scope
[INFO] [stdout]   --> src/tests/parser.rs:18:17
[INFO] [stdout]    |
[INFO] [stdout] 18 |     let chunks: Vec<&str> = re.split(input).collect();
[INFO] [stdout]    |                 ^^^ not found in this scope
[INFO] [stdout]    |
[INFO] [stdout] help: consider importing one of these items
[INFO] [stdout]    |
[INFO] [stdout] 8  | use alloc::vec::Vec;
[INFO] [stdout]    |
[INFO] [stdout] 8  | use crate::tests::voprf_test_vectors::Vec;
[INFO] [stdout]    |
[INFO] [stdout] 8  | use proptest::std_facade::Vec;
[INFO] [stdout]    |
[INFO] [stdout] 8  | use serde::__private::Vec;
[INFO] [stdout]    |
[INFO] [stdout] 
[INFO] [stdout] 
[INFO] [stdout] error[E0412]: cannot find type `Vec` in this scope
[INFO] [stdout]   --> src/tests/parser.rs:37:17
[INFO] [stdout]    |
[INFO] [stdout] 37 |     let chunks: Vec<&str> = re.split(input).collect();
[INFO] [stdout]    |                 ^^^ not found in this scope
[INFO] [stdout]    |
[INFO] [stdout] help: consider importing one of these items
[INFO] [stdout]    |
[INFO] [stdout] 8  | use alloc::vec::Vec;
[INFO] [stdout]    |
[INFO] [stdout] 8  | use crate::tests::voprf_test_vectors::Vec;
[INFO] [stdout]    |
[INFO] [stdout] 8  | use proptest::std_facade::Vec;
[INFO] [stdout]    |
[INFO] [stdout] 8  | use serde::__private::Vec;
[INFO] [stdout]    |
[INFO] [stdout] 
[INFO] [stdout] 
[INFO] [stdout] error[E0412]: cannot find type `Vec` in this scope
[INFO] [stdout]   --> src/tests/parser.rs:56:17
[INFO] [stdout]    |
[INFO] [stdout] 56 |     let chunks: Vec<&str> = re.split(input).collect();
[INFO] [stdout]    |                 ^^^ not found in this scope
[INFO] [stdout]    |
[INFO] [stdout] help: consider importing one of these items
[INFO] [stdout]    |
[INFO] [stdout] 8  | use alloc::vec::Vec;
[INFO] [stdout]    |
[INFO] [stdout] 8  | use crate::tests::voprf_test_vectors::Vec;
[INFO] [stdout]    |
[INFO] [stdout] 8  | use proptest::std_facade::Vec;
[INFO] [stdout]    |
[INFO] [stdout] 8  | use serde::__private::Vec;
[INFO] [stdout]    |
[INFO] [stdout] 
[INFO] [stdout] 
[INFO] [stdout] error[E0433]: failed to resolve: use of undeclared type `String`
[INFO] [stdout]     --> src/tests/voprf_test_vectors.rs:92:9
[INFO] [stdout]      |
[INFO] [stdout] 92   |           String::from("ristretto255, SHA-512"),
[INFO] [stdout]      |           ^^^^^^
[INFO] [stdout]      |
[INFO] [stdout] help: a trait with a similar name exists
[INFO] [stdout]      |
[INFO] [stdout] 92   |         ToString::from("ristretto255, SHA-512"),
[INFO] [stdout]      |         ~~~~~~~~
[INFO] [stdout] help: consider importing one of these items
[INFO] [stdout]      |
[INFO] [stdout] 8    | use alloc::string::String;
[INFO] [stdout]      |
[INFO] [stdout] 8    | use crate::tests::parser::String;
[INFO] [stdout]      |
[INFO] [stdout] 8    | use proptest::std_facade::String;
[INFO] [stdout]      |
[INFO] [stdout] 
[INFO] [stdout] 
[INFO] [stdout] error[E0433]: failed to resolve: use of undeclared type `String`
[INFO] [stdout]     --> src/tests/voprf_test_vectors.rs:93:9
[INFO] [stdout]      |
[INFO] [stdout] 93   |           String::from("Base")
[INFO] [stdout]      |           ^^^^^^
[INFO] [stdout]      |
[INFO] [stdout] help: a trait with a similar name exists
[INFO] [stdout]      |
[INFO] [stdout] 93   |         ToString::from("Base")
[INFO] [stdout]      |         ~~~~~~~~
[INFO] [stdout] help: consider importing one of these items
[INFO] [stdout]      |
[INFO] [stdout] 8    | use alloc::string::String;
[INFO] [stdout]      |
[INFO] [stdout] 8    | use crate::tests::parser::String;
[INFO] [stdout]      |
[INFO] [stdout] 8    | use proptest::std_facade::String;
[INFO] [stdout]      |
[INFO] [stdout] 
[INFO] [stdout] 
[INFO] [stdout] error[E0433]: failed to resolve: use of undeclared type `String`
[INFO] [stdout]     --> src/tests/voprf_test_vectors.rs:98:9
[INFO] [stdout]      |
[INFO] [stdout] 98   |           String::from("ristretto255, SHA-512"),
[INFO] [stdout]      |           ^^^^^^
[INFO] [stdout]      |
[INFO] [stdout] help: a trait with a similar name exists
[INFO] [stdout]      |
[INFO] [stdout] 98   |         ToString::from("ristretto255, SHA-512"),
[INFO] [stdout]      |         ~~~~~~~~
[INFO] [stdout] help: consider importing one of these items
[INFO] [stdout]      |
[INFO] [stdout] 8    | use alloc::string::String;
[INFO] [stdout]      |
[INFO] [stdout] 8    | use crate::tests::parser::String;
[INFO] [stdout]      |
[INFO] [stdout] 8    | use proptest::std_facade::String;
[INFO] [stdout]      |
[INFO] [stdout] 
[INFO] [stdout] 
[INFO] [stdout] error[E0433]: failed to resolve: use of undeclared type `String`
[INFO] [stdout]     --> src/tests/voprf_test_vectors.rs:99:9
[INFO] [stdout]      |
[INFO] [stdout] 99   |           String::from("Verifiable")
[INFO] [stdout]      |           ^^^^^^
[INFO] [stdout]      |
[INFO] [stdout] help: a trait with a similar name exists
[INFO] [stdout]      |
[INFO] [stdout] 99   |         ToString::from("Verifiable")
[INFO] [stdout]      |         ~~~~~~~~
[INFO] [stdout] help: consider importing one of these items
[INFO] [stdout]      |
[INFO] [stdout] 8    | use alloc::string::String;
[INFO] [stdout]      |
[INFO] [stdout] 8    | use crate::tests::parser::String;
[INFO] [stdout]      |
[INFO] [stdout] 8    | use proptest::std_facade::String;
[INFO] [stdout]      |
[INFO] [stdout] 
[INFO] [stdout] 
[INFO] [stdout] error[E0599]: no method named `to_string` found for reference `&str` in the current scope
[INFO] [stdout]   --> src/tests/parser.rs:99:41
[INFO] [stdout]    |
[INFO] [stdout] 99 |                     let s = line.trim().to_string();
[INFO] [stdout]    |                                         ^^^^^^^^^ method not found in `&str`
[INFO] [stdout]    |
[INFO] [stdout]    = help: items from traits can only be used if the trait is in scope
[INFO] [stdout]    = note: the following trait is implemented but not in scope; perhaps add a `use` for it:
[INFO] [stdout]            `use crate::alloc::string::ToString;`
[INFO] [stdout] 
[INFO] [stdout] 
[INFO] [stdout] error: aborting due to 21 previous errors
[INFO] [stdout] 
[INFO] [stdout] 
[INFO] [stdout] Some errors have detailed explanations: E0412, E0433, E0599.
[INFO] [stdout] 
[INFO] [stdout] For more information about an error, try `rustc --explain E0412`.
[INFO] [stdout] 
[INFO] [stderr] error: could not compile `voprf` due to 22 previous errors
[INFO] running `Command { std: "docker" "inspect" "2e94614c7e0d5f69666dcb1ea26fdeb102811a8b9a59a45833e00243e523cd1c", kill_on_drop: false }`
[INFO] running `Command { std: "docker" "rm" "-f" "2e94614c7e0d5f69666dcb1ea26fdeb102811a8b9a59a45833e00243e523cd1c", kill_on_drop: false }`
[INFO] [stdout] 2e94614c7e0d5f69666dcb1ea26fdeb102811a8b9a59a45833e00243e523cd1c
