[INFO] fetching crate virtual-dom-rs 0.6.14...
[INFO] checking virtual-dom-rs-0.6.14 against beta-2021-10-15 for beta-1.56-3
[INFO] extracting crate virtual-dom-rs 0.6.14 into /workspace/builds/worker-28/source
[INFO] validating manifest of crates.io crate virtual-dom-rs 0.6.14 on toolchain beta-2021-10-15
[INFO] running `Command { std: "/workspace/cargo-home/bin/cargo" "+beta-2021-10-15" "metadata" "--manifest-path" "Cargo.toml" "--no-deps", kill_on_drop: false }`
[INFO] started tweaking crates.io crate virtual-dom-rs 0.6.14
[INFO] finished tweaking crates.io crate virtual-dom-rs 0.6.14
[INFO] tweaked toml for crates.io crate virtual-dom-rs 0.6.14 written to /workspace/builds/worker-28/source/Cargo.toml
[INFO] running `Command { std: "/workspace/cargo-home/bin/cargo" "+beta-2021-10-15" "generate-lockfile" "--manifest-path" "Cargo.toml" "-Zno-index-update", kill_on_drop: false }`
[INFO] [stderr]     Blocking waiting for file lock on package cache
[INFO] running `Command { std: "/workspace/cargo-home/bin/cargo" "+beta-2021-10-15" "fetch" "--manifest-path" "Cargo.toml", kill_on_drop: false }`
[INFO] [stderr]     Blocking waiting for file lock on package cache
[INFO] [stderr]     Blocking waiting for file lock on package cache
[INFO] running `Command { std: "docker" "create" "-v" "/var/lib/crater-agent-workspace/builds/worker-28/target:/opt/rustwide/target:rw,Z" "-v" "/var/lib/crater-agent-workspace/builds/worker-28/source:/opt/rustwide/workdir:ro,Z" "-v" "/var/lib/crater-agent-workspace/cargo-home:/opt/rustwide/cargo-home:ro,Z" "-v" "/var/lib/crater-agent-workspace/rustup-home:/opt/rustwide/rustup-home:ro,Z" "-e" "SOURCE_DIR=/opt/rustwide/workdir" "-e" "CARGO_TARGET_DIR=/opt/rustwide/target" "-e" "CARGO_HOME=/opt/rustwide/cargo-home" "-e" "RUSTUP_HOME=/opt/rustwide/rustup-home" "-w" "/opt/rustwide/workdir" "-m" "1610612736" "--user" "0:0" "--network" "none" "ghcr.io/rust-lang/crates-build-env/linux@sha256:a89201d6b5b9fd45c15d5952ece0a0129e7e80cb26ec023fd59cf09bc26f1604" "/opt/rustwide/cargo-home/bin/cargo" "+beta-2021-10-15" "metadata" "--no-deps" "--format-version=1", kill_on_drop: false }`
[INFO] [stdout] 38edbf932757691d0d1f1f938751713b8c2bdaadafba4c2ce990e17c82ab2643
[INFO] running `Command { std: "docker" "start" "-a" "38edbf932757691d0d1f1f938751713b8c2bdaadafba4c2ce990e17c82ab2643", kill_on_drop: false }`
[INFO] running `Command { std: "docker" "inspect" "38edbf932757691d0d1f1f938751713b8c2bdaadafba4c2ce990e17c82ab2643", kill_on_drop: false }`
[INFO] running `Command { std: "docker" "rm" "-f" "38edbf932757691d0d1f1f938751713b8c2bdaadafba4c2ce990e17c82ab2643", kill_on_drop: false }`
[INFO] [stdout] 38edbf932757691d0d1f1f938751713b8c2bdaadafba4c2ce990e17c82ab2643
[INFO] running `Command { std: "docker" "create" "-v" "/var/lib/crater-agent-workspace/builds/worker-28/target:/opt/rustwide/target:rw,Z" "-v" "/var/lib/crater-agent-workspace/builds/worker-28/source:/opt/rustwide/workdir:ro,Z" "-v" "/var/lib/crater-agent-workspace/cargo-home:/opt/rustwide/cargo-home:ro,Z" "-v" "/var/lib/crater-agent-workspace/rustup-home:/opt/rustwide/rustup-home:ro,Z" "-e" "SOURCE_DIR=/opt/rustwide/workdir" "-e" "CARGO_TARGET_DIR=/opt/rustwide/target" "-e" "CARGO_INCREMENTAL=0" "-e" "RUST_BACKTRACE=full" "-e" "RUSTFLAGS=--cap-lints=warn" "-e" "CARGO_HOME=/opt/rustwide/cargo-home" "-e" "RUSTUP_HOME=/opt/rustwide/rustup-home" "-w" "/opt/rustwide/workdir" "-m" "1610612736" "--user" "0:0" "--network" "none" "ghcr.io/rust-lang/crates-build-env/linux@sha256:a89201d6b5b9fd45c15d5952ece0a0129e7e80cb26ec023fd59cf09bc26f1604" "/opt/rustwide/cargo-home/bin/cargo" "+beta-2021-10-15" "check" "--frozen" "--all" "--all-targets" "--message-format=json", kill_on_drop: false }`
[INFO] [stdout] 5d09b4e0f485b6d2072cae4beee980e6b509cb887b6598dc9fb80469c23d4af9
[INFO] running `Command { std: "docker" "start" "-a" "5d09b4e0f485b6d2072cae4beee980e6b509cb887b6598dc9fb80469c23d4af9", kill_on_drop: false }`
[INFO] [stderr]     Blocking waiting for file lock on package cache
[INFO] [stderr]    Compiling proc-macro2 v1.0.30
[INFO] [stderr]    Compiling syn v1.0.80
[INFO] [stderr]    Compiling wasm-bindgen-shared v0.2.78
[INFO] [stderr]    Compiling lazy_static v1.4.0
[INFO] [stderr]    Compiling bumpalo v3.7.1
[INFO] [stderr]    Compiling wasm-bindgen v0.2.78
[INFO] [stderr]    Compiling proc-macro2 v0.4.30
[INFO] [stderr]     Checking scoped-tls v1.0.0
[INFO] [stderr]     Checking html-validation v0.1.2
[INFO] [stderr]    Compiling log v0.4.14
[INFO] [stderr]    Compiling quote v0.6.13
[INFO] [stderr]    Compiling quote v1.0.10
[INFO] [stderr]    Compiling wasm-bindgen-test-macro v0.2.50
[INFO] [stderr]    Compiling wasm-bindgen-backend v0.2.78
[INFO] [stderr]    Compiling wasm-bindgen-macro-support v0.2.78
[INFO] [stderr]    Compiling html-macro v0.1.15
[INFO] [stderr]    Compiling wasm-bindgen-macro v0.2.78
[INFO] [stderr]     Checking js-sys v0.3.55
[INFO] [stderr]     Checking console_error_panic_hook v0.1.7
[INFO] [stderr]     Checking web-sys v0.3.55
[INFO] [stderr]     Checking wasm-bindgen-futures v0.3.27
[INFO] [stderr]     Checking wasm-bindgen-test v0.2.50
[INFO] [stderr]     Checking virtual-node v0.2.16
[INFO] [stderr]     Checking virtual-dom-rs v0.6.14 (/opt/rustwide/workdir)
[INFO] [stdout] error: new is not a valid HTML tag.
[INFO] [stdout]                 
[INFO] [stdout] If you are trying to use a valid HTML tag, perhaps there's a typo?
[INFO] [stdout]                 
[INFO] [stdout] If you are trying to use a custom component, please capitalize the component name.
[INFO] [stdout]                 
[INFO] [stdout] custom components: https://chinedufn.github.io/percy/html-macro/custom-components/index.html
[INFO] [stdout]    --> src/diff/mod.rs:198:41
[INFO] [stdout]     |
[INFO] [stdout] 198 |             new: html! { <div> <b></b> <new></new> </div> },
[INFO] [stdout]     |                                         ^^^
[INFO] [stdout] 
[INFO] [stdout] 
[INFO] [stdout] error: new is not a valid HTML tag.
[INFO] [stdout]                 
[INFO] [stdout] If you are trying to use a valid HTML tag, perhaps there's a typo?
[INFO] [stdout]                 
[INFO] [stdout] If you are trying to use a custom component, please capitalize the component name.
[INFO] [stdout]                 
[INFO] [stdout] custom components: https://chinedufn.github.io/percy/html-macro/custom-components/index.html
[INFO] [stdout]    --> src/diff/mod.rs:199:68
[INFO] [stdout]     |
[INFO] [stdout] 199 |             expected: vec![Patch::AppendChildren(0, vec![&html! { <new></new> }])],
[INFO] [stdout]     |                                                                    ^^^
[INFO] [stdout] 
[INFO] [stdout] 
[INFO] [stdout] error[E0432]: unresolved import `virtual_node::DynClosure`
[INFO] [stdout]  --> src/dom_updater.rs:6:5
[INFO] [stdout]   |
[INFO] [stdout] 6 | use virtual_node::DynClosure;
[INFO] [stdout]   |     ^^^^^^^^^^^^^^^^^^^^^^^^ no `DynClosure` in the root
[INFO] [stdout] 
[INFO] [stdout] 
[INFO] [stdout] error[E0554]: `#![feature]` may not be used on the beta release channel
[INFO] [stdout]  --> src/lib.rs:8:19
[INFO] [stdout]   |
[INFO] [stdout] 8 | #![cfg_attr(test, feature(proc_macro_hygiene))]
[INFO] [stdout]   |                   ^^^^^^^^^^^^^^^^^^^^^^^^^^^
[INFO] [stdout] 
[INFO] [stdout] 
[INFO] [stdout] error[E0432]: unresolved import `virtual_node::DynClosure`
[INFO] [stdout]  --> src/dom_updater.rs:6:5
[INFO] [stdout]   |
[INFO] [stdout] 6 | use virtual_node::DynClosure;
[INFO] [stdout]   |     ^^^^^^^^^^^^^^^^^^^^^^^^ no `DynClosure` in the root
[INFO] [stdout] 
[INFO] [stdout] 
[INFO] [stdout] error[E0308]: mismatched types
[INFO] [stdout]   --> src/diff/mod.rs:75:66
[INFO] [stdout]    |
[INFO] [stdout] 75 | ...                   add_attributes.insert(new_attr_name, new_attr_val);
[INFO] [stdout]    |                                                            ^^^^^^^^^^^^ expected `str`, found enum `AttributeValue`
[INFO] [stdout]    |
[INFO] [stdout]    = note: expected reference `&str`
[INFO] [stdout]               found reference `&AttributeValue`
[INFO] [stdout] 
[INFO] [stdout] 
[INFO] [stdout] error[E0308]: mismatched types
[INFO] [stdout]   --> src/diff/mod.rs:79:62
[INFO] [stdout]    |
[INFO] [stdout] 79 |                         add_attributes.insert(new_attr_name, new_attr_val);
[INFO] [stdout]    |                                                              ^^^^^^^^^^^^ expected `str`, found enum `AttributeValue`
[INFO] [stdout]    |
[INFO] [stdout]    = note: expected reference `&str`
[INFO] [stdout]               found reference `&AttributeValue`
[INFO] [stdout] 
[INFO] [stdout] 
[INFO] [stdout] error[E0308]: mismatched types
[INFO] [stdout]   --> src/diff/mod.rs:75:66
[INFO] [stdout]    |
[INFO] [stdout] 75 | ...                   add_attributes.insert(new_attr_name, new_attr_val);
[INFO] [stdout]    |                                                            ^^^^^^^^^^^^ expected `str`, found enum `AttributeValue`
[INFO] [stdout]    |
[INFO] [stdout]    = note: expected reference `&str`
[INFO] [stdout]               found reference `&AttributeValue`
[INFO] [stdout] 
[INFO] [stdout] 
[INFO] [stdout] error[E0308]: mismatched types
[INFO] [stdout]   --> src/diff/mod.rs:79:62
[INFO] [stdout]    |
[INFO] [stdout] 79 |                         add_attributes.insert(new_attr_name, new_attr_val);
[INFO] [stdout]    |                                                              ^^^^^^^^^^^^ expected `str`, found enum `AttributeValue`
[INFO] [stdout]    |
[INFO] [stdout]    = note: expected reference `&str`
[INFO] [stdout]               found reference `&AttributeValue`
[INFO] [stdout] 
[INFO] [stdout] 
[INFO] [stdout] error: aborting due to 6 previous errors
[INFO] [stdout] 
[INFO] [stdout] 
[INFO] [stdout] Some errors have detailed explanations: E0308, E0432, E0554.
[INFO] [stdout] 
[INFO] [stdout] For more information about an error, try `rustc --explain E0308`.
[INFO] [stdout] 
[INFO] [stdout] error: aborting due to 3 previous errors
[INFO] [stdout] 
[INFO] [stdout] 
[INFO] [stdout] Some errors have detailed explanations: E0308, E0432.
[INFO] [stdout] 
[INFO] [stdout] For more information about an error, try `rustc --explain E0308`.
[INFO] [stdout] 
[INFO] [stderr] error: could not compile `virtual-dom-rs` due to 7 previous errors
[INFO] [stderr] warning: build failed, waiting for other jobs to finish...
[INFO] [stderr] error: build failed
[INFO] running `Command { std: "docker" "inspect" "5d09b4e0f485b6d2072cae4beee980e6b509cb887b6598dc9fb80469c23d4af9", kill_on_drop: false }`
[INFO] running `Command { std: "docker" "rm" "-f" "5d09b4e0f485b6d2072cae4beee980e6b509cb887b6598dc9fb80469c23d4af9", kill_on_drop: false }`
[INFO] [stdout] 5d09b4e0f485b6d2072cae4beee980e6b509cb887b6598dc9fb80469c23d4af9
