[INFO] fetching crate vex-rt 0.10.1...
[INFO] checking vex-rt-0.10.1 against beta-2021-10-15 for beta-1.56-3
[INFO] extracting crate vex-rt 0.10.1 into /workspace/builds/worker-27/source
[INFO] validating manifest of crates.io crate vex-rt 0.10.1 on toolchain beta-2021-10-15
[INFO] running `Command { std: "/workspace/cargo-home/bin/cargo" "+beta-2021-10-15" "metadata" "--manifest-path" "Cargo.toml" "--no-deps", kill_on_drop: false }`
[INFO] removed /workspace/builds/worker-27/source/.cargo/config
[INFO] removed /workspace/builds/worker-27/source/rust-toolchain
[INFO] started tweaking crates.io crate vex-rt 0.10.1
[INFO] finished tweaking crates.io crate vex-rt 0.10.1
[INFO] tweaked toml for crates.io crate vex-rt 0.10.1 written to /workspace/builds/worker-27/source/Cargo.toml
[INFO] crate crates.io crate vex-rt 0.10.1 already has a lockfile, it will not be regenerated
[INFO] running `Command { std: "/workspace/cargo-home/bin/cargo" "+beta-2021-10-15" "fetch" "--manifest-path" "Cargo.toml", kill_on_drop: false }`
[INFO] [stderr]  Downloading crates ...
[INFO] [stderr]   Downloaded zip-extensions v0.6.0
[INFO] [stderr]   Downloaded array-init v2.0.0
[INFO] [stderr]   Downloaded clang-sys v1.1.1
[INFO] [stderr]   Downloaded queue-model v0.1.2
[INFO] [stderr]   Downloaded libc-print v0.1.16
[INFO] [stderr]   Downloaded cstring-interop v0.1.0
[INFO] [stderr]   Downloaded newlib-alloc v0.1.0
[INFO] [stderr]   Downloaded owner-monad v0.1.0
[INFO] [stderr]   Downloaded spin v0.9.1
[INFO] [stderr]   Downloaded by_address v1.0.4
[INFO] [stderr]   Downloaded safe-modular-arithmetic v0.2.4
[INFO] [stderr]   Downloaded raii-map v0.1.0
[INFO] [stderr]   Downloaded rcstring v0.2.1
[INFO] running `Command { std: "docker" "create" "-v" "/var/lib/crater-agent-workspace/builds/worker-27/target:/opt/rustwide/target:rw,Z" "-v" "/var/lib/crater-agent-workspace/builds/worker-27/source:/opt/rustwide/workdir:ro,Z" "-v" "/var/lib/crater-agent-workspace/cargo-home:/opt/rustwide/cargo-home:ro,Z" "-v" "/var/lib/crater-agent-workspace/rustup-home:/opt/rustwide/rustup-home:ro,Z" "-e" "SOURCE_DIR=/opt/rustwide/workdir" "-e" "CARGO_TARGET_DIR=/opt/rustwide/target" "-e" "CARGO_HOME=/opt/rustwide/cargo-home" "-e" "RUSTUP_HOME=/opt/rustwide/rustup-home" "-w" "/opt/rustwide/workdir" "-m" "1610612736" "--user" "0:0" "--network" "none" "ghcr.io/rust-lang/crates-build-env/linux@sha256:a89201d6b5b9fd45c15d5952ece0a0129e7e80cb26ec023fd59cf09bc26f1604" "/opt/rustwide/cargo-home/bin/cargo" "+beta-2021-10-15" "metadata" "--no-deps" "--format-version=1", kill_on_drop: false }`
[INFO] [stdout] 45a1c51afc63c505c750ffc23c5196a3a6891afb214039cb60c824d53f7c9860
[INFO] running `Command { std: "docker" "start" "-a" "45a1c51afc63c505c750ffc23c5196a3a6891afb214039cb60c824d53f7c9860", kill_on_drop: false }`
[INFO] running `Command { std: "docker" "inspect" "45a1c51afc63c505c750ffc23c5196a3a6891afb214039cb60c824d53f7c9860", kill_on_drop: false }`
[INFO] running `Command { std: "docker" "rm" "-f" "45a1c51afc63c505c750ffc23c5196a3a6891afb214039cb60c824d53f7c9860", kill_on_drop: false }`
[INFO] [stdout] 45a1c51afc63c505c750ffc23c5196a3a6891afb214039cb60c824d53f7c9860
[INFO] running `Command { std: "docker" "create" "-v" "/var/lib/crater-agent-workspace/builds/worker-27/target:/opt/rustwide/target:rw,Z" "-v" "/var/lib/crater-agent-workspace/builds/worker-27/source:/opt/rustwide/workdir:ro,Z" "-v" "/var/lib/crater-agent-workspace/cargo-home:/opt/rustwide/cargo-home:ro,Z" "-v" "/var/lib/crater-agent-workspace/rustup-home:/opt/rustwide/rustup-home:ro,Z" "-e" "SOURCE_DIR=/opt/rustwide/workdir" "-e" "CARGO_TARGET_DIR=/opt/rustwide/target" "-e" "CARGO_INCREMENTAL=0" "-e" "RUST_BACKTRACE=full" "-e" "RUSTFLAGS=--cap-lints=warn" "-e" "CARGO_HOME=/opt/rustwide/cargo-home" "-e" "RUSTUP_HOME=/opt/rustwide/rustup-home" "-w" "/opt/rustwide/workdir" "-m" "1610612736" "--user" "0:0" "--network" "none" "ghcr.io/rust-lang/crates-build-env/linux@sha256:a89201d6b5b9fd45c15d5952ece0a0129e7e80cb26ec023fd59cf09bc26f1604" "/opt/rustwide/cargo-home/bin/cargo" "+beta-2021-10-15" "check" "--frozen" "--all" "--all-targets" "--message-format=json", kill_on_drop: false }`
[INFO] [stdout] a6cab9818432c2d1095f9de98aa52f4382f327221e45f245ca5892b7752926a4
[INFO] running `Command { std: "docker" "start" "-a" "a6cab9818432c2d1095f9de98aa52f4382f327221e45f245ca5892b7752926a4", kill_on_drop: false }`
[INFO] [stderr]    Compiling libc v0.2.91
[INFO] [stderr]    Compiling memchr v2.3.4
[INFO] [stderr]    Compiling syn v1.0.65
[INFO] [stderr]    Compiling cc v1.0.67
[INFO] [stderr]    Compiling adler32 v1.2.0
[INFO] [stderr]    Compiling unicode-width v0.1.8
[INFO] [stderr]    Compiling regex-syntax v0.6.23
[INFO] [stderr]    Compiling cfg-if v0.1.10
[INFO] [stderr]    Compiling strsim v0.8.0
[INFO] [stderr]    Compiling ansi_term v0.11.0
[INFO] [stderr]    Compiling humantime v2.1.0
[INFO] [stderr]    Compiling bindgen v0.58.1
[INFO] [stderr]    Compiling vec_map v0.8.2
[INFO] [stderr]    Compiling termcolor v1.1.2
[INFO] [stderr]    Compiling byteorder v1.4.3
[INFO] [stderr]    Compiling shlex v1.0.0
[INFO] [stderr]     Checking owner-monad v0.1.0
[INFO] [stderr]     Checking rcstring v0.2.1
[INFO] [stderr]     Checking by_address v1.0.4
[INFO] [stderr]     Checking array-init v2.0.0
[INFO] [stderr]    Compiling nom v5.1.2
[INFO] [stderr]    Compiling clang-sys v1.1.1
[INFO] [stderr]    Compiling libloading v0.7.0
[INFO] [stderr]     Checking lock_api v0.4.4
[INFO] [stderr]     Checking itertools v0.10.1
[INFO] [stderr]    Compiling crc32fast v1.2.1
[INFO] [stderr]    Compiling log v0.4.14
[INFO] [stderr]    Compiling bitflags v1.2.1
[INFO] [stderr]     Checking safe-modular-arithmetic v0.2.4
[INFO] [stderr]    Compiling miniz_oxide v0.3.7
[INFO] [stderr]    Compiling textwrap v0.11.0
[INFO] [stderr]     Checking queue-model v0.1.2
[INFO] [stderr]     Checking raii-map v0.1.0
[INFO] [stderr]     Checking spin v0.9.1
[INFO] [stderr]    Compiling aho-corasick v0.7.15
[INFO] [stderr]    Compiling atty v0.2.14
[INFO] [stderr]    Compiling time v0.1.44
[INFO] [stderr]    Compiling flate2 v1.0.14
[INFO] [stderr]    Compiling which v3.1.1
[INFO] [stderr]    Compiling clap v2.33.3
[INFO] [stderr]     Checking cstring-interop v0.1.0
[INFO] [stderr]     Checking newlib-alloc v0.1.0
[INFO] [stderr]     Checking libc-print v0.1.16
[INFO] [stderr]    Compiling bzip2-sys v0.1.10+1.0.8
[INFO] [stderr]    Compiling regex v1.4.5
[INFO] [stderr]    Compiling bzip2 v0.3.3
[INFO] [stderr]    Compiling cexpr v0.4.0
[INFO] [stderr]    Compiling env_logger v0.8.3
[INFO] [stderr]    Compiling thiserror-impl v1.0.24
[INFO] [stderr]    Compiling thiserror v1.0.24
[INFO] [stderr]    Compiling zip v0.5.11
[INFO] [stderr]    Compiling zip-extensions v0.6.0
[INFO] [stderr]    Compiling vex-rt v0.10.1 (/opt/rustwide/workdir)
[INFO] [stdout] error[E0554]: `#![feature]` may not be used on the beta release channel
[INFO] [stdout]  --> src/lib.rs:4:1
[INFO] [stdout]   |
[INFO] [stdout] 4 | #![feature(alloc_error_handler)]
[INFO] [stdout]   | ^^^^^^^^^^^^^^^^^^^^^^^^^^^^^^^^
[INFO] [stdout] 
[INFO] [stdout] 
[INFO] [stdout] error[E0554]: `#![feature]` may not be used on the beta release channel
[INFO] [stdout]  --> src/lib.rs:5:1
[INFO] [stdout]   |
[INFO] [stdout] 5 | #![feature(negative_impls)]
[INFO] [stdout]   | ^^^^^^^^^^^^^^^^^^^^^^^^^^^
[INFO] [stdout] 
[INFO] [stdout] 
[INFO] [stdout] error[E0554]: `#![feature]` may not be used on the beta release channel
[INFO] [stdout]  --> src/lib.rs:6:1
[INFO] [stdout]   |
[INFO] [stdout] 6 | #![feature(unsafe_cell_raw_get)]
[INFO] [stdout]   | ^^^^^^^^^^^^^^^^^^^^^^^^^^^^^^^^
[INFO] [stdout] 
[INFO] [stdout] 
[INFO] [stdout] error[E0554]: `#![feature]` may not be used on the beta release channel
[INFO] [stdout]  --> src/lib.rs:4:1
[INFO] [stdout]   |
[INFO] [stdout] 4 | #![feature(alloc_error_handler)]
[INFO] [stdout]   | ^^^^^^^^^^^^^^^^^^^^^^^^^^^^^^^^
[INFO] [stdout] 
[INFO] [stdout] 
[INFO] [stdout] error[E0554]: `#![feature]` may not be used on the beta release channel
[INFO] [stdout]  --> src/lib.rs:5:1
[INFO] [stdout]   |
[INFO] [stdout] 5 | #![feature(negative_impls)]
[INFO] [stdout]   | ^^^^^^^^^^^^^^^^^^^^^^^^^^^
[INFO] [stdout] 
[INFO] [stdout] 
[INFO] [stdout] error[E0554]: `#![feature]` may not be used on the beta release channel
[INFO] [stdout]  --> src/lib.rs:6:1
[INFO] [stdout]   |
[INFO] [stdout] 6 | #![feature(unsafe_cell_raw_get)]
[INFO] [stdout]   | ^^^^^^^^^^^^^^^^^^^^^^^^^^^^^^^^
[INFO] [stdout] 
[INFO] [stdout] 
[INFO] [stdout] error[E0152]: found duplicate lang item `oom`
[INFO] [stdout]  --> src/allocator.rs:8:1
[INFO] [stdout]   |
[INFO] [stdout] 8 | fn handle(layout: Layout) -> ! {
[INFO] [stdout]   | ^^^^^^^^^^^^^^^^^^^^^^^^^^^^^^
[INFO] [stdout]   |
[INFO] [stdout]   = note: the lang item is first defined in crate `std` (which `test` depends on)
[INFO] [stdout]   = note: first definition in `std` loaded from /opt/rustwide/rustup-home/toolchains/beta-2021-10-15-x86_64-unknown-linux-gnu/lib/rustlib/x86_64-unknown-linux-gnu/lib/libstd-9a950938f3668a37.rlib
[INFO] [stdout]   = note: second definition in the local crate (`vex_rt`)
[INFO] [stdout] 
[INFO] [stdout] 
[INFO] [stdout] error[E0152]: found duplicate lang item `panic_impl`
[INFO] [stdout]   --> src/lib.rs:38:1
[INFO] [stdout]    |
[INFO] [stdout] 38 | fn panic(panic_info: &PanicInfo) -> ! {
[INFO] [stdout]    | ^^^^^^^^^^^^^^^^^^^^^^^^^^^^^^^^^^^^^
[INFO] [stdout]    |
[INFO] [stdout]    = note: the lang item is first defined in crate `std` (which `test` depends on)
[INFO] [stdout]    = note: first definition in `std` loaded from /opt/rustwide/rustup-home/toolchains/beta-2021-10-15-x86_64-unknown-linux-gnu/lib/rustlib/x86_64-unknown-linux-gnu/lib/libstd-9a950938f3668a37.rlib
[INFO] [stdout]    = note: second definition in the local crate (`vex_rt`)
[INFO] [stdout] 
[INFO] [stdout] 
[INFO] [stdout] error: aborting due to 3 previous errors
[INFO] [stdout] 
[INFO] [stdout] 
[INFO] [stdout] For more information about this error, try `rustc --explain E0554`.
[INFO] [stdout] 
[INFO] [stderr] error: could not compile `vex-rt` due to 4 previous errors
[INFO] [stderr] warning: build failed, waiting for other jobs to finish...
[INFO] [stdout] error: aborting due to 5 previous errors
[INFO] [stdout] 
[INFO] [stdout] 
[INFO] [stdout] Some errors have detailed explanations: E0152, E0554.
[INFO] [stdout] 
[INFO] [stdout] For more information about an error, try `rustc --explain E0152`.
[INFO] [stdout] 
[INFO] [stderr] error: build failed
[INFO] running `Command { std: "docker" "inspect" "a6cab9818432c2d1095f9de98aa52f4382f327221e45f245ca5892b7752926a4", kill_on_drop: false }`
[INFO] running `Command { std: "docker" "rm" "-f" "a6cab9818432c2d1095f9de98aa52f4382f327221e45f245ca5892b7752926a4", kill_on_drop: false }`
[INFO] [stdout] a6cab9818432c2d1095f9de98aa52f4382f327221e45f245ca5892b7752926a4
