[INFO] fetching crate very_simple_2d_core 0.6.0...
[INFO] checking very_simple_2d_core-0.6.0 against 1.55.0 for beta-1.56-3
[INFO] extracting crate very_simple_2d_core 0.6.0 into /workspace/builds/worker-105/source
[INFO] validating manifest of crates.io crate very_simple_2d_core 0.6.0 on toolchain 1.55.0
[INFO] running `Command { std: "/workspace/cargo-home/bin/cargo" "+1.55.0" "metadata" "--manifest-path" "Cargo.toml" "--no-deps", kill_on_drop: false }`
[INFO] started tweaking crates.io crate very_simple_2d_core 0.6.0
[INFO] finished tweaking crates.io crate very_simple_2d_core 0.6.0
[INFO] tweaked toml for crates.io crate very_simple_2d_core 0.6.0 written to /workspace/builds/worker-105/source/Cargo.toml
[INFO] running `Command { std: "/workspace/cargo-home/bin/cargo" "+1.55.0" "generate-lockfile" "--manifest-path" "Cargo.toml" "-Zno-index-update", kill_on_drop: false }`
[INFO] [stderr]     Blocking waiting for file lock on package cache
[INFO] running `Command { std: "/workspace/cargo-home/bin/cargo" "+1.55.0" "fetch" "--manifest-path" "Cargo.toml", kill_on_drop: false }`
[INFO] [stderr]     Blocking waiting for file lock on package cache
[INFO] [stderr]     Blocking waiting for file lock on package cache
[INFO] [stderr]  Downloading crates ...
[INFO] [stderr]   Downloaded partial-min-max v0.4.0
[INFO] [stderr]   Downloaded axgeom v1.9.3
[INFO] running `Command { std: "docker" "create" "-v" "/var/lib/crater-agent-workspace/builds/worker-105/target:/opt/rustwide/target:rw,Z" "-v" "/var/lib/crater-agent-workspace/builds/worker-105/source:/opt/rustwide/workdir:ro,Z" "-v" "/var/lib/crater-agent-workspace/cargo-home:/opt/rustwide/cargo-home:ro,Z" "-v" "/var/lib/crater-agent-workspace/rustup-home:/opt/rustwide/rustup-home:ro,Z" "-e" "SOURCE_DIR=/opt/rustwide/workdir" "-e" "CARGO_TARGET_DIR=/opt/rustwide/target" "-e" "CARGO_HOME=/opt/rustwide/cargo-home" "-e" "RUSTUP_HOME=/opt/rustwide/rustup-home" "-w" "/opt/rustwide/workdir" "-m" "1610612736" "--user" "0:0" "--network" "none" "ghcr.io/rust-lang/crates-build-env/linux@sha256:a89201d6b5b9fd45c15d5952ece0a0129e7e80cb26ec023fd59cf09bc26f1604" "/opt/rustwide/cargo-home/bin/cargo" "+1.55.0" "metadata" "--no-deps" "--format-version=1", kill_on_drop: false }`
[INFO] [stdout] 4b9a78736893935a7570031a69d1e20e8beb8b13036f74348edffdd97236c246
[INFO] running `Command { std: "docker" "start" "-a" "4b9a78736893935a7570031a69d1e20e8beb8b13036f74348edffdd97236c246", kill_on_drop: false }`
[INFO] running `Command { std: "docker" "inspect" "4b9a78736893935a7570031a69d1e20e8beb8b13036f74348edffdd97236c246", kill_on_drop: false }`
[INFO] running `Command { std: "docker" "rm" "-f" "4b9a78736893935a7570031a69d1e20e8beb8b13036f74348edffdd97236c246", kill_on_drop: false }`
[INFO] [stdout] 4b9a78736893935a7570031a69d1e20e8beb8b13036f74348edffdd97236c246
[INFO] running `Command { std: "docker" "create" "-v" "/var/lib/crater-agent-workspace/builds/worker-105/target:/opt/rustwide/target:rw,Z" "-v" "/var/lib/crater-agent-workspace/builds/worker-105/source:/opt/rustwide/workdir:ro,Z" "-v" "/var/lib/crater-agent-workspace/cargo-home:/opt/rustwide/cargo-home:ro,Z" "-v" "/var/lib/crater-agent-workspace/rustup-home:/opt/rustwide/rustup-home:ro,Z" "-e" "SOURCE_DIR=/opt/rustwide/workdir" "-e" "CARGO_TARGET_DIR=/opt/rustwide/target" "-e" "CARGO_INCREMENTAL=0" "-e" "RUST_BACKTRACE=full" "-e" "RUSTFLAGS=--cap-lints=warn" "-e" "CARGO_HOME=/opt/rustwide/cargo-home" "-e" "RUSTUP_HOME=/opt/rustwide/rustup-home" "-w" "/opt/rustwide/workdir" "-m" "1610612736" "--user" "0:0" "--network" "none" "ghcr.io/rust-lang/crates-build-env/linux@sha256:a89201d6b5b9fd45c15d5952ece0a0129e7e80cb26ec023fd59cf09bc26f1604" "/opt/rustwide/cargo-home/bin/cargo" "+1.55.0" "check" "--frozen" "--all" "--all-targets" "--message-format=json", kill_on_drop: false }`
[INFO] [stdout] b9a1058e6f6928728555aa993ed38be6730eb8fdb6e8a0eb5ecaa046deeee488
[INFO] running `Command { std: "docker" "start" "-a" "b9a1058e6f6928728555aa993ed38be6730eb8fdb6e8a0eb5ecaa046deeee488", kill_on_drop: false }`
[INFO] [stderr]    Compiling khronos_api v3.1.0
[INFO] [stderr]    Compiling serde_derive v1.0.130
[INFO] [stderr]    Compiling crc32fast v1.2.1
[INFO] [stderr]    Compiling serde v1.0.130
[INFO] [stderr]    Compiling xml-rs v0.8.4
[INFO] [stderr]     Checking roots v0.0.6
[INFO] [stderr]     Checking partial-min-max v0.4.0
[INFO] [stderr]    Compiling num-rational v0.2.4
[INFO] [stderr]    Compiling log v0.4.14
[INFO] [stderr]     Checking tiff v0.3.1
[INFO] [stderr]     Checking jpeg-decoder v0.1.22
[INFO] [stderr]    Compiling gl_generator v0.13.1
[INFO] [stderr]     Checking png v0.15.3
[INFO] [stderr]     Checking image v0.22.5
[INFO] [stderr]    Compiling very_simple_2d_core v0.6.0 (/opt/rustwide/workdir)
[INFO] [stderr]     Checking axgeom v1.9.3
[INFO] [stdout] error[E0412]: cannot find type `FixedAspectVec2` in crate `axgeom`
[INFO] [stdout]   --> src/circle_program.rs:65:29
[INFO] [stdout]    |
[INFO] [stdout] 65 |         window_dim: axgeom::FixedAspectVec2,
[INFO] [stdout]    |                             ^^^^^^^^^^^^^^^ not found in `axgeom`
[INFO] [stdout] 
[INFO] [stdout] 
[INFO] [stdout] error[E0412]: cannot find type `FixedAspectVec2` in crate `axgeom`
[INFO] [stdout]   --> src/sprite_program.rs:96:29
[INFO] [stdout]    |
[INFO] [stdout] 96 |         window_dim: axgeom::FixedAspectVec2,
[INFO] [stdout]    |                             ^^^^^^^^^^^^^^^ not found in `axgeom`
[INFO] [stdout] 
[INFO] [stdout] 
[INFO] [stdout] error[E0412]: cannot find type `FixedAspectVec2` in crate `axgeom`
[INFO] [stdout]   --> src/lib.rs:65:56
[INFO] [stdout]    |
[INFO] [stdout] 65 |     pub fn set_viewport(&mut self, window_dim: axgeom::FixedAspectVec2, game_width: f32) {
[INFO] [stdout]    |                                                        ^^^^^^^^^^^^^^^ not found in `axgeom`
[INFO] [stdout] 
[INFO] [stdout] 
[INFO] [stdout] error[E0412]: cannot find type `FixedAspectVec2` in crate `axgeom`
[INFO] [stdout]   --> src/lib.rs:73:43
[INFO] [stdout]    |
[INFO] [stdout] 73 |     pub unsafe fn new(window_dim: axgeom::FixedAspectVec2) -> SimpleCanvas {
[INFO] [stdout]    |                                           ^^^^^^^^^^^^^^^ not found in `axgeom`
[INFO] [stdout] 
[INFO] [stdout] 
[INFO] [stdout] error[E0412]: cannot find type `FixedAspectVec2` in crate `axgeom`
[INFO] [stdout]   --> src/circle_program.rs:65:29
[INFO] [stdout]    |
[INFO] [stdout] 65 |         window_dim: axgeom::FixedAspectVec2,
[INFO] [stdout]    |                             ^^^^^^^^^^^^^^^ not found in `axgeom`
[INFO] [stdout] 
[INFO] [stdout] 
[INFO] [stdout] error[E0412]: cannot find type `FixedAspectVec2` in crate `axgeom`
[INFO] [stdout]   --> src/sprite_program.rs:96:29
[INFO] [stdout]    |
[INFO] [stdout] 96 |         window_dim: axgeom::FixedAspectVec2,
[INFO] [stdout]    |                             ^^^^^^^^^^^^^^^ not found in `axgeom`
[INFO] [stdout] 
[INFO] [stdout] 
[INFO] [stdout] error[E0412]: cannot find type `FixedAspectVec2` in crate `axgeom`
[INFO] [stdout]   --> src/lib.rs:65:56
[INFO] [stdout]    |
[INFO] [stdout] 65 |     pub fn set_viewport(&mut self, window_dim: axgeom::FixedAspectVec2, game_width: f32) {
[INFO] [stdout]    |                                                        ^^^^^^^^^^^^^^^ not found in `axgeom`
[INFO] [stdout] 
[INFO] [stdout] 
[INFO] [stdout] error[E0412]: cannot find type `FixedAspectVec2` in crate `axgeom`
[INFO] [stdout]   --> src/lib.rs:73:43
[INFO] [stdout]    |
[INFO] [stdout] 73 |     pub unsafe fn new(window_dim: axgeom::FixedAspectVec2) -> SimpleCanvas {
[INFO] [stdout]    |                                           ^^^^^^^^^^^^^^^ not found in `axgeom`
[INFO] [stdout] 
[INFO] [stdout] 
[INFO] [stdout] error: aborting due to 4 previous errors
[INFO] [stdout] 
[INFO] [stdout] 
[INFO] [stdout] For more information about this error, try `rustc --explain E0412`.
[INFO] [stdout] 
[INFO] [stdout] error: aborting due to 4 previous errors
[INFO] [stdout] 
[INFO] [stdout] 
[INFO] [stdout] For more information about this error, try `rustc --explain E0412`.
[INFO] [stdout] 
[INFO] [stderr] error: could not compile `very_simple_2d_core` due to 5 previous errors
[INFO] [stderr] warning: build failed, waiting for other jobs to finish...
[INFO] [stderr] error: build failed
[INFO] running `Command { std: "docker" "inspect" "b9a1058e6f6928728555aa993ed38be6730eb8fdb6e8a0eb5ecaa046deeee488", kill_on_drop: false }`
[INFO] running `Command { std: "docker" "rm" "-f" "b9a1058e6f6928728555aa993ed38be6730eb8fdb6e8a0eb5ecaa046deeee488", kill_on_drop: false }`
[INFO] [stdout] b9a1058e6f6928728555aa993ed38be6730eb8fdb6e8a0eb5ecaa046deeee488
