[INFO] fetching crate velvet 0.4.2...
[INFO] checking velvet-0.4.2 against beta-2021-10-15 for beta-1.56-3
[INFO] extracting crate velvet 0.4.2 into /workspace/builds/worker-89/source
[INFO] validating manifest of crates.io crate velvet 0.4.2 on toolchain beta-2021-10-15
[INFO] running `Command { std: "/workspace/cargo-home/bin/cargo" "+beta-2021-10-15" "metadata" "--manifest-path" "Cargo.toml" "--no-deps", kill_on_drop: false }`
[INFO] started tweaking crates.io crate velvet 0.4.2
[INFO] finished tweaking crates.io crate velvet 0.4.2
[INFO] tweaked toml for crates.io crate velvet 0.4.2 written to /workspace/builds/worker-89/source/Cargo.toml
[INFO] crate crates.io crate velvet 0.4.2 already has a lockfile, it will not be regenerated
[INFO] running `Command { std: "/workspace/cargo-home/bin/cargo" "+beta-2021-10-15" "fetch" "--manifest-path" "Cargo.toml", kill_on_drop: false }`
[INFO] [stderr]     Blocking waiting for file lock on package cache
[INFO] [stderr]     Blocking waiting for file lock on package cache
[INFO] running `Command { std: "docker" "create" "-v" "/var/lib/crater-agent-workspace/builds/worker-89/target:/opt/rustwide/target:rw,Z" "-v" "/var/lib/crater-agent-workspace/builds/worker-89/source:/opt/rustwide/workdir:ro,Z" "-v" "/var/lib/crater-agent-workspace/cargo-home:/opt/rustwide/cargo-home:ro,Z" "-v" "/var/lib/crater-agent-workspace/rustup-home:/opt/rustwide/rustup-home:ro,Z" "-e" "SOURCE_DIR=/opt/rustwide/workdir" "-e" "CARGO_TARGET_DIR=/opt/rustwide/target" "-e" "CARGO_HOME=/opt/rustwide/cargo-home" "-e" "RUSTUP_HOME=/opt/rustwide/rustup-home" "-w" "/opt/rustwide/workdir" "-m" "1610612736" "--user" "0:0" "--network" "none" "ghcr.io/rust-lang/crates-build-env/linux@sha256:a89201d6b5b9fd45c15d5952ece0a0129e7e80cb26ec023fd59cf09bc26f1604" "/opt/rustwide/cargo-home/bin/cargo" "+beta-2021-10-15" "metadata" "--no-deps" "--format-version=1", kill_on_drop: false }`
[INFO] [stdout] 5c74dca56cbeace950ec9ccda60a9573109aa885632b3110b04ea375c4e55795
[INFO] running `Command { std: "docker" "start" "-a" "5c74dca56cbeace950ec9ccda60a9573109aa885632b3110b04ea375c4e55795", kill_on_drop: false }`
[INFO] running `Command { std: "docker" "inspect" "5c74dca56cbeace950ec9ccda60a9573109aa885632b3110b04ea375c4e55795", kill_on_drop: false }`
[INFO] running `Command { std: "docker" "rm" "-f" "5c74dca56cbeace950ec9ccda60a9573109aa885632b3110b04ea375c4e55795", kill_on_drop: false }`
[INFO] [stdout] 5c74dca56cbeace950ec9ccda60a9573109aa885632b3110b04ea375c4e55795
[INFO] running `Command { std: "docker" "create" "-v" "/var/lib/crater-agent-workspace/builds/worker-89/target:/opt/rustwide/target:rw,Z" "-v" "/var/lib/crater-agent-workspace/builds/worker-89/source:/opt/rustwide/workdir:ro,Z" "-v" "/var/lib/crater-agent-workspace/cargo-home:/opt/rustwide/cargo-home:ro,Z" "-v" "/var/lib/crater-agent-workspace/rustup-home:/opt/rustwide/rustup-home:ro,Z" "-e" "SOURCE_DIR=/opt/rustwide/workdir" "-e" "CARGO_TARGET_DIR=/opt/rustwide/target" "-e" "CARGO_INCREMENTAL=0" "-e" "RUST_BACKTRACE=full" "-e" "RUSTFLAGS=--cap-lints=warn" "-e" "CARGO_HOME=/opt/rustwide/cargo-home" "-e" "RUSTUP_HOME=/opt/rustwide/rustup-home" "-w" "/opt/rustwide/workdir" "-m" "1610612736" "--user" "0:0" "--network" "none" "ghcr.io/rust-lang/crates-build-env/linux@sha256:a89201d6b5b9fd45c15d5952ece0a0129e7e80cb26ec023fd59cf09bc26f1604" "/opt/rustwide/cargo-home/bin/cargo" "+beta-2021-10-15" "check" "--frozen" "--all" "--all-targets" "--message-format=json", kill_on_drop: false }`
[INFO] [stdout] 1fbbde01b63effe96e0db97e8d1f4a6b427bc29c06ecf5327bd2091d529a8df2
[INFO] running `Command { std: "docker" "start" "-a" "1fbbde01b63effe96e0db97e8d1f4a6b427bc29c06ecf5327bd2091d529a8df2", kill_on_drop: false }`
[INFO] [stderr]    Compiling proc-macro2 v1.0.24
[INFO] [stderr]    Compiling unicode-xid v0.2.1
[INFO] [stderr]    Compiling syn v1.0.54
[INFO] [stderr]    Compiling libc v0.2.80
[INFO] [stderr]    Compiling serde_derive v1.0.118
[INFO] [stderr]    Compiling serde v1.0.118
[INFO] [stderr]    Compiling libm v0.2.1
[INFO] [stderr]    Compiling memchr v2.3.4
[INFO] [stderr]    Compiling getrandom v0.1.15
[INFO] [stderr]     Checking regex-syntax v0.6.21
[INFO] [stderr]    Compiling const_fn v0.4.5
[INFO] [stderr]    Compiling version_check v0.9.2
[INFO] [stderr]    Compiling typenum v1.12.0
[INFO] [stderr]    Compiling log v0.4.11
[INFO] [stderr]     Checking gimli v0.23.0
[INFO] [stderr]    Compiling inventory v0.1.9
[INFO] [stderr]    Compiling byteorder v1.3.4
[INFO] [stderr]     Checking adler v0.2.3
[INFO] [stderr]     Checking rustc-demangle v0.1.18
[INFO] [stderr]    Compiling rayon-core v1.9.0
[INFO] [stderr]     Checking object v0.22.0
[INFO] [stderr]    Compiling unicode-segmentation v1.7.1
[INFO] [stderr]    Compiling paste v1.0.3
[INFO] [stderr]    Compiling serde_json v1.0.62
[INFO] [stderr]     Checking dtoa v0.4.6
[INFO] [stderr]     Checking strum v0.20.0
[INFO] [stderr]     Checking plotters-backend v0.3.0
[INFO] [stderr]     Checking half v1.7.1
[INFO] [stderr]    Compiling num-traits v0.2.14
[INFO] [stderr]    Compiling crossbeam-utils v0.8.1
[INFO] [stderr]    Compiling num-integer v0.1.44
[INFO] [stderr]    Compiling miniz_oxide v0.4.3
[INFO] [stderr]    Compiling memoffset v0.6.1
[INFO] [stderr]    Compiling num-rational v0.3.2
[INFO] [stderr]    Compiling rayon v1.5.0
[INFO] [stderr]     Checking thread_local v1.0.1
[INFO] [stderr]     Checking matrixmultiply v0.2.3
[INFO] [stderr]     Checking textwrap v0.11.0
[INFO] [stderr]     Checking itertools v0.9.0
[INFO] [stderr]     Checking walkdir v2.3.1
[INFO] [stderr]     Checking itertools v0.10.0
[INFO] [stderr]    Compiling cast v0.2.3
[INFO] [stderr]     Checking clap v2.33.3
[INFO] [stderr]     Checking plotters-svg v0.3.0
[INFO] [stderr]    Compiling heck v0.3.1
[INFO] [stderr]    Compiling generic-array v0.14.4
[INFO] [stderr]     Checking criterion-plot v0.4.3
[INFO] [stderr]     Checking atty v0.2.14
[INFO] [stderr]     Checking num_cpus v1.13.0
[INFO] [stderr]     Checking regex-automata v0.1.9
[INFO] [stderr]     Checking aho-corasick v0.7.15
[INFO] [stderr]     Checking csv-core v0.1.10
[INFO] [stderr]     Checking rand_core v0.5.1
[INFO] [stderr]    Compiling quote v1.0.7
[INFO] [stderr]     Checking rand_chacha v0.2.2
[INFO] [stderr]     Checking addr2line v0.14.0
[INFO] [stderr]     Checking rand v0.7.3
[INFO] [stderr]     Checking crossbeam-epoch v0.9.1
[INFO] [stderr]     Checking crossbeam-channel v0.5.0
[INFO] [stderr]     Checking regex v1.4.2
[INFO] [stderr]     Checking approx v0.4.0
[INFO] [stderr]     Checking plotters v0.3.0
[INFO] [stderr]     Checking crossbeam-deque v0.8.0
[INFO] [stderr]     Checking backtrace v0.3.55
[INFO] [stderr]     Checking rand_distr v0.3.0
[INFO] [stderr]     Checking env_logger v0.7.1
[INFO] [stderr]     Checking pretty_env_logger v0.4.0
[INFO] [stderr]    Compiling synstructure v0.12.4
[INFO] [stderr]    Compiling ctor v0.1.16
[INFO] [stderr]    Compiling inventory-impl v0.1.9
[INFO] [stderr]    Compiling ghost v0.1.2
[INFO] [stderr]    Compiling failure_derive v0.1.8
[INFO] [stderr]    Compiling typetag-impl v0.1.6
[INFO] [stderr]    Compiling strum_macros v0.20.1
[INFO] [stderr]     Checking failure v0.1.8
[INFO] [stderr]     Checking vasp-poscar v0.3.2
[INFO] [stderr]     Checking num-complex v0.3.1
[INFO] [stderr]     Checking erased-serde v0.3.12
[INFO] [stderr]     Checking bstr v0.2.15
[INFO] [stderr]     Checking serde_cbor v0.11.1
[INFO] [stderr]     Checking simba v0.3.1
[INFO] [stderr]     Checking csv v1.1.5
[INFO] [stderr]     Checking typetag v0.1.6
[INFO] [stderr]     Checking tinytemplate v1.2.0
[INFO] [stderr]     Checking criterion v0.3.4
[INFO] [stderr]     Checking nalgebra v0.23.1
[INFO] [stderr]     Checking velvet-core v0.4.2
[INFO] [stderr]     Checking velvet-external-data v0.1.0
[INFO] [stderr]     Checking velvet v0.4.2 (/opt/rustwide/workdir)
[INFO] [stdout] error[E0432]: unresolved import `velvet_test_utils`
[INFO] [stdout]   --> benches/thermostats.rs:10:5
[INFO] [stdout]    |
[INFO] [stdout] 10 | use velvet_test_utils as test_utils;
[INFO] [stdout]    |     ^^^^^^^^^^^^^^^^^^^^^^^^^^^^^^^ no external crate `velvet_test_utils`
[INFO] [stdout] 
[INFO] [stdout] 
[INFO] [stdout] error[E0432]: unresolved import `velvet_test_utils`
[INFO] [stdout]  --> tests/propagators.rs:8:5
[INFO] [stdout]   |
[INFO] [stdout] 8 | use velvet_test_utils as test_utils;
[INFO] [stdout]   |     ^^^^^^^^^^^^^^^^^^^^^^^^^^^^^^^ no external crate `velvet_test_utils`
[INFO] [stdout] 
[INFO] [stdout] 
[INFO] [stdout] error: aborting due to previous error
[INFO] [stdout] 
[INFO] [stdout] 
[INFO] [stdout] For more information about this error, try `rustc --explain E0432`.
[INFO] [stdout] 
[INFO] [stdout] error: aborting due to previous error
[INFO] [stdout] 
[INFO] [stdout] 
[INFO] [stdout] error[E0432]: unresolved import `velvet_test_utils`
[INFO] [stdout]  --> tests/integrators.rs:3:5
[INFO] [stdout]   |
[INFO] [stdout] 3 | use velvet_test_utils as test_utils;
[INFO] [stdout]   |     ^^^^^^^^^^^^^^^^^^^^^^^^^^^^^^^ no external crate `velvet_test_utils`
[INFO] [stdout] 
[INFO] [stdout] 
[INFO] [stdout] error[E0432]: unresolved import `velvet_test_utils`
[INFO] [stdout]  --> tests/properties.rs:6:5
[INFO] [stdout]   |
[INFO] [stdout] 6 | use velvet_test_utils as test_utils;
[INFO] [stdout]   |     ^^^^^^^^^^^^^^^^^^^^^^^^^^^^^^^ no external crate `velvet_test_utils`
[INFO] [stdout] 
[INFO] [stdout] 
[INFO] [stdout] For more information about this error, try `rustc --explain E0432`.
[INFO] [stdout] 
[INFO] [stderr] error: could not compile `velvet` due to 2 previous errors
[INFO] [stdout] error[E0432]: unresolved import `velvet_test_utils`
[INFO] [stdout]   --> benches/properties.rs:11:5
[INFO] [stdout]    |
[INFO] [stdout] 11 | use velvet_test_utils as test_utils;
[INFO] [stdout]    |     ^^^^^^^^^^^^^^^^^^^^^^^^^^^^^^^ no external crate `velvet_test_utils`
[INFO] [stdout] 
[INFO] [stdout] 
[INFO] [stderr] warning: build failed, waiting for other jobs to finish...
[INFO] [stdout] error: aborting due to previous error
[INFO] [stdout] 
[INFO] [stdout] 
[INFO] [stdout] For more information about this error, try `rustc --explain E0432`.
[INFO] [stdout] 
[INFO] [stdout] error: aborting due to previous error
[INFO] [stdout] 
[INFO] [stdout] 
[INFO] [stdout] error[E0432]: unresolved import `velvet_test_utils`
[INFO] [stdout]  --> tests/poscar.rs:5:5
[INFO] [stdout]   |
[INFO] [stdout] 5 | use velvet_test_utils as test_utils;
[INFO] [stdout]   |     ^^^^^^^^^^^^^^^^^^^^^^^^^^^^^^^ no external crate `velvet_test_utils`
[INFO] [stdout] 
[INFO] [stdout] 
[INFO] [stdout] For more information about this error, try `rustc --explain E0432`.
[INFO] [stdout] 
[INFO] [stdout] error[E0432]: unresolved import `velvet_test_utils`
[INFO] [stdout]  --> benches/integrators.rs:9:5
[INFO] [stdout]   |
[INFO] [stdout] 9 | use velvet_test_utils as test_utils;
[INFO] [stdout]   |     ^^^^^^^^^^^^^^^^^^^^^^^^^^^^^^^ no external crate `velvet_test_utils`
[INFO] [stdout] 
[INFO] [stdout] 
[INFO] [stdout] error: aborting due to previous error
[INFO] [stdout] 
[INFO] [stdout] 
[INFO] [stdout] For more information about this error, try `rustc --explain E0432`.
[INFO] [stdout] 
[INFO] [stdout] error: aborting due to previous error
[INFO] [stdout] 
[INFO] [stdout] 
[INFO] [stdout] For more information about this error, try `rustc --explain E0432`.
[INFO] [stdout] 
[INFO] [stdout] error[E0432]: unresolved import `velvet_test_utils`
[INFO] [stdout]  --> benches/velocity_distributions.rs:8:5
[INFO] [stdout]   |
[INFO] [stdout] 8 | use velvet_test_utils as test_utils;
[INFO] [stdout]   |     ^^^^^^^^^^^^^^^^^^^^^^^^^^^^^^^ no external crate `velvet_test_utils`
[INFO] [stdout] 
[INFO] [stdout] 
[INFO] [stdout] error[E0432]: unresolved import `velvet_test_utils`
[INFO] [stdout]  --> tests/thermostats.rs:7:5
[INFO] [stdout]   |
[INFO] [stdout] 7 | use velvet_test_utils as test_utils;
[INFO] [stdout]   |     ^^^^^^^^^^^^^^^^^^^^^^^^^^^^^^^ no external crate `velvet_test_utils`
[INFO] [stdout] 
[INFO] [stdout] 
[INFO] [stdout] error: aborting due to previous error
[INFO] [stdout] 
[INFO] [stdout] 
[INFO] [stdout] For more information about this error, try `rustc --explain E0432`.
[INFO] [stdout] 
[INFO] [stdout] error[E0432]: unresolved import `velvet_test_utils`
[INFO] [stdout]  --> tests/velocity_distributions.rs:5:5
[INFO] [stdout]   |
[INFO] [stdout] 5 | use velvet_test_utils as test_utils;
[INFO] [stdout]   |     ^^^^^^^^^^^^^^^^^^^^^^^^^^^^^^^ no external crate `velvet_test_utils`
[INFO] [stdout] 
[INFO] [stdout] 
[INFO] [stdout] error: aborting due to previous error
[INFO] [stdout] 
[INFO] [stdout] 
[INFO] [stdout] For more information about this error, try `rustc --explain E0432`.
[INFO] [stdout] 
[INFO] [stdout] error: aborting due to previous error
[INFO] [stdout] 
[INFO] [stdout] 
[INFO] [stdout] For more information about this error, try `rustc --explain E0432`.
[INFO] [stdout] 
[INFO] [stdout] error: aborting due to previous error
[INFO] [stdout] 
[INFO] [stdout] 
[INFO] [stdout] For more information about this error, try `rustc --explain E0432`.
[INFO] [stdout] 
[INFO] [stdout] error[E0432]: unresolved import `velvet_test_utils`
[INFO] [stdout]  --> tests/outputs.rs:5:5
[INFO] [stdout]   |
[INFO] [stdout] 5 | use velvet_test_utils as test_utils;
[INFO] [stdout]   |     ^^^^^^^^^^^^^^^^^^^^^^^^^^^^^^^ no external crate `velvet_test_utils`
[INFO] [stdout] 
[INFO] [stdout] 
[INFO] [stdout] warning: unused import: `approx::*`
[INFO] [stdout]  --> tests/outputs.rs:1:5
[INFO] [stdout]   |
[INFO] [stdout] 1 | use approx::*;
[INFO] [stdout]   |     ^^^^^^^^^
[INFO] [stdout]   |
[INFO] [stdout]   = note: `#[warn(unused_imports)]` on by default
[INFO] [stdout] 
[INFO] [stdout] 
[INFO] [stdout] warning: unused import: `velvet_core::outputs::Output`
[INFO] [stdout]  --> tests/outputs.rs:3:5
[INFO] [stdout]   |
[INFO] [stdout] 3 | use velvet_core::outputs::Output;
[INFO] [stdout]   |     ^^^^^^^^^^^^^^^^^^^^^^^^^^^^
[INFO] [stdout] 
[INFO] [stdout] 
[INFO] [stdout] warning: unused imports: `Forces`, `KineticEnergy`, `PotentialEnergy`, `Temperature`, `TotalEnergy`
[INFO] [stdout]  --> tests/outputs.rs:4:31
[INFO] [stdout]   |
[INFO] [stdout] 4 | use velvet_core::properties::{Forces, KineticEnergy, PotentialEnergy, Temperature, TotalEnergy};
[INFO] [stdout]   |                               ^^^^^^  ^^^^^^^^^^^^^  ^^^^^^^^^^^^^^^  ^^^^^^^^^^^  ^^^^^^^^^^^
[INFO] [stdout] 
[INFO] [stdout] 
[INFO] [stdout] error: aborting due to previous error; 3 warnings emitted
[INFO] [stdout] 
[INFO] [stdout] 
[INFO] [stdout] For more information about this error, try `rustc --explain E0432`.
[INFO] [stdout] 
[INFO] [stderr] error: build failed
[INFO] running `Command { std: "docker" "inspect" "1fbbde01b63effe96e0db97e8d1f4a6b427bc29c06ecf5327bd2091d529a8df2", kill_on_drop: false }`
[INFO] running `Command { std: "docker" "rm" "-f" "1fbbde01b63effe96e0db97e8d1f4a6b427bc29c06ecf5327bd2091d529a8df2", kill_on_drop: false }`
[INFO] [stdout] 1fbbde01b63effe96e0db97e8d1f4a6b427bc29c06ecf5327bd2091d529a8df2
