[INFO] fetching crate uniprot 0.4.0...
[INFO] checking uniprot-0.4.0 against 1.55.0 for beta-1.56-3
[INFO] extracting crate uniprot 0.4.0 into /workspace/builds/worker-18/source
[INFO] validating manifest of crates.io crate uniprot 0.4.0 on toolchain 1.55.0
[INFO] running `Command { std: "/workspace/cargo-home/bin/cargo" "+1.55.0" "metadata" "--manifest-path" "Cargo.toml" "--no-deps", kill_on_drop: false }`
[INFO] started tweaking crates.io crate uniprot 0.4.0
[INFO] finished tweaking crates.io crate uniprot 0.4.0
[INFO] tweaked toml for crates.io crate uniprot 0.4.0 written to /workspace/builds/worker-18/source/Cargo.toml
[INFO] running `Command { std: "/workspace/cargo-home/bin/cargo" "+1.55.0" "generate-lockfile" "--manifest-path" "Cargo.toml" "-Zno-index-update", kill_on_drop: false }`
[INFO] [stderr]     Blocking waiting for file lock on package cache
[INFO] running `Command { std: "/workspace/cargo-home/bin/cargo" "+1.55.0" "fetch" "--manifest-path" "Cargo.toml", kill_on_drop: false }`
[INFO] [stderr]     Blocking waiting for file lock on package cache
[INFO] [stderr]     Blocking waiting for file lock on package cache
[INFO] [stderr]  Downloading crates ...
[INFO] [stderr]   Downloaded ftp v3.0.1
[INFO] [stderr]   Downloaded quick-xml v0.22.0
[INFO] running `Command { std: "docker" "create" "-v" "/var/lib/crater-agent-workspace/builds/worker-18/target:/opt/rustwide/target:rw,Z" "-v" "/var/lib/crater-agent-workspace/builds/worker-18/source:/opt/rustwide/workdir:ro,Z" "-v" "/var/lib/crater-agent-workspace/cargo-home:/opt/rustwide/cargo-home:ro,Z" "-v" "/var/lib/crater-agent-workspace/rustup-home:/opt/rustwide/rustup-home:ro,Z" "-e" "SOURCE_DIR=/opt/rustwide/workdir" "-e" "CARGO_TARGET_DIR=/opt/rustwide/target" "-e" "CARGO_HOME=/opt/rustwide/cargo-home" "-e" "RUSTUP_HOME=/opt/rustwide/rustup-home" "-w" "/opt/rustwide/workdir" "-m" "1610612736" "--user" "0:0" "--network" "none" "ghcr.io/rust-lang/crates-build-env/linux@sha256:a89201d6b5b9fd45c15d5952ece0a0129e7e80cb26ec023fd59cf09bc26f1604" "/opt/rustwide/cargo-home/bin/cargo" "+1.55.0" "metadata" "--no-deps" "--format-version=1", kill_on_drop: false }`
[INFO] [stdout] ff686c583d9a0c0e0ce0a915984435352b975ac0e23940e50c11796d2dbd95b0
[INFO] running `Command { std: "docker" "start" "-a" "ff686c583d9a0c0e0ce0a915984435352b975ac0e23940e50c11796d2dbd95b0", kill_on_drop: false }`
[INFO] running `Command { std: "docker" "inspect" "ff686c583d9a0c0e0ce0a915984435352b975ac0e23940e50c11796d2dbd95b0", kill_on_drop: false }`
[INFO] running `Command { std: "docker" "rm" "-f" "ff686c583d9a0c0e0ce0a915984435352b975ac0e23940e50c11796d2dbd95b0", kill_on_drop: false }`
[INFO] [stdout] ff686c583d9a0c0e0ce0a915984435352b975ac0e23940e50c11796d2dbd95b0
[INFO] running `Command { std: "docker" "create" "-v" "/var/lib/crater-agent-workspace/builds/worker-18/target:/opt/rustwide/target:rw,Z" "-v" "/var/lib/crater-agent-workspace/builds/worker-18/source:/opt/rustwide/workdir:ro,Z" "-v" "/var/lib/crater-agent-workspace/cargo-home:/opt/rustwide/cargo-home:ro,Z" "-v" "/var/lib/crater-agent-workspace/rustup-home:/opt/rustwide/rustup-home:ro,Z" "-e" "SOURCE_DIR=/opt/rustwide/workdir" "-e" "CARGO_TARGET_DIR=/opt/rustwide/target" "-e" "CARGO_INCREMENTAL=0" "-e" "RUST_BACKTRACE=full" "-e" "RUSTFLAGS=--cap-lints=warn" "-e" "CARGO_HOME=/opt/rustwide/cargo-home" "-e" "RUSTUP_HOME=/opt/rustwide/rustup-home" "-w" "/opt/rustwide/workdir" "-m" "1610612736" "--user" "0:0" "--network" "none" "ghcr.io/rust-lang/crates-build-env/linux@sha256:a89201d6b5b9fd45c15d5952ece0a0129e7e80cb26ec023fd59cf09bc26f1604" "/opt/rustwide/cargo-home/bin/cargo" "+1.55.0" "check" "--frozen" "--all" "--all-targets" "--message-format=json", kill_on_drop: false }`
[INFO] [stdout] 0ddea294d996ad8c5eec6d1500c81e0d400ec30eb086524e89b14c54772f9d96
[INFO] running `Command { std: "docker" "start" "-a" "0ddea294d996ad8c5eec6d1500c81e0d400ec30eb086524e89b14c54772f9d96", kill_on_drop: false }`
[INFO] [stderr]    Compiling libc v0.2.104
[INFO] [stderr]    Compiling winapi-build v0.1.1
[INFO] [stderr]     Checking winapi v0.2.8
[INFO] [stderr]    Compiling syn v1.0.80
[INFO] [stderr]    Compiling crossbeam-utils v0.8.5
[INFO] [stderr]     Checking utf8-ranges v0.1.3
[INFO] [stderr]     Checking rle-decode-fast v1.0.1
[INFO] [stderr]     Checking regex-syntax v0.3.9
[INFO] [stderr]     Checking adler32 v1.2.0
[INFO] [stderr]     Checking lazy_static v0.1.16
[INFO] [stderr]    Compiling num-integer v0.1.44
[INFO] [stderr]    Compiling num-iter v0.1.42
[INFO] [stderr]     Checking quick-xml v0.22.0
[INFO] [stderr]     Checking libflate_lz77 v1.1.0
[INFO] [stderr]    Compiling kernel32-sys v0.2.2
[INFO] [stderr]     Checking libflate v1.1.1
[INFO] [stderr]     Checking crossbeam-channel v0.5.1
[INFO] [stderr]     Checking num v0.1.42
[INFO] [stderr]     Checking time v0.1.44
[INFO] [stderr]     Checking thread-id v2.0.0
[INFO] [stderr]     Checking memchr v0.1.11
[INFO] [stderr]     Checking num_cpus v1.13.0
[INFO] [stderr]     Checking thread_local v0.2.7
[INFO] [stderr]     Checking aho-corasick v0.5.3
[INFO] [stderr]     Checking chrono v0.4.19
[INFO] [stderr]     Checking chrono v0.2.25
[INFO] [stderr]     Checking regex v0.1.80
[INFO] [stderr]     Checking ftp v3.0.1
[INFO] [stderr]    Compiling thiserror-impl v1.0.30
[INFO] [stderr]     Checking thiserror v1.0.30
[INFO] [stderr]     Checking uniprot v0.4.0 (/opt/rustwide/workdir)
[INFO] [stdout] error[E0603]: module `model` is private
[INFO] [stdout]   --> benches/uniref.rs:14:22
[INFO] [stdout]    |
[INFO] [stdout] 14 | use uniprot::uniref::model::Entry;
[INFO] [stdout]    |                      ^^^^^ private module
[INFO] [stdout]    |
[INFO] [stdout] note: the module `model` is defined here
[INFO] [stdout]   --> /opt/rustwide/workdir/src/uniref/mod.rs:5:1
[INFO] [stdout]    |
[INFO] [stdout] 5  | mod model;
[INFO] [stdout]    | ^^^^^^^^^^
[INFO] [stdout] 
[INFO] [stdout] 
[INFO] [stdout] error[E0554]: `#![feature]` may not be used on the stable release channel
[INFO] [stdout]  --> benches/uniref.rs:1:1
[INFO] [stdout]   |
[INFO] [stdout] 1 | #![feature(test)]
[INFO] [stdout]   | ^^^^^^^^^^^^^^^^^
[INFO] [stdout] 
[INFO] [stdout] 
[INFO] [stdout] warning: unused import: `std::fs::File`
[INFO] [stdout]  --> benches/uniref.rs:7:5
[INFO] [stdout]   |
[INFO] [stdout] 7 | use std::fs::File;
[INFO] [stdout]   |     ^^^^^^^^^^^^^
[INFO] [stdout]   |
[INFO] [stdout]   = note: `#[warn(unused_imports)]` on by default
[INFO] [stdout] 
[INFO] [stdout] 
[INFO] [stdout] warning: unused import: `std::io::BufReader`
[INFO] [stdout]  --> benches/uniref.rs:9:5
[INFO] [stdout]   |
[INFO] [stdout] 9 | use std::io::BufReader;
[INFO] [stdout]   |     ^^^^^^^^^^^^^^^^^^
[INFO] [stdout] 
[INFO] [stdout] 
[INFO] [stdout] error[E0603]: module `model` is private
[INFO] [stdout]   --> benches/uniprot.rs:14:23
[INFO] [stdout]    |
[INFO] [stdout] 14 | use uniprot::uniprot::model::Entry;
[INFO] [stdout]    |                       ^^^^^ private module
[INFO] [stdout]    |
[INFO] [stdout] note: the module `model` is defined here
[INFO] [stdout]   --> /opt/rustwide/workdir/src/uniprot/mod.rs:5:1
[INFO] [stdout]    |
[INFO] [stdout] 5  | mod model;
[INFO] [stdout]    | ^^^^^^^^^^
[INFO] [stdout] 
[INFO] [stdout] 
[INFO] [stdout] error[E0554]: `#![feature]` may not be used on the stable release channel
[INFO] [stdout]  --> benches/uniprot.rs:1:1
[INFO] [stdout]   |
[INFO] [stdout] 1 | #![feature(test)]
[INFO] [stdout]   | ^^^^^^^^^^^^^^^^^
[INFO] [stdout] 
[INFO] [stdout] 
[INFO] [stdout] warning: unused import: `std::fs::File`
[INFO] [stdout]  --> benches/uniprot.rs:7:5
[INFO] [stdout]   |
[INFO] [stdout] 7 | use std::fs::File;
[INFO] [stdout]   |     ^^^^^^^^^^^^^
[INFO] [stdout]   |
[INFO] [stdout]   = note: `#[warn(unused_imports)]` on by default
[INFO] [stdout] 
[INFO] [stdout] 
[INFO] [stdout] warning: unused import: `std::io::BufReader`
[INFO] [stdout]  --> benches/uniprot.rs:9:5
[INFO] [stdout]   |
[INFO] [stdout] 9 | use std::io::BufReader;
[INFO] [stdout]   |     ^^^^^^^^^^^^^^^^^^
[INFO] [stdout] 
[INFO] [stdout] 
[INFO] [stdout] error: aborting due to 2 previous errors; 2 warnings emitted
[INFO] [stdout] 
[INFO] [stdout] 
[INFO] [stdout] Some errors have detailed explanations: E0554, E0603.
[INFO] [stdout] 
[INFO] [stdout] For more information about an error, try `rustc --explain E0554`.
[INFO] [stdout] 
[INFO] [stdout] error: aborting due to 2 previous errors; 2 warnings emitted
[INFO] [stdout] 
[INFO] [stdout] 
[INFO] [stdout] Some errors have detailed explanations: E0554, E0603.
[INFO] [stdout] 
[INFO] [stdout] For more information about an error, try `rustc --explain E0554`.
[INFO] [stdout] 
[INFO] [stderr] error: could not compile `uniprot` due to 3 previous errors; 2 warnings emitted
[INFO] [stderr] warning: build failed, waiting for other jobs to finish...
[INFO] [stderr] error: build failed
[INFO] running `Command { std: "docker" "inspect" "0ddea294d996ad8c5eec6d1500c81e0d400ec30eb086524e89b14c54772f9d96", kill_on_drop: false }`
[INFO] running `Command { std: "docker" "rm" "-f" "0ddea294d996ad8c5eec6d1500c81e0d400ec30eb086524e89b14c54772f9d96", kill_on_drop: false }`
[INFO] [stdout] 0ddea294d996ad8c5eec6d1500c81e0d400ec30eb086524e89b14c54772f9d96
