[INFO] fetching crate unicorn_hat_hd 0.2.1...
[INFO] checking unicorn_hat_hd-0.2.1 against beta-2021-10-15 for beta-1.56-3
[INFO] extracting crate unicorn_hat_hd 0.2.1 into /workspace/builds/worker-28/source
[INFO] validating manifest of crates.io crate unicorn_hat_hd 0.2.1 on toolchain beta-2021-10-15
[INFO] running `Command { std: "/workspace/cargo-home/bin/cargo" "+beta-2021-10-15" "metadata" "--manifest-path" "Cargo.toml" "--no-deps", kill_on_drop: false }`
[INFO] started tweaking crates.io crate unicorn_hat_hd 0.2.1
[INFO] finished tweaking crates.io crate unicorn_hat_hd 0.2.1
[INFO] tweaked toml for crates.io crate unicorn_hat_hd 0.2.1 written to /workspace/builds/worker-28/source/Cargo.toml
[INFO] running `Command { std: "/workspace/cargo-home/bin/cargo" "+beta-2021-10-15" "generate-lockfile" "--manifest-path" "Cargo.toml" "-Zno-index-update", kill_on_drop: false }`
[INFO] [stderr]     Blocking waiting for file lock on package cache
[INFO] running `Command { std: "/workspace/cargo-home/bin/cargo" "+beta-2021-10-15" "fetch" "--manifest-path" "Cargo.toml", kill_on_drop: false }`
[INFO] [stderr]     Blocking waiting for file lock on package cache
[INFO] [stderr]     Blocking waiting for file lock on package cache
[INFO] running `Command { std: "docker" "create" "-v" "/var/lib/crater-agent-workspace/builds/worker-28/target:/opt/rustwide/target:rw,Z" "-v" "/var/lib/crater-agent-workspace/builds/worker-28/source:/opt/rustwide/workdir:ro,Z" "-v" "/var/lib/crater-agent-workspace/cargo-home:/opt/rustwide/cargo-home:ro,Z" "-v" "/var/lib/crater-agent-workspace/rustup-home:/opt/rustwide/rustup-home:ro,Z" "-e" "SOURCE_DIR=/opt/rustwide/workdir" "-e" "CARGO_TARGET_DIR=/opt/rustwide/target" "-e" "CARGO_HOME=/opt/rustwide/cargo-home" "-e" "RUSTUP_HOME=/opt/rustwide/rustup-home" "-w" "/opt/rustwide/workdir" "-m" "1610612736" "--user" "0:0" "--network" "none" "ghcr.io/rust-lang/crates-build-env/linux@sha256:a89201d6b5b9fd45c15d5952ece0a0129e7e80cb26ec023fd59cf09bc26f1604" "/opt/rustwide/cargo-home/bin/cargo" "+beta-2021-10-15" "metadata" "--no-deps" "--format-version=1", kill_on_drop: false }`
[INFO] [stdout] e883894cea34b3ff8ebdf51aa860dac19356ecb9c659f37101c0f50548b809d5
[INFO] running `Command { std: "docker" "start" "-a" "e883894cea34b3ff8ebdf51aa860dac19356ecb9c659f37101c0f50548b809d5", kill_on_drop: false }`
[INFO] running `Command { std: "docker" "inspect" "e883894cea34b3ff8ebdf51aa860dac19356ecb9c659f37101c0f50548b809d5", kill_on_drop: false }`
[INFO] running `Command { std: "docker" "rm" "-f" "e883894cea34b3ff8ebdf51aa860dac19356ecb9c659f37101c0f50548b809d5", kill_on_drop: false }`
[INFO] [stdout] e883894cea34b3ff8ebdf51aa860dac19356ecb9c659f37101c0f50548b809d5
[INFO] running `Command { std: "docker" "create" "-v" "/var/lib/crater-agent-workspace/builds/worker-28/target:/opt/rustwide/target:rw,Z" "-v" "/var/lib/crater-agent-workspace/builds/worker-28/source:/opt/rustwide/workdir:ro,Z" "-v" "/var/lib/crater-agent-workspace/cargo-home:/opt/rustwide/cargo-home:ro,Z" "-v" "/var/lib/crater-agent-workspace/rustup-home:/opt/rustwide/rustup-home:ro,Z" "-e" "SOURCE_DIR=/opt/rustwide/workdir" "-e" "CARGO_TARGET_DIR=/opt/rustwide/target" "-e" "CARGO_INCREMENTAL=0" "-e" "RUST_BACKTRACE=full" "-e" "RUSTFLAGS=--cap-lints=warn" "-e" "CARGO_HOME=/opt/rustwide/cargo-home" "-e" "RUSTUP_HOME=/opt/rustwide/rustup-home" "-w" "/opt/rustwide/workdir" "-m" "1610612736" "--user" "0:0" "--network" "none" "ghcr.io/rust-lang/crates-build-env/linux@sha256:a89201d6b5b9fd45c15d5952ece0a0129e7e80cb26ec023fd59cf09bc26f1604" "/opt/rustwide/cargo-home/bin/cargo" "+beta-2021-10-15" "check" "--frozen" "--all" "--all-targets" "--message-format=json", kill_on_drop: false }`
[INFO] [stdout] 403fcb8ae2ccbb921faf3a257e5dee10db023d1f26a85718b941ba154d79926f
[INFO] running `Command { std: "docker" "start" "-a" "403fcb8ae2ccbb921faf3a257e5dee10db023d1f26a85718b941ba154d79926f", kill_on_drop: false }`
[INFO] [stderr]    Compiling semver v0.1.20
[INFO] [stderr]     Checking bitflags v0.4.0
[INFO] [stderr]     Checking void v1.0.2
[INFO] [stderr]     Checking bytemuck v1.7.2
[INFO] [stderr]     Checking bitflags v0.3.3
[INFO] [stderr]    Compiling syn v1.0.80
[INFO] [stderr]     Checking addr2line v0.16.0
[INFO] [stderr]    Compiling failure_derive v0.1.8
[INFO] [stderr]    Compiling backtrace v0.3.61
[INFO] [stderr]     Checking object v0.26.2
[INFO] [stderr]     Checking rgb v0.8.27
[INFO] [stderr]    Compiling rustc_version v0.1.7
[INFO] [stderr]    Compiling nix v0.6.0
[INFO] [stderr]    Compiling synstructure v0.12.6
[INFO] [stderr]     Checking spidev v0.3.0
[INFO] [stderr]     Checking failure v0.1.8
[INFO] [stderr]     Checking unicorn_hat_hd v0.2.1 (/opt/rustwide/workdir)
[INFO] [stdout] warning: use of deprecated macro `try`: use the `?` operator instead
[INFO] [stdout]   --> src/lib.rs:67:9
[INFO] [stdout]    |
[INFO] [stdout] 67 |         try!(spidev.configure(&options));
[INFO] [stdout]    |         ^^^
[INFO] [stdout]    |
[INFO] [stdout]    = note: `#[warn(deprecated)]` on by default
[INFO] [stdout] 
[INFO] [stdout] 
[INFO] [stdout] warning: use of deprecated macro `try`: use the `?` operator instead
[INFO] [stdout]   --> src/lib.rs:61:26
[INFO] [stdout]    |
[INFO] [stdout] 61 |         let mut spidev = try!(Spidev::open(spi_path));
[INFO] [stdout]    |                          ^^^
[INFO] [stdout] 
[INFO] [stdout] 
[INFO] [stdout] warning: use of deprecated macro `try`: use the `?` operator instead
[INFO] [stdout]   --> src/lib.rs:67:9
[INFO] [stdout]    |
[INFO] [stdout] 67 |         try!(spidev.configure(&options));
[INFO] [stdout]    |         ^^^
[INFO] [stdout]    |
[INFO] [stdout]    = note: `#[warn(deprecated)]` on by default
[INFO] [stdout] 
[INFO] [stdout] 
[INFO] [stdout] warning: use of deprecated macro `try`: use the `?` operator instead
[INFO] [stdout]   --> src/lib.rs:61:26
[INFO] [stdout]    |
[INFO] [stdout] 61 |         let mut spidev = try!(Spidev::open(spi_path));
[INFO] [stdout]    |                          ^^^
[INFO] [stdout] 
[INFO] [stdout] 
[INFO] [stdout] error[E0658]: use of unstable library feature 'array_methods'
[INFO] [stdout]    --> src/lib.rs:165:64
[INFO] [stdout]     |
[INFO] [stdout] 165 |             Rotate::RotNone => arr.extend_from_slice(self.leds.as_slice()),
[INFO] [stdout]     |                                                                ^^^^^^^^
[INFO] [stdout]     |
[INFO] [stdout]     = note: see issue #76118 <https://github.com/rust-lang/rust/issues/76118> for more information
[INFO] [stdout] 
[INFO] [stdout] 
[INFO] [stdout] error[E0658]: use of unstable library feature 'array_methods'
[INFO] [stdout]    --> src/lib.rs:165:64
[INFO] [stdout]     |
[INFO] [stdout] 165 |             Rotate::RotNone => arr.extend_from_slice(self.leds.as_slice()),
[INFO] [stdout]     |                                                                ^^^^^^^^
[INFO] [stdout]     |
[INFO] [stdout]     = note: see issue #76118 <https://github.com/rust-lang/rust/issues/76118> for more information
[INFO] [stdout] 
[INFO] [stdout] 
[INFO] [stdout] error[E0308]: mismatched types
[INFO] [stdout]    --> src/lib.rs:165:54
[INFO] [stdout]     |
[INFO] [stdout] 165 |             Rotate::RotNone => arr.extend_from_slice(self.leds.as_slice()),
[INFO] [stdout]     |                                                      ^^^^^^^^^^^^^^^^^^^^ expected `u8`, found struct `RGB`
[INFO] [stdout]     |
[INFO] [stdout]     = note: expected reference `&[u8]`
[INFO] [stdout]                found reference `&[RGB<u8>]`
[INFO] [stdout] 
[INFO] [stdout] 
[INFO] [stdout] error: aborting due to 2 previous errors; 2 warnings emitted
[INFO] [stdout] 
[INFO] [stdout] 
[INFO] [stdout] Some errors have detailed explanations: E0308, E0658.
[INFO] [stdout] 
[INFO] [stdout] For more information about an error, try `rustc --explain E0308`.
[INFO] [stdout] 
[INFO] [stdout] error[E0308]: mismatched types
[INFO] [stdout]    --> src/lib.rs:165:54
[INFO] [stdout]     |
[INFO] [stdout] 165 |             Rotate::RotNone => arr.extend_from_slice(self.leds.as_slice()),
[INFO] [stdout]     |                                                      ^^^^^^^^^^^^^^^^^^^^ expected `u8`, found struct `RGB`
[INFO] [stdout]     |
[INFO] [stdout]     = note: expected reference `&[u8]`
[INFO] [stdout]                found reference `&[RGB<u8>]`
[INFO] [stdout] 
[INFO] [stdout] 
[INFO] [stdout] error: aborting due to 2 previous errors; 2 warnings emitted
[INFO] [stdout] 
[INFO] [stdout] 
[INFO] [stderr] error: could not compile `unicorn_hat_hd` due to 3 previous errors; 2 warnings emitted
[INFO] [stderr] warning: build failed, waiting for other jobs to finish...
[INFO] [stdout] Some errors have detailed explanations: E0308, E0658.
[INFO] [stdout] 
[INFO] [stdout] For more information about an error, try `rustc --explain E0308`.
[INFO] [stdout] 
[INFO] [stderr] error: build failed
[INFO] running `Command { std: "docker" "inspect" "403fcb8ae2ccbb921faf3a257e5dee10db023d1f26a85718b941ba154d79926f", kill_on_drop: false }`
[INFO] running `Command { std: "docker" "rm" "-f" "403fcb8ae2ccbb921faf3a257e5dee10db023d1f26a85718b941ba154d79926f", kill_on_drop: false }`
[INFO] [stdout] 403fcb8ae2ccbb921faf3a257e5dee10db023d1f26a85718b941ba154d79926f
