[INFO] fetching crate uni_localservice 0.0.3...
[INFO] checking uni_localservice-0.0.3 against 1.55.0 for beta-1.56-3
[INFO] extracting crate uni_localservice 0.0.3 into /workspace/builds/worker-45/source
[INFO] validating manifest of crates.io crate uni_localservice 0.0.3 on toolchain 1.55.0
[INFO] running `Command { std: "/workspace/cargo-home/bin/cargo" "+1.55.0" "metadata" "--manifest-path" "Cargo.toml" "--no-deps", kill_on_drop: false }`
[INFO] started tweaking crates.io crate uni_localservice 0.0.3
[INFO] finished tweaking crates.io crate uni_localservice 0.0.3
[INFO] tweaked toml for crates.io crate uni_localservice 0.0.3 written to /workspace/builds/worker-45/source/Cargo.toml
[INFO] running `Command { std: "/workspace/cargo-home/bin/cargo" "+1.55.0" "generate-lockfile" "--manifest-path" "Cargo.toml" "-Zno-index-update", kill_on_drop: false }`
[INFO] [stderr]     Blocking waiting for file lock on package cache
[INFO] running `Command { std: "/workspace/cargo-home/bin/cargo" "+1.55.0" "fetch" "--manifest-path" "Cargo.toml", kill_on_drop: false }`
[INFO] [stderr]     Blocking waiting for file lock on package cache
[INFO] [stderr]     Blocking waiting for file lock on package cache
[INFO] [stderr]  Downloading crates ...
[INFO] [stderr]   Downloaded async-session v2.0.1
[INFO] [stderr]   Downloaded async-sse v4.1.0
[INFO] [stderr]   Downloaded route-recognizer v0.2.0
[INFO] [stderr]   Downloaded femme v2.1.1
[INFO] [stderr]   Downloaded tide v0.14.0
[INFO] [stderr]   Downloaded uni_localservice_macro v0.0.2
[INFO] running `Command { std: "docker" "create" "-v" "/var/lib/crater-agent-workspace/builds/worker-45/target:/opt/rustwide/target:rw,Z" "-v" "/var/lib/crater-agent-workspace/builds/worker-45/source:/opt/rustwide/workdir:ro,Z" "-v" "/var/lib/crater-agent-workspace/cargo-home:/opt/rustwide/cargo-home:ro,Z" "-v" "/var/lib/crater-agent-workspace/rustup-home:/opt/rustwide/rustup-home:ro,Z" "-e" "SOURCE_DIR=/opt/rustwide/workdir" "-e" "CARGO_TARGET_DIR=/opt/rustwide/target" "-e" "CARGO_HOME=/opt/rustwide/cargo-home" "-e" "RUSTUP_HOME=/opt/rustwide/rustup-home" "-w" "/opt/rustwide/workdir" "-m" "1610612736" "--user" "0:0" "--network" "none" "ghcr.io/rust-lang/crates-build-env/linux@sha256:a89201d6b5b9fd45c15d5952ece0a0129e7e80cb26ec023fd59cf09bc26f1604" "/opt/rustwide/cargo-home/bin/cargo" "+1.55.0" "metadata" "--no-deps" "--format-version=1", kill_on_drop: false }`
[INFO] [stdout] ac85a7a604283440e53ce410b4e7deff96bb5698e276a397a0b3176cc5884585
[INFO] running `Command { std: "docker" "start" "-a" "ac85a7a604283440e53ce410b4e7deff96bb5698e276a397a0b3176cc5884585", kill_on_drop: false }`
[INFO] running `Command { std: "docker" "inspect" "ac85a7a604283440e53ce410b4e7deff96bb5698e276a397a0b3176cc5884585", kill_on_drop: false }`
[INFO] running `Command { std: "docker" "rm" "-f" "ac85a7a604283440e53ce410b4e7deff96bb5698e276a397a0b3176cc5884585", kill_on_drop: false }`
[INFO] [stdout] ac85a7a604283440e53ce410b4e7deff96bb5698e276a397a0b3176cc5884585
[INFO] running `Command { std: "docker" "create" "-v" "/var/lib/crater-agent-workspace/builds/worker-45/target:/opt/rustwide/target:rw,Z" "-v" "/var/lib/crater-agent-workspace/builds/worker-45/source:/opt/rustwide/workdir:ro,Z" "-v" "/var/lib/crater-agent-workspace/cargo-home:/opt/rustwide/cargo-home:ro,Z" "-v" "/var/lib/crater-agent-workspace/rustup-home:/opt/rustwide/rustup-home:ro,Z" "-e" "SOURCE_DIR=/opt/rustwide/workdir" "-e" "CARGO_TARGET_DIR=/opt/rustwide/target" "-e" "CARGO_INCREMENTAL=0" "-e" "RUST_BACKTRACE=full" "-e" "RUSTFLAGS=--cap-lints=warn" "-e" "CARGO_HOME=/opt/rustwide/cargo-home" "-e" "RUSTUP_HOME=/opt/rustwide/rustup-home" "-w" "/opt/rustwide/workdir" "-m" "1610612736" "--user" "0:0" "--network" "none" "ghcr.io/rust-lang/crates-build-env/linux@sha256:a89201d6b5b9fd45c15d5952ece0a0129e7e80cb26ec023fd59cf09bc26f1604" "/opt/rustwide/cargo-home/bin/cargo" "+1.55.0" "check" "--frozen" "--all" "--all-targets" "--message-format=json", kill_on_drop: false }`
[INFO] [stdout] 0f14f43903fd87abf5606a69d06691e078e691d4413ed06346f79f3878482f91
[INFO] running `Command { std: "docker" "start" "-a" "0f14f43903fd87abf5606a69d06691e078e691d4413ed06346f79f3878482f91", kill_on_drop: false }`
[INFO] [stderr]     Blocking waiting for file lock on package cache
[INFO] [stderr]    Compiling version_check v0.9.3
[INFO] [stderr]    Compiling proc-macro2 v1.0.30
[INFO] [stderr]    Compiling libc v0.2.104
[INFO] [stderr]    Compiling typenum v1.14.0
[INFO] [stderr]    Compiling futures-core v0.3.17
[INFO] [stderr]    Compiling log v0.4.14
[INFO] [stderr]     Checking futures-io v0.3.17
[INFO] [stderr]     Checking subtle v2.4.1
[INFO] [stderr]    Compiling serde v1.0.130
[INFO] [stderr]     Checking event-listener v2.5.1
[INFO] [stderr]     Checking cache-padded v1.1.1
[INFO] [stderr]     Checking waker-fn v1.1.0
[INFO] [stderr]     Checking parking v2.0.0
[INFO] [stderr]     Checking opaque-debug v0.3.0
[INFO] [stderr]     Checking fastrand v1.5.0
[INFO] [stderr]    Compiling getrandom v0.1.16
[INFO] [stderr]     Checking once_cell v1.8.0
[INFO] [stderr]    Compiling signal-hook v0.3.10
[INFO] [stderr]     Checking async-task v4.0.3
[INFO] [stderr]     Checking cpuid-bool v0.2.0
[INFO] [stderr]     Checking atomic-waker v1.0.0
[INFO] [stderr]    Compiling const_fn v0.4.8
[INFO] [stderr]     Checking cpufeatures v0.2.1
[INFO] [stderr]    Compiling anyhow v1.0.44
[INFO] [stderr]    Compiling http-types v2.12.0
[INFO] [stderr]    Compiling futures-channel v0.3.17
[INFO] [stderr]     Checking base64 v0.13.0
[INFO] [stderr]    Compiling async-trait v0.1.51
[INFO] [stderr]     Checking infer v0.2.3
[INFO] [stderr]    Compiling crossbeam-queue v0.3.2
[INFO] [stderr]    Compiling httparse v1.5.1
[INFO] [stderr]     Checking arrayref v0.3.6
[INFO] [stderr]     Checking constant_time_eq v0.1.5
[INFO] [stderr]     Checking stable_deref_trait v1.2.0
[INFO] [stderr]     Checking arrayvec v0.5.2
[INFO] [stderr]     Checking pin-project-lite v0.1.12
[INFO] [stderr]     Checking base64 v0.12.3
[INFO] [stderr]     Checking route-recognizer v0.2.0
[INFO] [stderr]    Compiling futures-util v0.3.17
[INFO] [stderr]    Compiling blake3 v0.3.8
[INFO] [stderr]     Checking concurrent-queue v1.2.2
[INFO] [stderr]     Checking async-mutex v1.4.0
[INFO] [stderr]     Checking async-lock v2.4.0
[INFO] [stderr]     Checking simple-mutex v1.1.5
[INFO] [stderr]    Compiling generic-array v0.14.4
[INFO] [stderr]    Compiling value-bag v1.0.0-alpha.7
[INFO] [stderr]    Compiling standback v0.2.17
[INFO] [stderr]    Compiling time v0.2.27
[INFO] [stderr]    Compiling cookie v0.14.4
[INFO] [stderr]     Checking async-dup v1.2.2
[INFO] [stderr]     Checking byte-pool v0.2.3
[INFO] [stderr]     Checking futures-lite v1.12.0
[INFO] [stderr]     Checking async-channel v1.6.1
[INFO] [stderr]     Checking socket2 v0.4.2
[INFO] [stderr]     Checking getrandom v0.2.3
[INFO] [stderr]     Checking signal-hook-registry v1.4.0
[INFO] [stderr]     Checking num_cpus v1.13.0
[INFO] [stderr]     Checking time v0.1.44
[INFO] [stderr]     Checking dashmap v4.0.2
[INFO] [stderr]     Checking rand_core v0.6.3
[INFO] [stderr]     Checking blocking v1.0.2
[INFO] [stderr]     Checking async-executor v1.4.1
[INFO] [stderr]    Compiling quote v1.0.10
[INFO] [stderr]     Checking rand_core v0.5.1
[INFO] [stderr]     Checking rand_chacha v0.3.1
[INFO] [stderr]    Compiling syn v1.0.80
[INFO] [stderr]     Checking rand_chacha v0.2.2
[INFO] [stderr]     Checking rand v0.7.3
[INFO] [stderr]     Checking rand v0.8.4
[INFO] [stderr]     Checking digest v0.9.0
[INFO] [stderr]     Checking cipher v0.2.5
[INFO] [stderr]     Checking universal-hash v0.4.1
[INFO] [stderr]     Checking crypto-mac v0.10.1
[INFO] [stderr]     Checking block-buffer v0.9.0
[INFO] [stderr]     Checking aead v0.3.2
[INFO] [stderr]     Checking crypto-mac v0.8.0
[INFO] [stderr]     Checking polyval v0.4.5
[INFO] [stderr]     Checking hmac v0.10.1
[INFO] [stderr]     Checking hmac v0.8.1
[INFO] [stderr]     Checking sha2 v0.9.8
[INFO] [stderr]     Checking aes-soft v0.6.4
[INFO] [stderr]     Checking ctr v0.6.0
[INFO] [stderr]     Checking hkdf v0.10.0
[INFO] [stderr]     Checking ghash v0.3.1
[INFO] [stderr]     Checking aes v0.6.0
[INFO] [stderr]     Checking aes-gcm v0.8.0
[INFO] [stderr]    Compiling ctor v0.1.21
[INFO] [stderr]    Compiling serde_derive v1.0.130
[INFO] [stderr]    Compiling thiserror-impl v1.0.30
[INFO] [stderr]    Compiling time-macros-impl v0.1.2
[INFO] [stderr]    Compiling futures-macro v0.3.17
[INFO] [stderr]    Compiling pin-project-internal v1.0.8
[INFO] [stderr]    Compiling uni_components_macro v0.0.7
[INFO] [stderr]    Compiling uni_localservice_macro v0.0.2
[INFO] [stderr]     Checking polling v2.1.0
[INFO] [stderr]     Checking kv-log-macro v1.0.7
[INFO] [stderr]     Checking uniui_core v0.0.4
[INFO] [stderr]     Checking time-macros v0.1.1
[INFO] [stderr]     Checking async-io v1.6.0
[INFO] [stderr]     Checking thiserror v1.0.30
[INFO] [stderr]     Checking pin-project v1.0.8
[INFO] [stderr]     Checking async-process v1.2.0
[INFO] [stderr]     Checking async-global-executor v2.0.2
[INFO] [stderr]     Checking async-std v1.10.0
[INFO] [stderr]     Checking futures-executor v0.3.17
[INFO] [stderr]     Checking futures v0.3.17
[INFO] [stderr]     Checking serde_json v1.0.68
[INFO] [stderr]     Checking url v2.2.2
[INFO] [stderr]     Checking serde_urlencoded v0.7.0
[INFO] [stderr]     Checking serde_qs v0.8.5
[INFO] [stderr]     Checking chrono v0.4.19
[INFO] [stderr]     Checking bincode v1.3.3
[INFO] [stderr]     Checking femme v2.1.1
[INFO] [stderr]     Checking uni_net v0.0.5
[INFO] [stderr]     Checking uni_components v0.0.9
[INFO] [stderr]     Checking async-session v2.0.1
[INFO] [stderr]     Checking async-sse v4.1.0
[INFO] [stderr]     Checking async-h1 v2.3.2
[INFO] [stderr]     Checking http-client v6.5.1
[INFO] [stderr]     Checking tide v0.14.0
[INFO] [stdout] error[E0277]: the trait bound `std::string::String: ToValue` is not satisfied
[INFO] [stdout]   --> /opt/rustwide/cargo-home/registry/src/github.com-1ecc6299db9ec823/tide-0.14.0/src/log/middleware.rs:43:9
[INFO] [stdout]    |
[INFO] [stdout] 43 | /         log::info!("<-- Request received", {
[INFO] [stdout] 44 | |             method: method,
[INFO] [stdout] 45 | |             path: path,
[INFO] [stdout] 46 | |         });
[INFO] [stdout]    | |___________^ the trait `ToValue` is not implemented for `std::string::String`
[INFO] [stdout]    |
[INFO] [stdout]    = note: required for the cast to the object type `dyn ToValue`
[INFO] [stdout]    = note: this error originates in the macro `$crate::log_impl` (in Nightly builds, run with -Z macro-backtrace for more info)
[INFO] [stdout] 
[INFO] [stdout] 
[INFO] [stdout] error[E0277]: the trait bound `std::string::String: ToValue` is not satisfied
[INFO] [stdout]   --> /opt/rustwide/cargo-home/registry/src/github.com-1ecc6299db9ec823/tide-0.14.0/src/log/middleware.rs:52:17
[INFO] [stdout]    |
[INFO] [stdout] 52 | /                 log::error!("Internal error --> Response sent", {
[INFO] [stdout] 53 | |                     message: format!("{:?}", error),
[INFO] [stdout] 54 | |                     error_type: error.type_name(),
[INFO] [stdout] 55 | |                     method: method,
[INFO] [stdout] ...  |
[INFO] [stdout] 58 | |                     duration: format!("{:?}", start.elapsed()),
[INFO] [stdout] 59 | |                 });
[INFO] [stdout]    | |___________________^ the trait `ToValue` is not implemented for `std::string::String`
[INFO] [stdout]    |
[INFO] [stdout]    = note: required for the cast to the object type `dyn ToValue`
[INFO] [stdout]    = note: this error originates in the macro `$crate::log_impl` (in Nightly builds, run with -Z macro-backtrace for more info)
[INFO] [stdout] 
[INFO] [stdout] 
[INFO] [stdout] error[E0277]: the trait bound `std::string::String: ToValue` is not satisfied
[INFO] [stdout]   --> /opt/rustwide/cargo-home/registry/src/github.com-1ecc6299db9ec823/tide-0.14.0/src/log/middleware.rs:61:17
[INFO] [stdout]    |
[INFO] [stdout] 61 | /                 log::error!("Internal error --> Response sent", {
[INFO] [stdout] 62 | |                     method: method,
[INFO] [stdout] 63 | |                     path: path,
[INFO] [stdout] 64 | |                     status: format!("{} - {}", status as u16, status.canonical_reason()),
[INFO] [stdout] 65 | |                     duration: format!("{:?}", start.elapsed()),
[INFO] [stdout] 66 | |                 });
[INFO] [stdout]    | |___________________^ the trait `ToValue` is not implemented for `std::string::String`
[INFO] [stdout]    |
[INFO] [stdout]    = note: required for the cast to the object type `dyn ToValue`
[INFO] [stdout]    = note: this error originates in the macro `$crate::log_impl` (in Nightly builds, run with -Z macro-backtrace for more info)
[INFO] [stdout] 
[INFO] [stdout] 
[INFO] [stdout] error[E0277]: the trait bound `std::string::String: ToValue` is not satisfied
[INFO] [stdout]   --> /opt/rustwide/cargo-home/registry/src/github.com-1ecc6299db9ec823/tide-0.14.0/src/log/middleware.rs:70:17
[INFO] [stdout]    |
[INFO] [stdout] 70 | /                 log::warn!("Client error --> Response sent", {
[INFO] [stdout] 71 | |                     message: format!("{:?}", error),
[INFO] [stdout] 72 | |                     error_type: error.type_name(),
[INFO] [stdout] 73 | |                     method: method,
[INFO] [stdout] ...  |
[INFO] [stdout] 76 | |                     duration: format!("{:?}", start.elapsed()),
[INFO] [stdout] 77 | |                 });
[INFO] [stdout]    | |___________________^ the trait `ToValue` is not implemented for `std::string::String`
[INFO] [stdout]    |
[INFO] [stdout]    = note: required for the cast to the object type `dyn ToValue`
[INFO] [stdout]    = note: this error originates in the macro `$crate::log_impl` (in Nightly builds, run with -Z macro-backtrace for more info)
[INFO] [stdout] 
[INFO] [stdout] 
[INFO] [stdout] error[E0277]: the trait bound `std::string::String: ToValue` is not satisfied
[INFO] [stdout]   --> /opt/rustwide/cargo-home/registry/src/github.com-1ecc6299db9ec823/tide-0.14.0/src/log/middleware.rs:79:17
[INFO] [stdout]    |
[INFO] [stdout] 79 | /                 log::warn!("Client error --> Response sent", {
[INFO] [stdout] 80 | |                     method: method,
[INFO] [stdout] 81 | |                     path: path,
[INFO] [stdout] 82 | |                     status: format!("{} - {}", status as u16, status.canonical_reason()),
[INFO] [stdout] 83 | |                     duration: format!("{:?}", start.elapsed()),
[INFO] [stdout] 84 | |                 });
[INFO] [stdout]    | |___________________^ the trait `ToValue` is not implemented for `std::string::String`
[INFO] [stdout]    |
[INFO] [stdout]    = note: required for the cast to the object type `dyn ToValue`
[INFO] [stdout]    = note: this error originates in the macro `$crate::log_impl` (in Nightly builds, run with -Z macro-backtrace for more info)
[INFO] [stdout] 
[INFO] [stdout] 
[INFO] [stdout] error[E0277]: the trait bound `std::string::String: ToValue` is not satisfied
[INFO] [stdout]   --> /opt/rustwide/cargo-home/registry/src/github.com-1ecc6299db9ec823/tide-0.14.0/src/log/middleware.rs:87:13
[INFO] [stdout]    |
[INFO] [stdout] 87 | /             log::info!("--> Response sent", {
[INFO] [stdout] 88 | |                 method: method,
[INFO] [stdout] 89 | |                 path: path,
[INFO] [stdout] 90 | |                 status: format!("{} - {}", status as u16, status.canonical_reason()),
[INFO] [stdout] 91 | |                 duration: format!("{:?}", start.elapsed()),
[INFO] [stdout] 92 | |             });
[INFO] [stdout]    | |_______________^ the trait `ToValue` is not implemented for `std::string::String`
[INFO] [stdout]    |
[INFO] [stdout]    = note: required for the cast to the object type `dyn ToValue`
[INFO] [stdout]    = note: this error originates in the macro `$crate::log_impl` (in Nightly builds, run with -Z macro-backtrace for more info)
[INFO] [stdout] 
[INFO] [stdout] 
[INFO] [stdout] error[E0277]: the trait bound `std::string::String: ToValue` is not satisfied
[INFO] [stdout]   --> /opt/rustwide/cargo-home/registry/src/github.com-1ecc6299db9ec823/tide-0.14.0/src/listener/failover_listener.rs:90:21
[INFO] [stdout]    |
[INFO] [stdout] 90 | /                     crate::log::info!("unable to listen", {
[INFO] [stdout] 91 | |                         listener: listener.to_string(),
[INFO] [stdout] 92 | |                         error: e.to_string()
[INFO] [stdout] 93 | |                     });
[INFO] [stdout]    | |_______________________^ the trait `ToValue` is not implemented for `std::string::String`
[INFO] [stdout]    |
[INFO] [stdout]    = note: required for the cast to the object type `dyn ToValue`
[INFO] [stdout]    = note: this error originates in the macro `$crate::log_impl` (in Nightly builds, run with -Z macro-backtrace for more info)
[INFO] [stdout] 
[INFO] [stdout] 
[INFO] [stdout] error[E0277]: the trait bound `std::string::String: ToValue` is not satisfied
[INFO] [stdout]   --> /opt/rustwide/cargo-home/registry/src/github.com-1ecc6299db9ec823/tide-0.14.0/src/listener/tcp_listener.rs:66:13
[INFO] [stdout]    |
[INFO] [stdout] 66 |             log::error!("async-h1 error", { error: error.to_string() });
[INFO] [stdout]    |             ^^^^^^^^^^^^^^^^^^^^^^^^^^^^^^^^^^^^^^^^^^^^^^^^^^^^^^^^^^^^ the trait `ToValue` is not implemented for `std::string::String`
[INFO] [stdout]    |
[INFO] [stdout]    = note: required for the cast to the object type `dyn ToValue`
[INFO] [stdout]    = note: this error originates in the macro `$crate::log_impl` (in Nightly builds, run with -Z macro-backtrace for more info)
[INFO] [stdout] 
[INFO] [stdout] 
[INFO] [stdout] error[E0277]: the trait bound `std::string::String: ToValue` is not satisfied
[INFO] [stdout]   --> /opt/rustwide/cargo-home/registry/src/github.com-1ecc6299db9ec823/tide-0.14.0/src/listener/unix_listener.rs:79:13
[INFO] [stdout]    |
[INFO] [stdout] 79 |             log::error!("async-h1 error", { error: error.to_string() });
[INFO] [stdout]    |             ^^^^^^^^^^^^^^^^^^^^^^^^^^^^^^^^^^^^^^^^^^^^^^^^^^^^^^^^^^^^ the trait `ToValue` is not implemented for `std::string::String`
[INFO] [stdout]    |
[INFO] [stdout]    = note: required for the cast to the object type `dyn ToValue`
[INFO] [stdout]    = note: this error originates in the macro `$crate::log_impl` (in Nightly builds, run with -Z macro-backtrace for more info)
[INFO] [stdout] 
[INFO] [stdout] 
[INFO] [stdout] error[E0277]: the trait bound `std::string::String: ToValue` is not satisfied
[INFO] [stdout]   --> /opt/rustwide/cargo-home/registry/src/github.com-1ecc6299db9ec823/tide-0.14.0/src/log/mod.rs:40:5
[INFO] [stdout]    |
[INFO] [stdout] 40 |     crate::log::info!("Logger started", { level: format!("{}", level) });
[INFO] [stdout]    |     ^^^^^^^^^^^^^^^^^^^^^^^^^^^^^^^^^^^^^^^^^^^^^^^^^^^^^^^^^^^^^^^^^^^^^ the trait `ToValue` is not implemented for `std::string::String`
[INFO] [stdout]    |
[INFO] [stdout]    = note: required for the cast to the object type `dyn ToValue`
[INFO] [stdout]    = note: this error originates in the macro `$crate::log_impl` (in Nightly builds, run with -Z macro-backtrace for more info)
[INFO] [stdout] 
[INFO] [stdout] 
[INFO] [stdout] error[E0277]: the trait bound `std::string::String: ToValue` is not satisfied
[INFO] [stdout]   --> /opt/rustwide/cargo-home/registry/src/github.com-1ecc6299db9ec823/tide-0.14.0/src/sessions/middleware.rs:99:17
[INFO] [stdout]    |
[INFO] [stdout] 99 |                 crate::log::error!("unable to destroy session", { error: e.to_string() });
[INFO] [stdout]    |                 ^^^^^^^^^^^^^^^^^^^^^^^^^^^^^^^^^^^^^^^^^^^^^^^^^^^^^^^^^^^^^^^^^^^^^^^^^^ the trait `ToValue` is not implemented for `std::string::String`
[INFO] [stdout]    |
[INFO] [stdout]    = note: required for the cast to the object type `dyn ToValue`
[INFO] [stdout]    = note: this error originates in the macro `$crate::log_impl` (in Nightly builds, run with -Z macro-backtrace for more info)
[INFO] [stdout] 
[INFO] [stdout] 
[INFO] [stdout] error: aborting due to 11 previous errors
[INFO] [stdout] 
[INFO] [stdout] 
[INFO] [stdout] For more information about this error, try `rustc --explain E0277`.
[INFO] [stdout] 
[INFO] [stderr] error: could not compile `tide` due to 12 previous errors
[INFO] running `Command { std: "docker" "inspect" "0f14f43903fd87abf5606a69d06691e078e691d4413ed06346f79f3878482f91", kill_on_drop: false }`
[INFO] running `Command { std: "docker" "rm" "-f" "0f14f43903fd87abf5606a69d06691e078e691d4413ed06346f79f3878482f91", kill_on_drop: false }`
[INFO] [stdout] 0f14f43903fd87abf5606a69d06691e078e691d4413ed06346f79f3878482f91
