[INFO] fetching crate uints 0.7.0...
[INFO] checking uints-0.7.0 against beta-2021-10-15 for beta-1.56-3
[INFO] extracting crate uints 0.7.0 into /workspace/builds/worker-4/source
[INFO] validating manifest of crates.io crate uints 0.7.0 on toolchain beta-2021-10-15
[INFO] running `Command { std: "/workspace/cargo-home/bin/cargo" "+beta-2021-10-15" "metadata" "--manifest-path" "Cargo.toml" "--no-deps", kill_on_drop: false }`
[INFO] started tweaking crates.io crate uints 0.7.0
[INFO] finished tweaking crates.io crate uints 0.7.0
[INFO] tweaked toml for crates.io crate uints 0.7.0 written to /workspace/builds/worker-4/source/Cargo.toml
[INFO] running `Command { std: "/workspace/cargo-home/bin/cargo" "+beta-2021-10-15" "generate-lockfile" "--manifest-path" "Cargo.toml" "-Zno-index-update", kill_on_drop: false }`
[INFO] running `Command { std: "/workspace/cargo-home/bin/cargo" "+beta-2021-10-15" "fetch" "--manifest-path" "Cargo.toml", kill_on_drop: false }`
[INFO] [stderr]     Blocking waiting for file lock on package cache
[INFO] [stderr]  Downloading crates ...
[INFO] [stderr]   Downloaded fixed-array v0.2.0
[INFO] running `Command { std: "docker" "create" "-v" "/var/lib/crater-agent-workspace/builds/worker-4/target:/opt/rustwide/target:rw,Z" "-v" "/var/lib/crater-agent-workspace/builds/worker-4/source:/opt/rustwide/workdir:ro,Z" "-v" "/var/lib/crater-agent-workspace/cargo-home:/opt/rustwide/cargo-home:ro,Z" "-v" "/var/lib/crater-agent-workspace/rustup-home:/opt/rustwide/rustup-home:ro,Z" "-e" "SOURCE_DIR=/opt/rustwide/workdir" "-e" "CARGO_TARGET_DIR=/opt/rustwide/target" "-e" "CARGO_HOME=/opt/rustwide/cargo-home" "-e" "RUSTUP_HOME=/opt/rustwide/rustup-home" "-w" "/opt/rustwide/workdir" "-m" "1610612736" "--user" "0:0" "--network" "none" "ghcr.io/rust-lang/crates-build-env/linux@sha256:a89201d6b5b9fd45c15d5952ece0a0129e7e80cb26ec023fd59cf09bc26f1604" "/opt/rustwide/cargo-home/bin/cargo" "+beta-2021-10-15" "metadata" "--no-deps" "--format-version=1", kill_on_drop: false }`
[INFO] [stdout] f262c4a6f15a6de5bdcde0b528d718ff0d968f47c2b95ae515687ca711f48763
[INFO] [stderr] WARNING: Your kernel does not support swap limit capabilities or the cgroup is not mounted. Memory limited without swap.
[INFO] running `Command { std: "docker" "start" "-a" "f262c4a6f15a6de5bdcde0b528d718ff0d968f47c2b95ae515687ca711f48763", kill_on_drop: false }`
[INFO] running `Command { std: "docker" "inspect" "f262c4a6f15a6de5bdcde0b528d718ff0d968f47c2b95ae515687ca711f48763", kill_on_drop: false }`
[INFO] running `Command { std: "docker" "rm" "-f" "f262c4a6f15a6de5bdcde0b528d718ff0d968f47c2b95ae515687ca711f48763", kill_on_drop: false }`
[INFO] [stdout] f262c4a6f15a6de5bdcde0b528d718ff0d968f47c2b95ae515687ca711f48763
[INFO] running `Command { std: "docker" "create" "-v" "/var/lib/crater-agent-workspace/builds/worker-4/target:/opt/rustwide/target:rw,Z" "-v" "/var/lib/crater-agent-workspace/builds/worker-4/source:/opt/rustwide/workdir:ro,Z" "-v" "/var/lib/crater-agent-workspace/cargo-home:/opt/rustwide/cargo-home:ro,Z" "-v" "/var/lib/crater-agent-workspace/rustup-home:/opt/rustwide/rustup-home:ro,Z" "-e" "SOURCE_DIR=/opt/rustwide/workdir" "-e" "CARGO_TARGET_DIR=/opt/rustwide/target" "-e" "CARGO_INCREMENTAL=0" "-e" "RUST_BACKTRACE=full" "-e" "RUSTFLAGS=--cap-lints=warn" "-e" "CARGO_HOME=/opt/rustwide/cargo-home" "-e" "RUSTUP_HOME=/opt/rustwide/rustup-home" "-w" "/opt/rustwide/workdir" "-m" "1610612736" "--user" "0:0" "--network" "none" "ghcr.io/rust-lang/crates-build-env/linux@sha256:a89201d6b5b9fd45c15d5952ece0a0129e7e80cb26ec023fd59cf09bc26f1604" "/opt/rustwide/cargo-home/bin/cargo" "+beta-2021-10-15" "check" "--frozen" "--all" "--all-targets" "--message-format=json", kill_on_drop: false }`
[INFO] [stdout] 548f732020dcc340c146647ade0b55bf6f08c326578f53ada9a63a46c371c994
[INFO] [stderr] WARNING: Your kernel does not support swap limit capabilities or the cgroup is not mounted. Memory limited without swap.
[INFO] running `Command { std: "docker" "start" "-a" "548f732020dcc340c146647ade0b55bf6f08c326578f53ada9a63a46c371c994", kill_on_drop: false }`
[INFO] [stderr]     Checking fixed-array v0.2.0
[INFO] [stderr]     Checking uints v0.7.0 (/opt/rustwide/workdir)
[INFO] [stdout] error[E0658]: use of unstable library feature 'int_log'
[INFO] [stdout]    --> src/lib.rs:293:25
[INFO] [stdout]     |
[INFO] [stdout] 293 |         assert_eq!(1u32.log2(), 0);
[INFO] [stdout]     |                         ^^^^
[INFO] [stdout]     |
[INFO] [stdout]     = note: see issue #70887 <https://github.com/rust-lang/rust/issues/70887> for more information
[INFO] [stdout] 
[INFO] [stdout] 
[INFO] [stdout] error[E0658]: use of unstable library feature 'int_log'
[INFO] [stdout]    --> src/lib.rs:294:25
[INFO] [stdout]     |
[INFO] [stdout] 294 |         assert_eq!(2u32.log2(), 1);
[INFO] [stdout]     |                         ^^^^
[INFO] [stdout]     |
[INFO] [stdout]     = note: see issue #70887 <https://github.com/rust-lang/rust/issues/70887> for more information
[INFO] [stdout] 
[INFO] [stdout] 
[INFO] [stdout] error[E0658]: use of unstable library feature 'int_log'
[INFO] [stdout]    --> src/lib.rs:295:25
[INFO] [stdout]     |
[INFO] [stdout] 295 |         assert_eq!(3u32.log2(), 1);
[INFO] [stdout]     |                         ^^^^
[INFO] [stdout]     |
[INFO] [stdout]     = note: see issue #70887 <https://github.com/rust-lang/rust/issues/70887> for more information
[INFO] [stdout] 
[INFO] [stdout] 
[INFO] [stdout] error[E0658]: use of unstable library feature 'int_log'
[INFO] [stdout]    --> src/lib.rs:296:25
[INFO] [stdout]     |
[INFO] [stdout] 296 |         assert_eq!(4u32.log2(), 2);
[INFO] [stdout]     |                         ^^^^
[INFO] [stdout]     |
[INFO] [stdout]     = note: see issue #70887 <https://github.com/rust-lang/rust/issues/70887> for more information
[INFO] [stdout] 
[INFO] [stdout] 
[INFO] [stdout] warning: unused import: `super`
[INFO] [stdout]    --> src/lib.rs:290:9
[INFO] [stdout]     |
[INFO] [stdout] 290 |     use super::*;
[INFO] [stdout]     |         ^^^^^
[INFO] [stdout]     |
[INFO] [stdout]     = note: `#[warn(unused_imports)]` on by default
[INFO] [stdout] 
[INFO] [stdout] 
[INFO] [stdout] error: aborting due to 4 previous errors; 1 warning emitted
[INFO] [stdout] 
[INFO] [stdout] 
[INFO] [stdout] For more information about this error, try `rustc --explain E0658`.
[INFO] [stdout] 
[INFO] [stderr] error: could not compile `uints` due to 5 previous errors; 1 warning emitted
[INFO] running `Command { std: "docker" "inspect" "548f732020dcc340c146647ade0b55bf6f08c326578f53ada9a63a46c371c994", kill_on_drop: false }`
[INFO] running `Command { std: "docker" "rm" "-f" "548f732020dcc340c146647ade0b55bf6f08c326578f53ada9a63a46c371c994", kill_on_drop: false }`
[INFO] [stdout] 548f732020dcc340c146647ade0b55bf6f08c326578f53ada9a63a46c371c994
