[INFO] fetching crate ublox-short-range-rs 0.1.1...
[INFO] checking ublox-short-range-rs-0.1.1 against 1.55.0 for beta-1.56-3
[INFO] extracting crate ublox-short-range-rs 0.1.1 into /workspace/builds/worker-12/source
[INFO] validating manifest of crates.io crate ublox-short-range-rs 0.1.1 on toolchain 1.55.0
[INFO] running `Command { std: "/workspace/cargo-home/bin/cargo" "+1.55.0" "metadata" "--manifest-path" "Cargo.toml" "--no-deps", kill_on_drop: false }`
[INFO] started tweaking crates.io crate ublox-short-range-rs 0.1.1
[INFO] finished tweaking crates.io crate ublox-short-range-rs 0.1.1
[INFO] tweaked toml for crates.io crate ublox-short-range-rs 0.1.1 written to /workspace/builds/worker-12/source/Cargo.toml
[INFO] running `Command { std: "/workspace/cargo-home/bin/cargo" "+1.55.0" "generate-lockfile" "--manifest-path" "Cargo.toml" "-Zno-index-update", kill_on_drop: false }`
[INFO] running `Command { std: "/workspace/cargo-home/bin/cargo" "+1.55.0" "fetch" "--manifest-path" "Cargo.toml", kill_on_drop: false }`
[INFO] [stderr]  Downloading crates ...
[INFO] [stderr]   Downloaded defmt-parser v0.2.2
[INFO] [stderr]   Downloaded defmt-macros v0.2.3
[INFO] [stderr]   Downloaded defmt v0.2.3
[INFO] [stderr]   Downloaded serde_at v0.9.0
[INFO] [stderr]   Downloaded atat v0.9.0
[INFO] [stderr]   Downloaded atat_derive v0.9.0
[INFO] [stderr]   Downloaded embedded-hal v1.0.0-alpha.5
[INFO] [stderr]   Downloaded embedded-nal v0.2.0
[INFO] [stderr]   Downloaded no-std-net v0.4.0
[INFO] running `Command { std: "docker" "create" "-v" "/var/lib/crater-agent-workspace/builds/worker-12/target:/opt/rustwide/target:rw,Z" "-v" "/var/lib/crater-agent-workspace/builds/worker-12/source:/opt/rustwide/workdir:ro,Z" "-v" "/var/lib/crater-agent-workspace/cargo-home:/opt/rustwide/cargo-home:ro,Z" "-v" "/var/lib/crater-agent-workspace/rustup-home:/opt/rustwide/rustup-home:ro,Z" "-e" "SOURCE_DIR=/opt/rustwide/workdir" "-e" "CARGO_TARGET_DIR=/opt/rustwide/target" "-e" "CARGO_HOME=/opt/rustwide/cargo-home" "-e" "RUSTUP_HOME=/opt/rustwide/rustup-home" "-w" "/opt/rustwide/workdir" "-m" "1610612736" "--user" "0:0" "--network" "none" "ghcr.io/rust-lang/crates-build-env/linux@sha256:a89201d6b5b9fd45c15d5952ece0a0129e7e80cb26ec023fd59cf09bc26f1604" "/opt/rustwide/cargo-home/bin/cargo" "+1.55.0" "metadata" "--no-deps" "--format-version=1", kill_on_drop: false }`
[INFO] [stdout] 1a9b994e327f975b8756b2ca524ee6c0336ecf8a8590db35902e0cbcd8e49eeb
[INFO] [stderr] WARNING: Your kernel does not support swap limit capabilities or the cgroup is not mounted. Memory limited without swap.
[INFO] running `Command { std: "docker" "start" "-a" "1a9b994e327f975b8756b2ca524ee6c0336ecf8a8590db35902e0cbcd8e49eeb", kill_on_drop: false }`
[INFO] running `Command { std: "docker" "inspect" "1a9b994e327f975b8756b2ca524ee6c0336ecf8a8590db35902e0cbcd8e49eeb", kill_on_drop: false }`
[INFO] running `Command { std: "docker" "rm" "-f" "1a9b994e327f975b8756b2ca524ee6c0336ecf8a8590db35902e0cbcd8e49eeb", kill_on_drop: false }`
[INFO] [stdout] 1a9b994e327f975b8756b2ca524ee6c0336ecf8a8590db35902e0cbcd8e49eeb
[INFO] running `Command { std: "docker" "create" "-v" "/var/lib/crater-agent-workspace/builds/worker-12/target:/opt/rustwide/target:rw,Z" "-v" "/var/lib/crater-agent-workspace/builds/worker-12/source:/opt/rustwide/workdir:ro,Z" "-v" "/var/lib/crater-agent-workspace/cargo-home:/opt/rustwide/cargo-home:ro,Z" "-v" "/var/lib/crater-agent-workspace/rustup-home:/opt/rustwide/rustup-home:ro,Z" "-e" "SOURCE_DIR=/opt/rustwide/workdir" "-e" "CARGO_TARGET_DIR=/opt/rustwide/target" "-e" "CARGO_INCREMENTAL=0" "-e" "RUST_BACKTRACE=full" "-e" "RUSTFLAGS=--cap-lints=warn" "-e" "CARGO_HOME=/opt/rustwide/cargo-home" "-e" "RUSTUP_HOME=/opt/rustwide/rustup-home" "-w" "/opt/rustwide/workdir" "-m" "1610612736" "--user" "0:0" "--network" "none" "ghcr.io/rust-lang/crates-build-env/linux@sha256:a89201d6b5b9fd45c15d5952ece0a0129e7e80cb26ec023fd59cf09bc26f1604" "/opt/rustwide/cargo-home/bin/cargo" "+1.55.0" "check" "--frozen" "--all" "--all-targets" "--message-format=json", kill_on_drop: false }`
[INFO] [stderr] WARNING: Your kernel does not support swap limit capabilities or the cgroup is not mounted. Memory limited without swap.
[INFO] [stdout] 7843f5eca8502cdcee71e0a40b3eeec0fd748bd67409436f776e22d0d7f855b8
[INFO] running `Command { std: "docker" "start" "-a" "7843f5eca8502cdcee71e0a40b3eeec0fd748bd67409436f776e22d0d7f855b8", kill_on_drop: false }`
[INFO] [stderr]     Blocking waiting for file lock on package cache
[INFO] [stderr]     Blocking waiting for file lock on package cache
[INFO] [stderr]    Compiling serde v1.0.130
[INFO] [stderr]    Compiling heapless v0.5.6
[INFO] [stderr]    Compiling stable_deref_trait v1.2.0
[INFO] [stderr]    Compiling defmt-parser v0.2.2
[INFO] [stderr]    Compiling hash32 v0.1.1
[INFO] [stderr]     Checking embedded-hal v1.0.0-alpha.5
[INFO] [stderr]    Compiling generic-array v0.13.3
[INFO] [stderr]    Compiling defmt v0.2.3
[INFO] [stderr]    Compiling defmt-macros v0.2.3
[INFO] [stderr]    Compiling as-slice v0.1.5
[INFO] [stderr]     Checking no-std-net v0.4.0
[INFO] [stderr]    Compiling serde_at v0.9.0
[INFO] [stderr]     Checking embedded-nal v0.2.0
[INFO] [stderr]    Compiling atat_derive v0.9.0
[INFO] [stderr]     Checking atat v0.9.0
[INFO] [stdout] error[E0432]: unresolved import `embedded_hal::timer::CountDown`
[INFO] [stdout]  --> /opt/rustwide/cargo-home/registry/src/github.com-1ecc6299db9ec823/atat-0.9.0/src/client.rs:1:28
[INFO] [stdout]   |
[INFO] [stdout] 1 | use embedded_hal::{serial, timer::CountDown};
[INFO] [stdout]   |                            ^^^^^^^^^^^^^^^^ no `CountDown` in `timer`
[INFO] [stdout] 
[INFO] [stdout] 
[INFO] [stdout] error[E0405]: cannot find trait `Write` in module `embedded_hal::serial`
[INFO] [stdout]   --> /opt/rustwide/cargo-home/registry/src/github.com-1ecc6299db9ec823/atat-0.9.0/src/builder.rs:24:31
[INFO] [stdout]    |
[INFO] [stdout] 24 |     Tx: embedded_hal::serial::Write<u8>,
[INFO] [stdout]    |                               ^^^^^ not found in `embedded_hal::serial`
[INFO] [stdout]    |
[INFO] [stdout] help: consider importing one of these items
[INFO] [stdout]    |
[INFO] [stdout] 1  | use core::fmt::Write;
[INFO] [stdout]    |
[INFO] [stdout] 1  | use defmt::Write;
[INFO] [stdout]    |
[INFO] [stdout] 1  | use embedded_hal::i2c::blocking::Write;
[INFO] [stdout]    |
[INFO] [stdout] 1  | use embedded_hal::serial::blocking::Write;
[INFO] [stdout]    |
[INFO] [stdout]      and 3 other candidates
[INFO] [stdout] 
[INFO] [stdout] 
[INFO] [stdout] error[E0405]: cannot find trait `CountDown` in module `embedded_hal::timer`
[INFO] [stdout]   --> /opt/rustwide/cargo-home/registry/src/github.com-1ecc6299db9ec823/atat-0.9.0/src/builder.rs:25:29
[INFO] [stdout]    |
[INFO] [stdout] 25 |     T: embedded_hal::timer::CountDown,
[INFO] [stdout]    |                             ^^^^^^^^^ not found in `embedded_hal::timer`
[INFO] [stdout]    |
[INFO] [stdout] help: consider importing this trait
[INFO] [stdout]    |
[INFO] [stdout] 1  | use embedded_hal::timer::nb::CountDown;
[INFO] [stdout]    |
[INFO] [stdout] 
[INFO] [stdout] 
[INFO] [stdout] error[E0405]: cannot find trait `Write` in module `embedded_hal::serial`
[INFO] [stdout]   --> /opt/rustwide/cargo-home/registry/src/github.com-1ecc6299db9ec823/atat-0.9.0/src/builder.rs:44:31
[INFO] [stdout]    |
[INFO] [stdout] 44 |     Tx: embedded_hal::serial::Write<u8>,
[INFO] [stdout]    |                               ^^^^^ not found in `embedded_hal::serial`
[INFO] [stdout]    |
[INFO] [stdout] help: consider importing one of these items
[INFO] [stdout]    |
[INFO] [stdout] 1  | use core::fmt::Write;
[INFO] [stdout]    |
[INFO] [stdout] 1  | use defmt::Write;
[INFO] [stdout]    |
[INFO] [stdout] 1  | use embedded_hal::i2c::blocking::Write;
[INFO] [stdout]    |
[INFO] [stdout] 1  | use embedded_hal::serial::blocking::Write;
[INFO] [stdout]    |
[INFO] [stdout]      and 3 other candidates
[INFO] [stdout] 
[INFO] [stdout] 
[INFO] [stdout] error[E0405]: cannot find trait `CountDown` in module `embedded_hal::timer`
[INFO] [stdout]   --> /opt/rustwide/cargo-home/registry/src/github.com-1ecc6299db9ec823/atat-0.9.0/src/builder.rs:45:29
[INFO] [stdout]    |
[INFO] [stdout] 45 |     T: embedded_hal::timer::CountDown,
[INFO] [stdout]    |                             ^^^^^^^^^ not found in `embedded_hal::timer`
[INFO] [stdout]    |
[INFO] [stdout] help: consider importing this trait
[INFO] [stdout]    |
[INFO] [stdout] 1  | use embedded_hal::timer::nb::CountDown;
[INFO] [stdout]    |
[INFO] [stdout] 
[INFO] [stdout] 
[INFO] [stdout] error[E0405]: cannot find trait `Write` in module `embedded_hal::serial`
[INFO] [stdout]   --> /opt/rustwide/cargo-home/registry/src/github.com-1ecc6299db9ec823/atat-0.9.0/src/builder.rs:73:31
[INFO] [stdout]    |
[INFO] [stdout] 73 |     Tx: embedded_hal::serial::Write<u8>,
[INFO] [stdout]    |                               ^^^^^ not found in `embedded_hal::serial`
[INFO] [stdout]    |
[INFO] [stdout] help: consider importing one of these items
[INFO] [stdout]    |
[INFO] [stdout] 1  | use core::fmt::Write;
[INFO] [stdout]    |
[INFO] [stdout] 1  | use defmt::Write;
[INFO] [stdout]    |
[INFO] [stdout] 1  | use embedded_hal::i2c::blocking::Write;
[INFO] [stdout]    |
[INFO] [stdout] 1  | use embedded_hal::serial::blocking::Write;
[INFO] [stdout]    |
[INFO] [stdout]      and 3 other candidates
[INFO] [stdout] 
[INFO] [stdout] 
[INFO] [stdout] error[E0405]: cannot find trait `CountDown` in module `embedded_hal::timer`
[INFO] [stdout]   --> /opt/rustwide/cargo-home/registry/src/github.com-1ecc6299db9ec823/atat-0.9.0/src/builder.rs:74:29
[INFO] [stdout]    |
[INFO] [stdout] 74 |     T: embedded_hal::timer::CountDown,
[INFO] [stdout]    |                             ^^^^^^^^^ not found in `embedded_hal::timer`
[INFO] [stdout]    |
[INFO] [stdout] help: consider importing this trait
[INFO] [stdout]    |
[INFO] [stdout] 1  | use embedded_hal::timer::nb::CountDown;
[INFO] [stdout]    |
[INFO] [stdout] 
[INFO] [stdout] 
[INFO] [stdout] error[E0405]: cannot find trait `Write` in module `serial`
[INFO] [stdout]   --> /opt/rustwide/cargo-home/registry/src/github.com-1ecc6299db9ec823/atat-0.9.0/src/client.rs:33:17
[INFO] [stdout]    |
[INFO] [stdout] 33 |     Tx: serial::Write<u8>,
[INFO] [stdout]    |                 ^^^^^ not found in `serial`
[INFO] [stdout]    |
[INFO] [stdout] help: consider importing one of these items
[INFO] [stdout]    |
[INFO] [stdout] 1  | use core::fmt::Write;
[INFO] [stdout]    |
[INFO] [stdout] 1  | use crate::client::serial::blocking::Write;
[INFO] [stdout]    |
[INFO] [stdout] 1  | use crate::client::serial::nb::Write;
[INFO] [stdout]    |
[INFO] [stdout] 1  | use defmt::Write;
[INFO] [stdout]    |
[INFO] [stdout]      and 5 other candidates
[INFO] [stdout] 
[INFO] [stdout] 
[INFO] [stdout] error[E0405]: cannot find trait `Write` in module `serial`
[INFO] [stdout]   --> /opt/rustwide/cargo-home/registry/src/github.com-1ecc6299db9ec823/atat-0.9.0/src/client.rs:55:17
[INFO] [stdout]    |
[INFO] [stdout] 55 |     Tx: serial::Write<u8>,
[INFO] [stdout]    |                 ^^^^^ not found in `serial`
[INFO] [stdout]    |
[INFO] [stdout] help: consider importing one of these items
[INFO] [stdout]    |
[INFO] [stdout] 1  | use core::fmt::Write;
[INFO] [stdout]    |
[INFO] [stdout] 1  | use crate::client::serial::blocking::Write;
[INFO] [stdout]    |
[INFO] [stdout] 1  | use crate::client::serial::nb::Write;
[INFO] [stdout]    |
[INFO] [stdout] 1  | use defmt::Write;
[INFO] [stdout]    |
[INFO] [stdout]      and 5 other candidates
[INFO] [stdout] 
[INFO] [stdout] 
[INFO] [stdout] error[E0405]: cannot find trait `Write` in module `serial`
[INFO] [stdout]   --> /opt/rustwide/cargo-home/registry/src/github.com-1ecc6299db9ec823/atat-0.9.0/src/client.rs:83:17
[INFO] [stdout]    |
[INFO] [stdout] 83 |     Tx: serial::Write<u8>,
[INFO] [stdout]    |                 ^^^^^ not found in `serial`
[INFO] [stdout]    |
[INFO] [stdout] help: consider importing one of these items
[INFO] [stdout]    |
[INFO] [stdout] 1  | use core::fmt::Write;
[INFO] [stdout]    |
[INFO] [stdout] 1  | use crate::client::serial::blocking::Write;
[INFO] [stdout]    |
[INFO] [stdout] 1  | use crate::client::serial::nb::Write;
[INFO] [stdout]    |
[INFO] [stdout] 1  | use defmt::Write;
[INFO] [stdout]    |
[INFO] [stdout]      and 5 other candidates
[INFO] [stdout] 
[INFO] [stdout] 
[INFO] [stdout] error: aborting due to 10 previous errors
[INFO] [stdout] 
[INFO] [stdout] 
[INFO] [stdout] Some errors have detailed explanations: E0405, E0432.
[INFO] [stdout] 
[INFO] [stdout] For more information about an error, try `rustc --explain E0405`.
[INFO] [stdout] 
[INFO] [stderr] error: could not compile `atat` due to 11 previous errors
[INFO] running `Command { std: "docker" "inspect" "7843f5eca8502cdcee71e0a40b3eeec0fd748bd67409436f776e22d0d7f855b8", kill_on_drop: false }`
[INFO] running `Command { std: "docker" "rm" "-f" "7843f5eca8502cdcee71e0a40b3eeec0fd748bd67409436f776e22d0d7f855b8", kill_on_drop: false }`
[INFO] [stdout] 7843f5eca8502cdcee71e0a40b3eeec0fd748bd67409436f776e22d0d7f855b8
