[INFO] fetching crate ublox-core 0.1.0...
[INFO] checking ublox-core-0.1.0 against beta-2021-10-15 for beta-1.56-3
[INFO] extracting crate ublox-core 0.1.0 into /workspace/builds/worker-0/source
[INFO] validating manifest of crates.io crate ublox-core 0.1.0 on toolchain beta-2021-10-15
[INFO] running `Command { std: "/workspace/cargo-home/bin/cargo" "+beta-2021-10-15" "metadata" "--manifest-path" "Cargo.toml" "--no-deps", kill_on_drop: false }`
[INFO] removed /workspace/builds/worker-0/source/.cargo/config
[INFO] started tweaking crates.io crate ublox-core 0.1.0
[INFO] removed 0 missing examples
[INFO] finished tweaking crates.io crate ublox-core 0.1.0
[INFO] tweaked toml for crates.io crate ublox-core 0.1.0 written to /workspace/builds/worker-0/source/Cargo.toml
[INFO] crate crates.io crate ublox-core 0.1.0 already has a lockfile, it will not be regenerated
[INFO] running `Command { std: "/workspace/cargo-home/bin/cargo" "+beta-2021-10-15" "fetch" "--manifest-path" "Cargo.toml", kill_on_drop: false }`
[INFO] [stderr]     Blocking waiting for file lock on package cache
[INFO] [stderr]     Blocking waiting for file lock on package cache
[INFO] running `Command { std: "docker" "create" "-v" "/var/lib/crater-agent-workspace/builds/worker-0/target:/opt/rustwide/target:rw,Z" "-v" "/var/lib/crater-agent-workspace/builds/worker-0/source:/opt/rustwide/workdir:ro,Z" "-v" "/var/lib/crater-agent-workspace/cargo-home:/opt/rustwide/cargo-home:ro,Z" "-v" "/var/lib/crater-agent-workspace/rustup-home:/opt/rustwide/rustup-home:ro,Z" "-e" "SOURCE_DIR=/opt/rustwide/workdir" "-e" "CARGO_TARGET_DIR=/opt/rustwide/target" "-e" "CARGO_HOME=/opt/rustwide/cargo-home" "-e" "RUSTUP_HOME=/opt/rustwide/rustup-home" "-w" "/opt/rustwide/workdir" "-m" "1610612736" "--user" "0:0" "--network" "none" "ghcr.io/rust-lang/crates-build-env/linux@sha256:a89201d6b5b9fd45c15d5952ece0a0129e7e80cb26ec023fd59cf09bc26f1604" "/opt/rustwide/cargo-home/bin/cargo" "+beta-2021-10-15" "metadata" "--no-deps" "--format-version=1", kill_on_drop: false }`
[INFO] [stdout] 8277d926844dba0cf015b26ad5b98cb72734ccfdd376a5720c9f93673571746e
[INFO] [stderr] WARNING: Your kernel does not support swap limit capabilities or the cgroup is not mounted. Memory limited without swap.
[INFO] running `Command { std: "docker" "start" "-a" "8277d926844dba0cf015b26ad5b98cb72734ccfdd376a5720c9f93673571746e", kill_on_drop: false }`
[INFO] running `Command { std: "docker" "inspect" "8277d926844dba0cf015b26ad5b98cb72734ccfdd376a5720c9f93673571746e", kill_on_drop: false }`
[INFO] running `Command { std: "docker" "rm" "-f" "8277d926844dba0cf015b26ad5b98cb72734ccfdd376a5720c9f93673571746e", kill_on_drop: false }`
[INFO] [stdout] 8277d926844dba0cf015b26ad5b98cb72734ccfdd376a5720c9f93673571746e
[INFO] running `Command { std: "docker" "create" "-v" "/var/lib/crater-agent-workspace/builds/worker-0/target:/opt/rustwide/target:rw,Z" "-v" "/var/lib/crater-agent-workspace/builds/worker-0/source:/opt/rustwide/workdir:ro,Z" "-v" "/var/lib/crater-agent-workspace/cargo-home:/opt/rustwide/cargo-home:ro,Z" "-v" "/var/lib/crater-agent-workspace/rustup-home:/opt/rustwide/rustup-home:ro,Z" "-e" "SOURCE_DIR=/opt/rustwide/workdir" "-e" "CARGO_TARGET_DIR=/opt/rustwide/target" "-e" "CARGO_INCREMENTAL=0" "-e" "RUST_BACKTRACE=full" "-e" "RUSTFLAGS=--cap-lints=warn" "-e" "CARGO_HOME=/opt/rustwide/cargo-home" "-e" "RUSTUP_HOME=/opt/rustwide/rustup-home" "-w" "/opt/rustwide/workdir" "-m" "1610612736" "--user" "0:0" "--network" "none" "ghcr.io/rust-lang/crates-build-env/linux@sha256:a89201d6b5b9fd45c15d5952ece0a0129e7e80cb26ec023fd59cf09bc26f1604" "/opt/rustwide/cargo-home/bin/cargo" "+beta-2021-10-15" "check" "--frozen" "--all" "--all-targets" "--message-format=json", kill_on_drop: false }`
[INFO] [stdout] 3d38b75ef5d6c4528bc1f3797bad60be257eaeb664c8ca740c8082be4b7312d3
[INFO] [stderr] WARNING: Your kernel does not support swap limit capabilities or the cgroup is not mounted. Memory limited without swap.
[INFO] running `Command { std: "docker" "start" "-a" "3d38b75ef5d6c4528bc1f3797bad60be257eaeb664c8ca740c8082be4b7312d3", kill_on_drop: false }`
[INFO] [stderr]    Compiling syn v1.0.17
[INFO] [stderr]    Compiling stm32h7 v0.10.0
[INFO] [stderr]    Compiling cortex-m-rt v0.6.12
[INFO] [stderr]     Checking shufflebuf v0.1.0
[INFO] [stderr]     Checking embedded-hal v0.2.3
[INFO] [stderr]    Compiling cortex-m-semihosting v0.3.5
[INFO] [stderr]     Checking ublox-core v0.1.0 (/opt/rustwide/workdir)
[INFO] [stderr]     Checking panic-semihosting v0.5.3
[INFO] [stderr]    Compiling cortex-m-rt-macros v0.1.8
[INFO] [stdout] error[E0433]: failed to resolve: use of undeclared crate or module `stm32h7xx_hal`
[INFO] [stdout]   --> examples/serial_dump.rs:17:5
[INFO] [stdout]    |
[INFO] [stdout] 17 | use stm32h7xx_hal::{pac, prelude::*};
[INFO] [stdout]    |     ^^^^^^^^^^^^^ use of undeclared crate or module `stm32h7xx_hal`
[INFO] [stdout] 
[INFO] [stdout] 
[INFO] [stdout] error[E0432]: unresolved imports `cortex_m`, `p_hal`
[INFO] [stdout]   --> examples/serial_dump.rs:12:5
[INFO] [stdout]    |
[INFO] [stdout] 12 | use cortex_m;
[INFO] [stdout]    |     ^^^^^^^^
[INFO] [stdout] ...
[INFO] [stdout] 15 | use p_hal::stm32;
[INFO] [stdout]    |     ^^^^^ use of undeclared crate or module `p_hal`
[INFO] [stdout] 
[INFO] [stdout] 
[INFO] [stdout] error[E0432]: unresolved import `stm32h7xx_hal`
[INFO] [stdout]   --> examples/serial_dump.rs:16:5
[INFO] [stdout]    |
[INFO] [stdout] 16 | use stm32h7xx_hal as p_hal;
[INFO] [stdout]    |     ^^^^^^^^^^^^^^^^^^^^^^ no external crate `stm32h7xx_hal`
[INFO] [stdout] 
[INFO] [stdout] 
[INFO] [stdout] error[E0432]: unresolved imports `stm32h7xx_hal`, `stm32::UART7`, `stm32::USART1`, `p_hal::serial::Error`
[INFO] [stdout]   --> examples/serial_dump.rs:17:5
[INFO] [stdout]    |
[INFO] [stdout] 17 | use stm32h7xx_hal::{pac, prelude::*};
[INFO] [stdout]    |     ^^^^^^^^^^^^^ use of undeclared crate or module `stm32h7xx_hal`
[INFO] [stdout] 18 | 
[INFO] [stdout] 19 | use stm32::UART7;
[INFO] [stdout]    |     ^^^^^^^^^^^^
[INFO] [stdout] 20 | use stm32::USART1;
[INFO] [stdout]    |     ^^^^^^^^^^^^^
[INFO] [stdout] ...
[INFO] [stdout] 24 | use p_hal::serial::Error;
[INFO] [stdout]    |     ^^^^^^^^^^^^^^^^^^^^
[INFO] [stdout] 
[INFO] [stdout] 
[INFO] [stdout] error[E0433]: failed to resolve: use of undeclared crate or module `p_hal`
[INFO] [stdout]   --> examples/monitor.rs:16:5
[INFO] [stdout]    |
[INFO] [stdout] 16 | use p_hal::{pac, prelude::*};
[INFO] [stdout]    |     ^^^^^ use of undeclared crate or module `p_hal`
[INFO] [stdout] 
[INFO] [stdout] 
[INFO] [stdout] error[E0432]: unresolved imports `cortex_m`, `p_hal`
[INFO] [stdout]   --> examples/monitor.rs:12:5
[INFO] [stdout]    |
[INFO] [stdout] 12 | use cortex_m;
[INFO] [stdout]    |     ^^^^^^^^
[INFO] [stdout] ...
[INFO] [stdout] 16 | use p_hal::{pac, prelude::*};
[INFO] [stdout]    |     ^^^^^ use of undeclared crate or module `p_hal`
[INFO] [stdout] 
[INFO] [stdout] 
[INFO] [stdout] error[E0432]: unresolved imports `stm32h7xx_hal`, `ublox_core`
[INFO] [stdout]   --> examples/monitor.rs:17:5
[INFO] [stdout]    |
[INFO] [stdout] 17 | use stm32h7xx_hal as p_hal;
[INFO] [stdout]    |     ^^^^^^^^^^^^^^^^^^^^^^ no external crate `stm32h7xx_hal`
[INFO] [stdout] ...
[INFO] [stdout] 23 | use ublox_core as ublox;
[INFO] [stdout]    |     ^^^^^^^^^^^^^^^^^^^
[INFO] [stdout] 
[INFO] [stdout] 
[INFO] [stdout] error: duplicate lang item in crate `panic_halt`: `panic_impl`.
[INFO] [stdout]   |
[INFO] [stdout]   = note: the lang item is first defined in crate `panic_semihosting` (which `monitor` depends on)
[INFO] [stdout]   = note: first definition in `panic_semihosting` loaded from /opt/rustwide/target/debug/deps/libpanic_semihosting-4b47d4eb673dcdbc.rmeta
[INFO] [stdout]   = note: second definition in `panic_halt` loaded from /opt/rustwide/target/debug/deps/libpanic_halt-8e0ecb18292def22.rmeta
[INFO] [stdout] 
[INFO] [stdout] 
[INFO] [stdout] error: language item required, but not found: `eh_personality`
[INFO] [stdout] 
[INFO] [stdout] 
[INFO] [stdout] error[E0433]: failed to resolve: use of undeclared type `Error`
[INFO] [stdout]    --> examples/serial_dump.rs:104:42
[INFO] [stdout]     |
[INFO] [stdout] 104 |                     Err(nb::Error::Other(Error::Overrun)) => {
[INFO] [stdout]     |                                          ^^^^^ use of undeclared type `Error`
[INFO] [stdout] 
[INFO] [stdout] 
[INFO] [stdout] error[E0433]: failed to resolve: use of undeclared type `Error`
[INFO] [stdout]    --> examples/serial_dump.rs:188:38
[INFO] [stdout]     |
[INFO] [stdout] 188 |                 Err(nb::Error::Other(Error::Overrun)) => {}
[INFO] [stdout]     |                                      ^^^^^ use of undeclared type `Error`
[INFO] [stdout] 
[INFO] [stdout] 
[INFO] [stdout] error[E0412]: cannot find type `USART1` in this scope
[INFO] [stdout]   --> examples/serial_dump.rs:27:5
[INFO] [stdout]    |
[INFO] [stdout] 27 |     USART1,
[INFO] [stdout]    |     ^^^^^^ not found in this scope
[INFO] [stdout]    |
[INFO] [stdout] help: consider importing this struct
[INFO] [stdout]    |
[INFO] [stdout] 12 | use stm32h7::stm32h743::USART1;
[INFO] [stdout]    |
[INFO] [stdout] 
[INFO] [stdout] 
[INFO] [stdout] error[E0412]: cannot find type `UART7` in this scope
[INFO] [stdout]   --> examples/serial_dump.rs:92:42
[INFO] [stdout]    |
[INFO] [stdout] 92 |         dbg_port: &mut p_hal::serial::Tx<UART7>,
[INFO] [stdout]    |                                          ^^^^^ not found in this scope
[INFO] [stdout]    |
[INFO] [stdout] help: consider importing this struct
[INFO] [stdout]    |
[INFO] [stdout] 12 | use stm32h7::stm32h743::UART7;
[INFO] [stdout]    |
[INFO] [stdout] 
[INFO] [stdout] 
[INFO] [stdout] error: duplicate lang item in crate `panic_halt`: `panic_impl`.
[INFO] [stdout]   |
[INFO] [stdout]   = note: the lang item is first defined in crate `panic_semihosting` (which `serial_dump` depends on)
[INFO] [stdout]   = note: first definition in `panic_semihosting` loaded from /opt/rustwide/target/debug/deps/libpanic_semihosting-4b47d4eb673dcdbc.rmeta
[INFO] [stdout]   = note: second definition in `panic_halt` loaded from /opt/rustwide/target/debug/deps/libpanic_halt-8e0ecb18292def22.rmeta
[INFO] [stdout] 
[INFO] [stdout] 
[INFO] [stdout] error: language item required, but not found: `eh_personality`
[INFO] [stdout] 
[INFO] [stdout] 
[INFO] [stdout] error[E0599]: no method named `mhz` found for type `{integer}` in the current scope
[INFO] [stdout]   --> examples/serial_dump.rs:52:35
[INFO] [stdout]    |
[INFO] [stdout] 52 |     let mut ccdr = rcc.sys_ck(160.mhz()).freeze(vos, &dp.SYSCFG);
[INFO] [stdout]    |                                   ^^^ method not found in `{integer}`
[INFO] [stdout] 
[INFO] [stdout] 
[INFO] [stdout] error[E0599]: no method named `bps` found for type `u32` in the current scope
[INFO] [stdout]   --> examples/serial_dump.rs:66:74
[INFO] [stdout]    |
[INFO] [stdout] 66 |             p_hal::serial::config::Config::default().baudrate(57_600_u32.bps());
[INFO] [stdout]    |                                                                          ^^^ method not found in `u32`
[INFO] [stdout] 
[INFO] [stdout] 
[INFO] [stdout] error[E0599]: no method named `bps` found for type `u32` in the current scope
[INFO] [stdout]   --> examples/serial_dump.rs:79:68
[INFO] [stdout]    |
[INFO] [stdout] 79 |             p_hal::serial::config::Config::default().baudrate(baud.bps());
[INFO] [stdout]    |                                                                    ^^^ method not found in `u32`
[INFO] [stdout] 
[INFO] [stdout] 
[INFO] [stdout] error[E0599]: no method named `mhz` found for type `{integer}` in the current scope
[INFO] [stdout]   --> examples/monitor.rs:48:35
[INFO] [stdout]    |
[INFO] [stdout] 48 |     let mut ccdr = rcc.sys_ck(160.mhz()).freeze(vos, &dp.SYSCFG);
[INFO] [stdout]    |                                   ^^^ method not found in `{integer}`
[INFO] [stdout] 
[INFO] [stdout] 
[INFO] [stdout] error[E0599]: no method named `bps` found for type `u32` in the current scope
[INFO] [stdout]   --> examples/monitor.rs:61:74
[INFO] [stdout]    |
[INFO] [stdout] 61 |             p_hal::serial::config::Config::default().baudrate(57_600_u32.bps());
[INFO] [stdout]    |                                                                          ^^^ method not found in `u32`
[INFO] [stdout] 
[INFO] [stdout] 
[INFO] [stdout] error[E0599]: no method named `bps` found for type `{integer}` in the current scope
[INFO] [stdout]   --> examples/monitor.rs:70:70
[INFO] [stdout]    |
[INFO] [stdout] 70 |             p_hal::serial::config::Config::default().baudrate(115200.bps());
[INFO] [stdout]    |                                                                      ^^^ method not found in `{integer}`
[INFO] [stdout] 
[INFO] [stdout] 
[INFO] [stdout] warning: unused import: `embedded_hal::blocking::delay::DelayMs`
[INFO] [stdout]   --> examples/monitor.rs:15:5
[INFO] [stdout]    |
[INFO] [stdout] 15 | use embedded_hal::blocking::delay::DelayMs;
[INFO] [stdout]    |     ^^^^^^^^^^^^^^^^^^^^^^^^^^^^^^^^^^^^^^
[INFO] [stdout]    |
[INFO] [stdout] note: the lint level is defined here
[INFO] [stdout]   --> examples/monitor.rs:1:9
[INFO] [stdout]    |
[INFO] [stdout] 1  | #![deny(warnings)]
[INFO] [stdout]    |         ^^^^^^^^
[INFO] [stdout]    = note: `#[warn(unused_imports)]` implied by `#[warn(warnings)]`
[INFO] [stdout] 
[INFO] [stdout] 
[INFO] [stdout] error: aborting due to 8 previous errors; 1 warning emitted
[INFO] [stdout] 
[INFO] [stdout] 
[INFO] [stdout] Some errors have detailed explanations: E0432, E0433, E0599.
[INFO] [stdout] 
[INFO] [stdout] For more information about an error, try `rustc --explain E0432`.
[INFO] [stdout] 
[INFO] [stderr] error: could not compile `ublox-core` due to 9 previous errors; 1 warning emitted
[INFO] [stderr] warning: build failed, waiting for other jobs to finish...
[INFO] [stdout] warning: unused import: `embedded_hal::blocking::delay::DelayMs`
[INFO] [stdout]   --> examples/serial_dump.rs:14:5
[INFO] [stdout]    |
[INFO] [stdout] 14 | use embedded_hal::blocking::delay::DelayMs;
[INFO] [stdout]    |     ^^^^^^^^^^^^^^^^^^^^^^^^^^^^^^^^^^^^^^
[INFO] [stdout]    |
[INFO] [stdout] note: the lint level is defined here
[INFO] [stdout]   --> examples/serial_dump.rs:1:9
[INFO] [stdout]    |
[INFO] [stdout] 1  | #![deny(warnings)]
[INFO] [stdout]    |         ^^^^^^^^
[INFO] [stdout]    = note: `#[warn(unused_imports)]` implied by `#[warn(warnings)]`
[INFO] [stdout] 
[INFO] [stdout] 
[INFO] [stdout] warning: unused import: `core::fmt::Write`
[INFO] [stdout]   --> examples/serial_dump.rs:23:5
[INFO] [stdout]    |
[INFO] [stdout] 23 | use core::fmt::Write;
[INFO] [stdout]    |     ^^^^^^^^^^^^^^^^
[INFO] [stdout] 
[INFO] [stdout] 
[INFO] [stdout] error: aborting due to 13 previous errors; 2 warnings emitted
[INFO] [stdout] 
[INFO] [stdout] 
[INFO] [stdout] Some errors have detailed explanations: E0412, E0432, E0433, E0599.
[INFO] [stdout] 
[INFO] [stdout] For more information about an error, try `rustc --explain E0412`.
[INFO] [stdout] 
[INFO] [stderr] error: build failed
[INFO] running `Command { std: "docker" "inspect" "3d38b75ef5d6c4528bc1f3797bad60be257eaeb664c8ca740c8082be4b7312d3", kill_on_drop: false }`
[INFO] running `Command { std: "docker" "rm" "-f" "3d38b75ef5d6c4528bc1f3797bad60be257eaeb664c8ca740c8082be4b7312d3", kill_on_drop: false }`
[INFO] [stdout] 3d38b75ef5d6c4528bc1f3797bad60be257eaeb664c8ca740c8082be4b7312d3
