[INFO] fetching crate tun-tap-mac 0.1.2...
[INFO] checking tun-tap-mac-0.1.2 against 1.55.0 for beta-1.56-3
[INFO] extracting crate tun-tap-mac 0.1.2 into /workspace/builds/worker-6/source
[INFO] validating manifest of crates.io crate tun-tap-mac 0.1.2 on toolchain 1.55.0
[INFO] running `Command { std: "/workspace/cargo-home/bin/cargo" "+1.55.0" "metadata" "--manifest-path" "Cargo.toml" "--no-deps", kill_on_drop: false }`
[INFO] started tweaking crates.io crate tun-tap-mac 0.1.2
[INFO] finished tweaking crates.io crate tun-tap-mac 0.1.2
[INFO] tweaked toml for crates.io crate tun-tap-mac 0.1.2 written to /workspace/builds/worker-6/source/Cargo.toml
[INFO] running `Command { std: "/workspace/cargo-home/bin/cargo" "+1.55.0" "generate-lockfile" "--manifest-path" "Cargo.toml" "-Zno-index-update", kill_on_drop: false }`
[INFO] running `Command { std: "/workspace/cargo-home/bin/cargo" "+1.55.0" "fetch" "--manifest-path" "Cargo.toml", kill_on_drop: false }`
[INFO] [stderr]     Blocking waiting for file lock on package cache
[INFO] running `Command { std: "docker" "create" "-v" "/var/lib/crater-agent-workspace/builds/worker-6/target:/opt/rustwide/target:rw,Z" "-v" "/var/lib/crater-agent-workspace/builds/worker-6/source:/opt/rustwide/workdir:ro,Z" "-v" "/var/lib/crater-agent-workspace/cargo-home:/opt/rustwide/cargo-home:ro,Z" "-v" "/var/lib/crater-agent-workspace/rustup-home:/opt/rustwide/rustup-home:ro,Z" "-e" "SOURCE_DIR=/opt/rustwide/workdir" "-e" "CARGO_TARGET_DIR=/opt/rustwide/target" "-e" "CARGO_HOME=/opt/rustwide/cargo-home" "-e" "RUSTUP_HOME=/opt/rustwide/rustup-home" "-w" "/opt/rustwide/workdir" "-m" "1610612736" "--user" "0:0" "--network" "none" "ghcr.io/rust-lang/crates-build-env/linux@sha256:a89201d6b5b9fd45c15d5952ece0a0129e7e80cb26ec023fd59cf09bc26f1604" "/opt/rustwide/cargo-home/bin/cargo" "+1.55.0" "metadata" "--no-deps" "--format-version=1", kill_on_drop: false }`
[INFO] [stdout] c0f28a3b796a61be1b1c2fc9e29a1eb3186a9ee4accfeba2a70642273e15db32
[INFO] [stderr] WARNING: Your kernel does not support swap limit capabilities or the cgroup is not mounted. Memory limited without swap.
[INFO] running `Command { std: "docker" "start" "-a" "c0f28a3b796a61be1b1c2fc9e29a1eb3186a9ee4accfeba2a70642273e15db32", kill_on_drop: false }`
[INFO] running `Command { std: "docker" "inspect" "c0f28a3b796a61be1b1c2fc9e29a1eb3186a9ee4accfeba2a70642273e15db32", kill_on_drop: false }`
[INFO] running `Command { std: "docker" "rm" "-f" "c0f28a3b796a61be1b1c2fc9e29a1eb3186a9ee4accfeba2a70642273e15db32", kill_on_drop: false }`
[INFO] [stdout] c0f28a3b796a61be1b1c2fc9e29a1eb3186a9ee4accfeba2a70642273e15db32
[INFO] running `Command { std: "docker" "create" "-v" "/var/lib/crater-agent-workspace/builds/worker-6/target:/opt/rustwide/target:rw,Z" "-v" "/var/lib/crater-agent-workspace/builds/worker-6/source:/opt/rustwide/workdir:ro,Z" "-v" "/var/lib/crater-agent-workspace/cargo-home:/opt/rustwide/cargo-home:ro,Z" "-v" "/var/lib/crater-agent-workspace/rustup-home:/opt/rustwide/rustup-home:ro,Z" "-e" "SOURCE_DIR=/opt/rustwide/workdir" "-e" "CARGO_TARGET_DIR=/opt/rustwide/target" "-e" "CARGO_INCREMENTAL=0" "-e" "RUST_BACKTRACE=full" "-e" "RUSTFLAGS=--cap-lints=warn" "-e" "CARGO_HOME=/opt/rustwide/cargo-home" "-e" "RUSTUP_HOME=/opt/rustwide/rustup-home" "-w" "/opt/rustwide/workdir" "-m" "1610612736" "--user" "0:0" "--network" "none" "ghcr.io/rust-lang/crates-build-env/linux@sha256:a89201d6b5b9fd45c15d5952ece0a0129e7e80cb26ec023fd59cf09bc26f1604" "/opt/rustwide/cargo-home/bin/cargo" "+1.55.0" "check" "--frozen" "--all" "--all-targets" "--message-format=json", kill_on_drop: false }`
[INFO] [stdout] d159272d31ff304fc5af2b333e4a67a05ed1b459535eb06fe8a768ac90b1cbb9
[INFO] [stderr] WARNING: Your kernel does not support swap limit capabilities or the cgroup is not mounted. Memory limited without swap.
[INFO] running `Command { std: "docker" "start" "-a" "d159272d31ff304fc5af2b333e4a67a05ed1b459535eb06fe8a768ac90b1cbb9", kill_on_drop: false }`
[INFO] [stderr]    Compiling pulldown-cmark v0.1.2
[INFO] [stderr]    Compiling tun-tap-mac v0.1.2 (/opt/rustwide/workdir)
[INFO] [stderr]     Checking syn v0.11.11
[INFO] [stderr]     Checking tokio-core v0.1.18
[INFO] [stdout] warning: unnecessary braces around function argument
[INFO] [stdout]    --> src/lib.rs:143:85
[INFO] [stdout]     |
[INFO] [stdout] 143 |         let result = unsafe { tuntap_setup(fd.as_raw_fd(), name_ptr, mode as c_int, { if packet_info { 1 } else { 0 } }) };
[INFO] [stdout]     |                                                                                     ^^^^^^^^^^^^^^^^^^^^^^^^^^^^^^^^^^^ help: remove these braces
[INFO] [stdout]     |
[INFO] [stdout]     = note: `#[warn(unused_braces)]` on by default
[INFO] [stdout] 
[INFO] [stdout] 
[INFO] [stdout] warning: 1 warning emitted
[INFO] [stdout] 
[INFO] [stdout] 
[INFO] [stderr]     Checking version-sync v0.5.0
[INFO] [stderr] error: could not compile `tun-tap-mac` due to 2 previous errors
[INFO] [stdout] error[E0463]: can't find crate for `tun_tap`
[INFO] [stdout]   --> examples/vpn.rs:17:1
[INFO] [stdout]    |
[INFO] [stdout] 17 | extern crate tun_tap;
[INFO] [stdout]    | ^^^^^^^^^^^^^^^^^^^^^ can't find crate
[INFO] [stdout] 
[INFO] [stdout] 
[INFO] [stdout] error: aborting due to previous error
[INFO] [stdout] 
[INFO] [stdout] 
[INFO] [stdout] For more information about this error, try `rustc --explain E0463`.
[INFO] [stdout] 
[INFO] [stderr] warning: build failed, waiting for other jobs to finish...
[INFO] [stdout] error[E0463]: can't find crate for `tun_tap`
[INFO] [stdout]   --> examples/pingpong.rs:11:1
[INFO] [stdout]    |
[INFO] [stdout] 11 | extern crate tun_tap;
[INFO] [stdout]    | ^^^^^^^^^^^^^^^^^^^^^ can't find crate
[INFO] [stdout] 
[INFO] [stdout] 
[INFO] [stdout] error: aborting due to previous error
[INFO] [stdout] 
[INFO] [stdout] 
[INFO] [stdout] For more information about this error, try `rustc --explain E0463`.
[INFO] [stdout] 
[INFO] [stdout] error[E0463]: can't find crate for `tun_tap`
[INFO] [stdout]  --> examples/dump_iface.rs:7:1
[INFO] [stdout]   |
[INFO] [stdout] 7 | extern crate tun_tap;
[INFO] [stdout]   | ^^^^^^^^^^^^^^^^^^^^^ can't find crate
[INFO] [stdout] 
[INFO] [stdout] 
[INFO] [stdout] error: aborting due to previous error
[INFO] [stdout] 
[INFO] [stdout] 
[INFO] [stdout] For more information about this error, try `rustc --explain E0463`.
[INFO] [stdout] 
[INFO] [stdout] error[E0463]: can't find crate for `tun_tap`
[INFO] [stdout]   --> examples/tokio.rs:13:1
[INFO] [stdout]    |
[INFO] [stdout] 13 | extern crate tun_tap;
[INFO] [stdout]    | ^^^^^^^^^^^^^^^^^^^^^ can't find crate
[INFO] [stdout] 
[INFO] [stdout] 
[INFO] [stdout] error: aborting due to previous error
[INFO] [stdout] 
[INFO] [stdout] 
[INFO] [stdout] For more information about this error, try `rustc --explain E0463`.
[INFO] [stdout] 
[INFO] [stdout] warning: panic message is not a string literal
[INFO] [stdout]  --> tests/version.rs:6:5
[INFO] [stdout]   |
[INFO] [stdout] 6 |     assert_markdown_deps_updated!("README.md");
[INFO] [stdout]   |     ^^^^^^^^^^^^^^^^^^^^^^^^^^^^^^^^^^^^^^^^^^^
[INFO] [stdout]   |
[INFO] [stdout]   = note: `#[warn(non_fmt_panics)]` on by default
[INFO] [stdout]   = note: this usage of panic!() is deprecated; it will be a hard error in Rust 2021
[INFO] [stdout]   = note: for more information, see <https://doc.rust-lang.org/nightly/edition-guide/rust-2021/panic-macro-consistency.html>
[INFO] [stdout]   = note: this warning originates in the macro `assert_markdown_deps_updated` (in Nightly builds, run with -Z macro-backtrace for more info)
[INFO] [stdout] 
[INFO] [stdout] 
[INFO] [stdout] warning: panic message is not a string literal
[INFO] [stdout]   --> tests/version.rs:11:5
[INFO] [stdout]    |
[INFO] [stdout] 11 |     assert_html_root_url_updated!("src/lib.rs");
[INFO] [stdout]    |     ^^^^^^^^^^^^^^^^^^^^^^^^^^^^^^^^^^^^^^^^^^^^
[INFO] [stdout]    |
[INFO] [stdout]    = note: this usage of panic!() is deprecated; it will be a hard error in Rust 2021
[INFO] [stdout]    = note: for more information, see <https://doc.rust-lang.org/nightly/edition-guide/rust-2021/panic-macro-consistency.html>
[INFO] [stdout]    = note: this warning originates in the macro `assert_html_root_url_updated` (in Nightly builds, run with -Z macro-backtrace for more info)
[INFO] [stdout] 
[INFO] [stdout] 
[INFO] [stdout] warning: 2 warnings emitted
[INFO] [stdout] 
[INFO] [stdout] 
[INFO] [stdout] warning: unnecessary braces around function argument
[INFO] [stdout]    --> src/lib.rs:143:85
[INFO] [stdout]     |
[INFO] [stdout] 143 |         let result = unsafe { tuntap_setup(fd.as_raw_fd(), name_ptr, mode as c_int, { if packet_info { 1 } else { 0 } }) };
[INFO] [stdout]     |                                                                                     ^^^^^^^^^^^^^^^^^^^^^^^^^^^^^^^^^^^ help: remove these braces
[INFO] [stdout]     |
[INFO] [stdout]     = note: `#[warn(unused_braces)]` on by default
[INFO] [stdout] 
[INFO] [stdout] 
[INFO] [stdout] warning: 1 warning emitted
[INFO] [stdout] 
[INFO] [stdout] 
[INFO] [stderr] error: build failed
[INFO] running `Command { std: "docker" "inspect" "d159272d31ff304fc5af2b333e4a67a05ed1b459535eb06fe8a768ac90b1cbb9", kill_on_drop: false }`
[INFO] running `Command { std: "docker" "rm" "-f" "d159272d31ff304fc5af2b333e4a67a05ed1b459535eb06fe8a768ac90b1cbb9", kill_on_drop: false }`
[INFO] [stdout] d159272d31ff304fc5af2b333e4a67a05ed1b459535eb06fe8a768ac90b1cbb9
