[INFO] fetching crate tugger-windows-codesign 0.4.0...
[INFO] checking tugger-windows-codesign-0.4.0 against beta-2021-10-15 for beta-1.56-3
[INFO] extracting crate tugger-windows-codesign 0.4.0 into /workspace/builds/worker-6/source
[INFO] validating manifest of crates.io crate tugger-windows-codesign 0.4.0 on toolchain beta-2021-10-15
[INFO] running `Command { std: "/workspace/cargo-home/bin/cargo" "+beta-2021-10-15" "metadata" "--manifest-path" "Cargo.toml" "--no-deps", kill_on_drop: false }`
[INFO] started tweaking crates.io crate tugger-windows-codesign 0.4.0
[INFO] finished tweaking crates.io crate tugger-windows-codesign 0.4.0
[INFO] tweaked toml for crates.io crate tugger-windows-codesign 0.4.0 written to /workspace/builds/worker-6/source/Cargo.toml
[INFO] running `Command { std: "/workspace/cargo-home/bin/cargo" "+beta-2021-10-15" "generate-lockfile" "--manifest-path" "Cargo.toml" "-Zno-index-update", kill_on_drop: false }`
[INFO] running `Command { std: "/workspace/cargo-home/bin/cargo" "+beta-2021-10-15" "fetch" "--manifest-path" "Cargo.toml", kill_on_drop: false }`
[INFO] [stderr]     Blocking waiting for file lock on package cache
[INFO] running `Command { std: "docker" "create" "-v" "/var/lib/crater-agent-workspace/builds/worker-6/target:/opt/rustwide/target:rw,Z" "-v" "/var/lib/crater-agent-workspace/builds/worker-6/source:/opt/rustwide/workdir:ro,Z" "-v" "/var/lib/crater-agent-workspace/cargo-home:/opt/rustwide/cargo-home:ro,Z" "-v" "/var/lib/crater-agent-workspace/rustup-home:/opt/rustwide/rustup-home:ro,Z" "-e" "SOURCE_DIR=/opt/rustwide/workdir" "-e" "CARGO_TARGET_DIR=/opt/rustwide/target" "-e" "CARGO_HOME=/opt/rustwide/cargo-home" "-e" "RUSTUP_HOME=/opt/rustwide/rustup-home" "-w" "/opt/rustwide/workdir" "-m" "1610612736" "--user" "0:0" "--network" "none" "ghcr.io/rust-lang/crates-build-env/linux@sha256:a89201d6b5b9fd45c15d5952ece0a0129e7e80cb26ec023fd59cf09bc26f1604" "/opt/rustwide/cargo-home/bin/cargo" "+beta-2021-10-15" "metadata" "--no-deps" "--format-version=1", kill_on_drop: false }`
[INFO] [stdout] f66b84e2cddc2098157eead0e0f399afdef3f2243c329bea7fe673c7b486f093
[INFO] [stderr] WARNING: Your kernel does not support swap limit capabilities or the cgroup is not mounted. Memory limited without swap.
[INFO] running `Command { std: "docker" "start" "-a" "f66b84e2cddc2098157eead0e0f399afdef3f2243c329bea7fe673c7b486f093", kill_on_drop: false }`
[INFO] running `Command { std: "docker" "inspect" "f66b84e2cddc2098157eead0e0f399afdef3f2243c329bea7fe673c7b486f093", kill_on_drop: false }`
[INFO] running `Command { std: "docker" "rm" "-f" "f66b84e2cddc2098157eead0e0f399afdef3f2243c329bea7fe673c7b486f093", kill_on_drop: false }`
[INFO] [stdout] f66b84e2cddc2098157eead0e0f399afdef3f2243c329bea7fe673c7b486f093
[INFO] running `Command { std: "docker" "create" "-v" "/var/lib/crater-agent-workspace/builds/worker-6/target:/opt/rustwide/target:rw,Z" "-v" "/var/lib/crater-agent-workspace/builds/worker-6/source:/opt/rustwide/workdir:ro,Z" "-v" "/var/lib/crater-agent-workspace/cargo-home:/opt/rustwide/cargo-home:ro,Z" "-v" "/var/lib/crater-agent-workspace/rustup-home:/opt/rustwide/rustup-home:ro,Z" "-e" "SOURCE_DIR=/opt/rustwide/workdir" "-e" "CARGO_TARGET_DIR=/opt/rustwide/target" "-e" "CARGO_INCREMENTAL=0" "-e" "RUST_BACKTRACE=full" "-e" "RUSTFLAGS=--cap-lints=warn" "-e" "CARGO_HOME=/opt/rustwide/cargo-home" "-e" "RUSTUP_HOME=/opt/rustwide/rustup-home" "-w" "/opt/rustwide/workdir" "-m" "1610612736" "--user" "0:0" "--network" "none" "ghcr.io/rust-lang/crates-build-env/linux@sha256:a89201d6b5b9fd45c15d5952ece0a0129e7e80cb26ec023fd59cf09bc26f1604" "/opt/rustwide/cargo-home/bin/cargo" "+beta-2021-10-15" "check" "--frozen" "--all" "--all-targets" "--message-format=json", kill_on_drop: false }`
[INFO] [stderr] WARNING: Your kernel does not support swap limit capabilities or the cgroup is not mounted. Memory limited without swap.
[INFO] [stdout] 4d30bcdd0540f921c1658aef160070f441ed69b4983fb316d5303d65c3e87997
[INFO] running `Command { std: "docker" "start" "-a" "4d30bcdd0540f921c1658aef160070f441ed69b4983fb316d5303d65c3e87997", kill_on_drop: false }`
[INFO] [stderr]     Checking yasna v0.3.2
[INFO] [stderr]     Checking os_pipe v0.9.2
[INFO] [stderr]     Checking shared_child v0.3.5
[INFO] [stderr]     Checking pem v1.0.0
[INFO] [stderr]     Checking block-cipher v0.8.0
[INFO] [stderr]     Checking crypto-mac v0.9.1
[INFO] [stderr]     Checking tokio v1.12.0
[INFO] [stderr]     Checking bzip2 v0.4.3
[INFO] [stderr]     Checking futures-util v0.3.17
[INFO] [stderr]    Compiling der-oid-macro v0.5.0
[INFO] [stderr]    Compiling der-oid-macro v0.4.0
[INFO] [stderr]     Checking block-modes v0.6.1
[INFO] [stderr]     Checking rc2 v0.5.0
[INFO] [stderr]     Checking des v0.5.0
[INFO] [stderr]     Checking hmac v0.9.0
[INFO] [stderr]     Checking duct v0.13.5
[INFO] [stderr]     Checking rcgen v0.8.14
[INFO] [stderr]     Checking zip v0.5.13
[INFO] [stderr]     Checking p12 v0.2.0
[INFO] [stderr]     Checking der-parser v6.0.0
[INFO] [stderr]     Checking der-parser v5.1.2
[INFO] [stderr]     Checking oid-registry v0.2.0
[INFO] [stderr]     Checking x509-parser v0.12.0
[INFO] [stderr]     Checking tokio-util v0.6.8
[INFO] [stderr]     Checking tokio-rustls v0.22.0
[INFO] [stderr]     Checking h2 v0.3.6
[INFO] [stderr]     Checking hyper v0.14.13
[INFO] [stderr]     Checking hyper-rustls v0.22.1
[INFO] [stderr]     Checking reqwest v0.11.5
[INFO] [stderr]     Checking tugger-common v0.4.0
[INFO] [stderr]     Checking tugger-windows v0.6.0
[INFO] [stderr]     Checking tugger-windows-codesign v0.4.0 (/opt/rustwide/workdir)
[INFO] [stdout] error[E0599]: no method named `contains_key` found for reference `&[X509Extension<'_>]` in the current scope
[INFO] [stdout]    --> src/signing.rs:236:14
[INFO] [stdout]     |
[INFO] [stdout] 236 |             .contains_key(&subject_key_identifier_oid));
[INFO] [stdout]     |              ^^^^^^^^^^^^ help: there is an associated function with a similar name: `contains`
[INFO] [stdout] 
[INFO] [stdout] 
[INFO] [stdout] error[E0277]: the type `[X509Extension<'_>]` cannot be indexed by `&der_parser::oid::Oid<'_>`
[INFO] [stdout]    --> src/signing.rs:238:40
[INFO] [stdout]     |
[INFO] [stdout] 238 |             generated.extensions().get(&subject_key_identifier_oid),
[INFO] [stdout]     |                                        ^^^^^^^^^^^^^^^^^^^^^^^^^^^ slice indices are of type `usize` or ranges of `usize`
[INFO] [stdout]     |
[INFO] [stdout]     = help: the trait `SliceIndex<[X509Extension<'_>]>` is not implemented for `&der_parser::oid::Oid<'_>`
[INFO] [stdout] 
[INFO] [stdout] 
[INFO] [stdout] error[E0277]: the type `[X509Extension<'_>]` cannot be indexed by `&der_parser::oid::Oid<'_>`
[INFO] [stdout]    --> src/signing.rs:239:41
[INFO] [stdout]     |
[INFO] [stdout] 239 |             powershell.extensions().get(&subject_key_identifier_oid),
[INFO] [stdout]     |                                         ^^^^^^^^^^^^^^^^^^^^^^^^^^^ slice indices are of type `usize` or ranges of `usize`
[INFO] [stdout]     |
[INFO] [stdout]     = help: the trait `SliceIndex<[X509Extension<'_>]>` is not implemented for `&der_parser::oid::Oid<'_>`
[INFO] [stdout] 
[INFO] [stdout] 
[INFO] [stdout] error[E0599]: no method named `contains_key` found for reference `&[X509Extension<'_>]` in the current scope
[INFO] [stdout]    --> src/signing.rs:242:40
[INFO] [stdout]     |
[INFO] [stdout] 242 |         assert!(generated.extensions().contains_key(&basic_constraints_oid));
[INFO] [stdout]     |                                        ^^^^^^^^^^^^ help: there is an associated function with a similar name: `contains`
[INFO] [stdout] 
[INFO] [stdout] 
[INFO] [stdout] error[E0599]: no method named `contains_key` found for reference `&[X509Extension<'_>]` in the current scope
[INFO] [stdout]    --> src/signing.rs:243:42
[INFO] [stdout]     |
[INFO] [stdout] 243 |         assert!(!powershell.extensions().contains_key(&basic_constraints_oid));
[INFO] [stdout]     |                                          ^^^^^^^^^^^^ help: there is an associated function with a similar name: `contains`
[INFO] [stdout] 
[INFO] [stdout] 
[INFO] [stdout] error[E0599]: no method named `contains_key` found for reference `&[X509Extension<'_>]` in the current scope
[INFO] [stdout]    --> src/signing.rs:247:14
[INFO] [stdout]     |
[INFO] [stdout] 247 |             .contains_key(&subject_alternative_name_oid));
[INFO] [stdout]     |              ^^^^^^^^^^^^ help: there is an associated function with a similar name: `contains`
[INFO] [stdout] 
[INFO] [stdout] 
[INFO] [stdout] error[E0277]: the type `[X509Extension<'_>]` cannot be indexed by `&der_parser::oid::Oid<'_>`
[INFO] [stdout]    --> src/signing.rs:249:40
[INFO] [stdout]     |
[INFO] [stdout] 249 |             generated.extensions().get(&subject_alternative_name_oid),
[INFO] [stdout]     |                                        ^^^^^^^^^^^^^^^^^^^^^^^^^^^^^ slice indices are of type `usize` or ranges of `usize`
[INFO] [stdout]     |
[INFO] [stdout]     = help: the trait `SliceIndex<[X509Extension<'_>]>` is not implemented for `&der_parser::oid::Oid<'_>`
[INFO] [stdout] 
[INFO] [stdout] 
[INFO] [stdout] error[E0277]: the type `[X509Extension<'_>]` cannot be indexed by `&der_parser::oid::Oid<'_>`
[INFO] [stdout]    --> src/signing.rs:250:41
[INFO] [stdout]     |
[INFO] [stdout] 250 |             powershell.extensions().get(&subject_alternative_name_oid),
[INFO] [stdout]     |                                         ^^^^^^^^^^^^^^^^^^^^^^^^^^^^^ slice indices are of type `usize` or ranges of `usize`
[INFO] [stdout]     |
[INFO] [stdout]     = help: the trait `SliceIndex<[X509Extension<'_>]>` is not implemented for `&der_parser::oid::Oid<'_>`
[INFO] [stdout] 
[INFO] [stdout] 
[INFO] [stdout] error[E0599]: no method named `contains_key` found for reference `&[X509Extension<'_>]` in the current scope
[INFO] [stdout]    --> src/signing.rs:254:40
[INFO] [stdout]     |
[INFO] [stdout] 254 |         assert!(generated.extensions().contains_key(&extended_usage_oid));
[INFO] [stdout]     |                                        ^^^^^^^^^^^^ help: there is an associated function with a similar name: `contains`
[INFO] [stdout] 
[INFO] [stdout] 
[INFO] [stdout] error[E0277]: the type `[X509Extension<'_>]` cannot be indexed by `&der_parser::oid::Oid<'_>`
[INFO] [stdout]    --> src/signing.rs:256:40
[INFO] [stdout]     |
[INFO] [stdout] 256 |             generated.extensions().get(&extended_usage_oid),
[INFO] [stdout]     |                                        ^^^^^^^^^^^^^^^^^^^ slice indices are of type `usize` or ranges of `usize`
[INFO] [stdout]     |
[INFO] [stdout]     = help: the trait `SliceIndex<[X509Extension<'_>]>` is not implemented for `&der_parser::oid::Oid<'_>`
[INFO] [stdout] 
[INFO] [stdout] 
[INFO] [stdout] error[E0277]: the type `[X509Extension<'_>]` cannot be indexed by `&der_parser::oid::Oid<'_>`
[INFO] [stdout]    --> src/signing.rs:257:41
[INFO] [stdout]     |
[INFO] [stdout] 257 |             powershell.extensions().get(&extended_usage_oid),
[INFO] [stdout]     |                                         ^^^^^^^^^^^^^^^^^^^ slice indices are of type `usize` or ranges of `usize`
[INFO] [stdout]     |
[INFO] [stdout]     = help: the trait `SliceIndex<[X509Extension<'_>]>` is not implemented for `&der_parser::oid::Oid<'_>`
[INFO] [stdout] 
[INFO] [stdout] 
[INFO] [stdout] error[E0599]: no method named `contains_key` found for reference `&[X509Extension<'_>]` in the current scope
[INFO] [stdout]    --> src/signing.rs:261:40
[INFO] [stdout]     |
[INFO] [stdout] 261 |         assert!(generated.extensions().contains_key(&key_usage_oid));
[INFO] [stdout]     |                                        ^^^^^^^^^^^^ help: there is an associated function with a similar name: `contains`
[INFO] [stdout] 
[INFO] [stdout] 
[INFO] [stdout] error[E0277]: the type `[X509Extension<'_>]` cannot be indexed by `&der_parser::oid::Oid<'_>`
[INFO] [stdout]    --> src/signing.rs:263:40
[INFO] [stdout]     |
[INFO] [stdout] 263 |             generated.extensions().get(&key_usage_oid),
[INFO] [stdout]     |                                        ^^^^^^^^^^^^^^ slice indices are of type `usize` or ranges of `usize`
[INFO] [stdout]     |
[INFO] [stdout]     = help: the trait `SliceIndex<[X509Extension<'_>]>` is not implemented for `&der_parser::oid::Oid<'_>`
[INFO] [stdout] 
[INFO] [stdout] 
[INFO] [stdout] error[E0277]: the type `[X509Extension<'_>]` cannot be indexed by `&der_parser::oid::Oid<'_>`
[INFO] [stdout]    --> src/signing.rs:264:41
[INFO] [stdout]     |
[INFO] [stdout] 264 |             powershell.extensions().get(&key_usage_oid),
[INFO] [stdout]     |                                         ^^^^^^^^^^^^^^ slice indices are of type `usize` or ranges of `usize`
[INFO] [stdout]     |
[INFO] [stdout]     = help: the trait `SliceIndex<[X509Extension<'_>]>` is not implemented for `&der_parser::oid::Oid<'_>`
[INFO] [stdout] 
[INFO] [stdout] 
[INFO] [stdout] error[E0308]: mismatched types
[INFO] [stdout]    --> src/signing.rs:273:26
[INFO] [stdout]     |
[INFO] [stdout] 273 |             .filter_map(|(k, ext)| {
[INFO] [stdout]     |                          ^^^^^^^-
[INFO] [stdout]     |                          |      |
[INFO] [stdout]     |                          |      expected due to this
[INFO] [stdout]     |                          expected struct `X509Extension`, found tuple
[INFO] [stdout]     |
[INFO] [stdout]     = note: expected struct `X509Extension<'_>`
[INFO] [stdout]                 found tuple `(_, _)`
[INFO] [stdout] 
[INFO] [stdout] 
[INFO] [stdout] error[E0308]: mismatched types
[INFO] [stdout]    --> src/signing.rs:284:26
[INFO] [stdout]     |
[INFO] [stdout] 284 |             .filter_map(|(k, ext)| {
[INFO] [stdout]     |                          ^^^^^^^-
[INFO] [stdout]     |                          |      |
[INFO] [stdout]     |                          |      expected due to this
[INFO] [stdout]     |                          expected struct `X509Extension`, found tuple
[INFO] [stdout]     |
[INFO] [stdout]     = note: expected struct `X509Extension<'_>`
[INFO] [stdout]                 found tuple `(_, _)`
[INFO] [stdout] 
[INFO] [stdout] 
[INFO] [stdout] error: aborting due to 16 previous errors
[INFO] [stdout] 
[INFO] [stdout] 
[INFO] [stdout] Some errors have detailed explanations: E0277, E0308, E0599.
[INFO] [stdout] 
[INFO] [stdout] For more information about an error, try `rustc --explain E0277`.
[INFO] [stdout] 
[INFO] [stderr] error: could not compile `tugger-windows-codesign` due to 17 previous errors
[INFO] running `Command { std: "docker" "inspect" "4d30bcdd0540f921c1658aef160070f441ed69b4983fb316d5303d65c3e87997", kill_on_drop: false }`
[INFO] running `Command { std: "docker" "rm" "-f" "4d30bcdd0540f921c1658aef160070f441ed69b4983fb316d5303d65c3e87997", kill_on_drop: false }`
[INFO] [stdout] 4d30bcdd0540f921c1658aef160070f441ed69b4983fb316d5303d65c3e87997
