[INFO] fetching crate try_or_wrap 0.0.5...
[INFO] checking try_or_wrap-0.0.5 against 1.55.0 for beta-1.56-3
[INFO] extracting crate try_or_wrap 0.0.5 into /workspace/builds/worker-11/source
[INFO] validating manifest of crates.io crate try_or_wrap 0.0.5 on toolchain 1.55.0
[INFO] running `Command { std: "/workspace/cargo-home/bin/cargo" "+1.55.0" "metadata" "--manifest-path" "Cargo.toml" "--no-deps", kill_on_drop: false }`
[INFO] started tweaking crates.io crate try_or_wrap 0.0.5
[INFO] finished tweaking crates.io crate try_or_wrap 0.0.5
[INFO] tweaked toml for crates.io crate try_or_wrap 0.0.5 written to /workspace/builds/worker-11/source/Cargo.toml
[INFO] running `Command { std: "/workspace/cargo-home/bin/cargo" "+1.55.0" "generate-lockfile" "--manifest-path" "Cargo.toml" "-Zno-index-update", kill_on_drop: false }`
[INFO] running `Command { std: "/workspace/cargo-home/bin/cargo" "+1.55.0" "fetch" "--manifest-path" "Cargo.toml", kill_on_drop: false }`
[INFO] running `Command { std: "docker" "create" "-v" "/var/lib/crater-agent-workspace/builds/worker-11/target:/opt/rustwide/target:rw,Z" "-v" "/var/lib/crater-agent-workspace/builds/worker-11/source:/opt/rustwide/workdir:ro,Z" "-v" "/var/lib/crater-agent-workspace/cargo-home:/opt/rustwide/cargo-home:ro,Z" "-v" "/var/lib/crater-agent-workspace/rustup-home:/opt/rustwide/rustup-home:ro,Z" "-e" "SOURCE_DIR=/opt/rustwide/workdir" "-e" "CARGO_TARGET_DIR=/opt/rustwide/target" "-e" "CARGO_HOME=/opt/rustwide/cargo-home" "-e" "RUSTUP_HOME=/opt/rustwide/rustup-home" "-w" "/opt/rustwide/workdir" "-m" "1610612736" "--user" "0:0" "--network" "none" "ghcr.io/rust-lang/crates-build-env/linux@sha256:a89201d6b5b9fd45c15d5952ece0a0129e7e80cb26ec023fd59cf09bc26f1604" "/opt/rustwide/cargo-home/bin/cargo" "+1.55.0" "metadata" "--no-deps" "--format-version=1", kill_on_drop: false }`
[INFO] [stdout] b10ad8f8a1f6c62db68e1c8f67fa259384f6af94b0b606ebf93d235399484649
[INFO] [stderr] WARNING: Your kernel does not support swap limit capabilities or the cgroup is not mounted. Memory limited without swap.
[INFO] running `Command { std: "docker" "start" "-a" "b10ad8f8a1f6c62db68e1c8f67fa259384f6af94b0b606ebf93d235399484649", kill_on_drop: false }`
[INFO] running `Command { std: "docker" "inspect" "b10ad8f8a1f6c62db68e1c8f67fa259384f6af94b0b606ebf93d235399484649", kill_on_drop: false }`
[INFO] running `Command { std: "docker" "rm" "-f" "b10ad8f8a1f6c62db68e1c8f67fa259384f6af94b0b606ebf93d235399484649", kill_on_drop: false }`
[INFO] [stdout] b10ad8f8a1f6c62db68e1c8f67fa259384f6af94b0b606ebf93d235399484649
[INFO] running `Command { std: "docker" "create" "-v" "/var/lib/crater-agent-workspace/builds/worker-11/target:/opt/rustwide/target:rw,Z" "-v" "/var/lib/crater-agent-workspace/builds/worker-11/source:/opt/rustwide/workdir:ro,Z" "-v" "/var/lib/crater-agent-workspace/cargo-home:/opt/rustwide/cargo-home:ro,Z" "-v" "/var/lib/crater-agent-workspace/rustup-home:/opt/rustwide/rustup-home:ro,Z" "-e" "SOURCE_DIR=/opt/rustwide/workdir" "-e" "CARGO_TARGET_DIR=/opt/rustwide/target" "-e" "CARGO_INCREMENTAL=0" "-e" "RUST_BACKTRACE=full" "-e" "RUSTFLAGS=--cap-lints=warn" "-e" "CARGO_HOME=/opt/rustwide/cargo-home" "-e" "RUSTUP_HOME=/opt/rustwide/rustup-home" "-w" "/opt/rustwide/workdir" "-m" "1610612736" "--user" "0:0" "--network" "none" "ghcr.io/rust-lang/crates-build-env/linux@sha256:a89201d6b5b9fd45c15d5952ece0a0129e7e80cb26ec023fd59cf09bc26f1604" "/opt/rustwide/cargo-home/bin/cargo" "+1.55.0" "check" "--frozen" "--all" "--all-targets" "--message-format=json", kill_on_drop: false }`
[INFO] [stderr] WARNING: Your kernel does not support swap limit capabilities or the cgroup is not mounted. Memory limited without swap.
[INFO] [stdout] cf16b4599692255d0d77188ada93f1c57d47aa7210e071ab6b50c4e5bfd300e4
[INFO] running `Command { std: "docker" "start" "-a" "cf16b4599692255d0d77188ada93f1c57d47aa7210e071ab6b50c4e5bfd300e4", kill_on_drop: false }`
[INFO] [stderr]     Checking try_or_wrap v0.0.5 (/opt/rustwide/workdir)
[INFO] [stdout] error: cannot find derive macro `Show` in this scope
[INFO] [stdout]   --> src/lib.rs:29:20
[INFO] [stdout]    |
[INFO] [stdout] 29 | #[derive(PartialEq,Show)]
[INFO] [stdout]    |                    ^^^^
[INFO] [stdout] 
[INFO] [stdout] 
[INFO] [stdout] error: cannot find derive macro `Show` in this scope
[INFO] [stdout]   --> src/lib.rs:35:20
[INFO] [stdout]    |
[INFO] [stdout] 35 | #[derive(PartialEq,Show)]
[INFO] [stdout]    |                    ^^^^
[INFO] [stdout] 
[INFO] [stdout] 
[INFO] [stdout] error: cannot find derive macro `Show` in this scope
[INFO] [stdout]   --> src/lib.rs:41:20
[INFO] [stdout]    |
[INFO] [stdout] 41 | #[derive(PartialEq,Show)]
[INFO] [stdout]    |                    ^^^^
[INFO] [stdout] 
[INFO] [stdout] 
[INFO] [stdout] error[E0277]: `ErrorWrapper` doesn't implement `Debug`
[INFO] [stdout]   --> src/lib.rs:72:5
[INFO] [stdout]    |
[INFO] [stdout] 72 |     assert_eq!(Err(ErrorWrapper::WrapA(ErrorTypeA::Fail)), try_both(false, false));
[INFO] [stdout]    |     ^^^^^^^^^^^^^^^^^^^^^^^^^^^^^^^^^^^^^^^^^^^^^^^^^^^^^^^^^^^^^^^^^^^^^^^^^^^^^^^ `ErrorWrapper` cannot be formatted using `{:?}`
[INFO] [stdout]    |
[INFO] [stdout]    = help: the trait `Debug` is not implemented for `ErrorWrapper`
[INFO] [stdout]    = note: add `#[derive(Debug)]` to `ErrorWrapper` or manually `impl Debug for ErrorWrapper`
[INFO] [stdout]    = note: this error originates in the macro `assert_eq` (in Nightly builds, run with -Z macro-backtrace for more info)
[INFO] [stdout] 
[INFO] [stdout] 
[INFO] [stdout] error[E0277]: `ErrorWrapper` doesn't implement `Debug`
[INFO] [stdout]   --> src/lib.rs:77:5
[INFO] [stdout]    |
[INFO] [stdout] 77 |     assert_eq!(Err(ErrorWrapper::WrapB(ErrorTypeB::Fail)), try_both(true, false));
[INFO] [stdout]    |     ^^^^^^^^^^^^^^^^^^^^^^^^^^^^^^^^^^^^^^^^^^^^^^^^^^^^^^^^^^^^^^^^^^^^^^^^^^^^^^ `ErrorWrapper` cannot be formatted using `{:?}`
[INFO] [stdout]    |
[INFO] [stdout]    = help: the trait `Debug` is not implemented for `ErrorWrapper`
[INFO] [stdout]    = note: add `#[derive(Debug)]` to `ErrorWrapper` or manually `impl Debug for ErrorWrapper`
[INFO] [stdout]    = note: this error originates in the macro `assert_eq` (in Nightly builds, run with -Z macro-backtrace for more info)
[INFO] [stdout] 
[INFO] [stdout] 
[INFO] [stdout] error[E0277]: `ErrorWrapper` doesn't implement `Debug`
[INFO] [stdout]   --> src/lib.rs:82:5
[INFO] [stdout]    |
[INFO] [stdout] 82 |     assert_eq!(Ok(()), try_both(true, true));
[INFO] [stdout]    |     ^^^^^^^^^^^^^^^^^^^^^^^^^^^^^^^^^^^^^^^^^ `ErrorWrapper` cannot be formatted using `{:?}`
[INFO] [stdout]    |
[INFO] [stdout]    = help: the trait `Debug` is not implemented for `ErrorWrapper`
[INFO] [stdout]    = note: add `#[derive(Debug)]` to `ErrorWrapper` or manually `impl Debug for ErrorWrapper`
[INFO] [stdout]    = note: this error originates in the macro `assert_eq` (in Nightly builds, run with -Z macro-backtrace for more info)
[INFO] [stdout] 
[INFO] [stdout] 
[INFO] [stdout] error: aborting due to 6 previous errors
[INFO] [stdout] 
[INFO] [stdout] 
[INFO] [stdout] For more information about this error, try `rustc --explain E0277`.
[INFO] [stdout] 
[INFO] [stderr] error: could not compile `try_or_wrap` due to 7 previous errors
[INFO] running `Command { std: "docker" "inspect" "cf16b4599692255d0d77188ada93f1c57d47aa7210e071ab6b50c4e5bfd300e4", kill_on_drop: false }`
[INFO] running `Command { std: "docker" "rm" "-f" "cf16b4599692255d0d77188ada93f1c57d47aa7210e071ab6b50c4e5bfd300e4", kill_on_drop: false }`
[INFO] [stdout] cf16b4599692255d0d77188ada93f1c57d47aa7210e071ab6b50c4e5bfd300e4
