[INFO] fetching crate trillium-smol 0.2.0...
[INFO] checking trillium-smol-0.2.0 against 1.55.0 for beta-1.56-3
[INFO] extracting crate trillium-smol 0.2.0 into /workspace/builds/worker-84/source
[INFO] validating manifest of crates.io crate trillium-smol 0.2.0 on toolchain 1.55.0
[INFO] running `Command { std: "/workspace/cargo-home/bin/cargo" "+1.55.0" "metadata" "--manifest-path" "Cargo.toml" "--no-deps", kill_on_drop: false }`
[INFO] started tweaking crates.io crate trillium-smol 0.2.0
[INFO] removed 0 missing examples
[INFO] finished tweaking crates.io crate trillium-smol 0.2.0
[INFO] tweaked toml for crates.io crate trillium-smol 0.2.0 written to /workspace/builds/worker-84/source/Cargo.toml
[INFO] crate crates.io crate trillium-smol 0.2.0 already has a lockfile, it will not be regenerated
[INFO] running `Command { std: "/workspace/cargo-home/bin/cargo" "+1.55.0" "fetch" "--manifest-path" "Cargo.toml", kill_on_drop: false }`
[INFO] [stderr]     Blocking waiting for file lock on package cache
[INFO] [stderr]     Blocking waiting for file lock on package cache
[INFO] running `Command { std: "docker" "create" "-v" "/var/lib/crater-agent-workspace/builds/worker-84/target:/opt/rustwide/target:rw,Z" "-v" "/var/lib/crater-agent-workspace/builds/worker-84/source:/opt/rustwide/workdir:ro,Z" "-v" "/var/lib/crater-agent-workspace/cargo-home:/opt/rustwide/cargo-home:ro,Z" "-v" "/var/lib/crater-agent-workspace/rustup-home:/opt/rustwide/rustup-home:ro,Z" "-e" "SOURCE_DIR=/opt/rustwide/workdir" "-e" "CARGO_TARGET_DIR=/opt/rustwide/target" "-e" "CARGO_HOME=/opt/rustwide/cargo-home" "-e" "RUSTUP_HOME=/opt/rustwide/rustup-home" "-w" "/opt/rustwide/workdir" "-m" "1610612736" "--user" "0:0" "--network" "none" "ghcr.io/rust-lang/crates-build-env/linux@sha256:a89201d6b5b9fd45c15d5952ece0a0129e7e80cb26ec023fd59cf09bc26f1604" "/opt/rustwide/cargo-home/bin/cargo" "+1.55.0" "metadata" "--no-deps" "--format-version=1", kill_on_drop: false }`
[INFO] [stdout] becaaa4c6217b514d7b0d58f966ff4e8f6d69c342cad356bff77ed89272aa088
[INFO] running `Command { std: "docker" "start" "-a" "becaaa4c6217b514d7b0d58f966ff4e8f6d69c342cad356bff77ed89272aa088", kill_on_drop: false }`
[INFO] running `Command { std: "docker" "inspect" "becaaa4c6217b514d7b0d58f966ff4e8f6d69c342cad356bff77ed89272aa088", kill_on_drop: false }`
[INFO] running `Command { std: "docker" "rm" "-f" "becaaa4c6217b514d7b0d58f966ff4e8f6d69c342cad356bff77ed89272aa088", kill_on_drop: false }`
[INFO] [stdout] becaaa4c6217b514d7b0d58f966ff4e8f6d69c342cad356bff77ed89272aa088
[INFO] running `Command { std: "docker" "create" "-v" "/var/lib/crater-agent-workspace/builds/worker-84/target:/opt/rustwide/target:rw,Z" "-v" "/var/lib/crater-agent-workspace/builds/worker-84/source:/opt/rustwide/workdir:ro,Z" "-v" "/var/lib/crater-agent-workspace/cargo-home:/opt/rustwide/cargo-home:ro,Z" "-v" "/var/lib/crater-agent-workspace/rustup-home:/opt/rustwide/rustup-home:ro,Z" "-e" "SOURCE_DIR=/opt/rustwide/workdir" "-e" "CARGO_TARGET_DIR=/opt/rustwide/target" "-e" "CARGO_INCREMENTAL=0" "-e" "RUST_BACKTRACE=full" "-e" "RUSTFLAGS=--cap-lints=warn" "-e" "CARGO_HOME=/opt/rustwide/cargo-home" "-e" "RUSTUP_HOME=/opt/rustwide/rustup-home" "-w" "/opt/rustwide/workdir" "-m" "1610612736" "--user" "0:0" "--network" "none" "ghcr.io/rust-lang/crates-build-env/linux@sha256:a89201d6b5b9fd45c15d5952ece0a0129e7e80cb26ec023fd59cf09bc26f1604" "/opt/rustwide/cargo-home/bin/cargo" "+1.55.0" "check" "--frozen" "--all" "--all-targets" "--message-format=json", kill_on_drop: false }`
[INFO] [stdout] 3f802f515b2bedb718fa6ab9dc102f6ea76cc30d82a9084f34a01176768dfb56
[INFO] running `Command { std: "docker" "start" "-a" "3f802f515b2bedb718fa6ab9dc102f6ea76cc30d82a9084f34a01176768dfb56", kill_on_drop: false }`
[INFO] [stderr]     Blocking waiting for file lock on package cache
[INFO] [stderr]    Compiling libc v0.2.101
[INFO] [stderr]    Compiling memchr v2.4.1
[INFO] [stderr]    Compiling futures-core v0.3.16
[INFO] [stderr]    Compiling proc-macro2 v1.0.28
[INFO] [stderr]    Compiling unicode-xid v0.2.2
[INFO] [stderr]     Checking parking v2.0.0
[INFO] [stderr]     Checking fastrand v1.5.0
[INFO] [stderr]     Checking pin-project-lite v0.2.7
[INFO] [stderr]     Checking futures-io v0.3.16
[INFO] [stderr]     Checking waker-fn v1.1.0
[INFO] [stderr]    Compiling syn v1.0.75
[INFO] [stderr]    Compiling log v0.4.14
[INFO] [stderr]     Checking once_cell v1.8.0
[INFO] [stderr]     Checking slab v0.4.4
[INFO] [stderr]     Checking cache-padded v1.1.1
[INFO] [stderr]    Compiling crossbeam-utils v0.8.5
[INFO] [stderr]    Compiling version_check v0.9.3
[INFO] [stderr]     Checking tinyvec_macros v0.1.0
[INFO] [stderr]    Compiling encoding_rs v0.8.28
[INFO] [stderr]     Checking static_assertions v1.1.0
[INFO] [stderr]     Checking event-listener v2.5.1
[INFO] [stderr]     Checking matches v0.1.9
[INFO] [stderr]    Compiling httparse v1.5.1
[INFO] [stderr]    Compiling async-trait v0.1.51
[INFO] [stderr]     Checking atomic-waker v1.0.0
[INFO] [stderr]     Checking async-task v4.0.3
[INFO] [stderr]     Checking percent-encoding v2.1.0
[INFO] [stderr]     Checking unicode-bidi v0.3.6
[INFO] [stderr]     Checking memmem v0.1.1
[INFO] [stderr]     Checking mime v0.3.16
[INFO] [stderr]     Checking httpdate v1.0.1
[INFO] [stderr]    Compiling signal-hook v0.3.9
[INFO] [stderr]     Checking smallvec v1.6.1
[INFO] [stderr]     Checking regex-syntax v0.6.25
[INFO] [stderr]     Checking humantime v2.1.0
[INFO] [stderr]     Checking termcolor v1.1.2
[INFO] [stderr]     Checking tinyvec v1.3.1
[INFO] [stderr]     Checking concurrent-queue v1.2.2
[INFO] [stderr]     Checking smartstring v0.2.9
[INFO] [stderr]     Checking async-mutex v1.4.0
[INFO] [stderr]    Compiling ahash v0.7.4
[INFO] [stderr]     Checking form_urlencoded v1.0.1
[INFO] [stderr]     Checking smartcow v0.1.0
[INFO] [stderr]     Checking waker-set v0.2.0
[INFO] [stderr]     Checking aho-corasick v0.7.18
[INFO] [stderr]     Checking getrandom v0.2.3
[INFO] [stderr]     Checking socket2 v0.4.1
[INFO] [stderr]     Checking signal-hook-registry v1.4.0
[INFO] [stderr]     Checking rlimit v0.6.2
[INFO] [stderr]     Checking num_cpus v1.13.0
[INFO] [stderr]     Checking atty v0.2.14
[INFO] [stderr]     Checking unicode-normalization v0.1.19
[INFO] [stderr]     Checking regex v1.5.4
[INFO] [stderr]    Compiling quote v1.0.9
[INFO] [stderr]     Checking futures-lite v1.12.0
[INFO] [stderr]     Checking async-channel v1.6.1
[INFO] [stderr]     Checking polling v2.1.0
[INFO] [stderr]     Checking hashbrown v0.11.2
[INFO] [stderr]     Checking async-io v1.6.0
[INFO] [stderr]     Checking blocking v1.0.2
[INFO] [stderr]     Checking async-executor v1.4.1
[INFO] [stderr]     Checking idna v0.2.3
[INFO] [stderr]     Checking env_logger v0.9.0
[INFO] [stderr]     Checking signal-hook-async-std v0.2.1
[INFO] [stderr]     Checking async-global-executor v2.0.2
[INFO] [stderr]     Checking async-net v1.6.1
[INFO] [stderr]     Checking url v2.2.2
[INFO] [stderr]    Compiling pin-project-internal v1.0.8
[INFO] [stderr]    Compiling thiserror-impl v1.0.26
[INFO] [stderr]     Checking trillium-tls-common v0.1.0
[INFO] [stderr]     Checking thiserror v1.0.26
[INFO] [stderr]     Checking pin-project v1.0.8
[INFO] [stderr]     Checking stopper v0.2.0
[INFO] [stderr]     Checking trillium-http v0.2.0
[INFO] [stderr]     Checking trillium v0.2.0
[INFO] [stderr]     Checking trillium-server-common v0.3.0
[INFO] [stderr]     Checking trillium-smol v0.2.0 (/opt/rustwide/workdir)
[INFO] [stdout] error[E0433]: failed to resolve: use of undeclared crate or module `trillium_testing`
[INFO] [stdout]   --> examples/smol.rs:23:9
[INFO] [stdout]    |
[INFO] [stdout] 23 |     use trillium_testing::prelude::*;
[INFO] [stdout]    |         ^^^^^^^^^^^^^^^^ use of undeclared crate or module `trillium_testing`
[INFO] [stdout] 
[INFO] [stdout] 
[INFO] [stdout] error[E0433]: failed to resolve: use of undeclared crate or module `trillium_logger`
[INFO] [stdout]  --> examples/smol.rs:4:52
[INFO] [stdout]   |
[INFO] [stdout] 4 |         trillium_logger::Logger::new().with_target(trillium_logger::Target::Stdout),
[INFO] [stdout]   |                                                    ^^^^^^^^^^^^^^^ use of undeclared crate or module `trillium_logger`
[INFO] [stdout] 
[INFO] [stdout] 
[INFO] [stdout] error[E0433]: failed to resolve: use of undeclared crate or module `trillium_logger`
[INFO] [stdout]  --> examples/smol.rs:4:26
[INFO] [stdout]   |
[INFO] [stdout] 4 |         trillium_logger::Logger::new().with_target(trillium_logger::Target::Stdout),
[INFO] [stdout]   |                          ^^^^^^ not found in `trillium_logger`
[INFO] [stdout]   |
[INFO] [stdout] help: consider importing this struct
[INFO] [stdout]   |
[INFO] [stdout] 1 | use env_logger::Logger;
[INFO] [stdout]   |
[INFO] [stdout] 
[INFO] [stdout] 
[INFO] [stdout] error: cannot find macro `assert_ok` in this scope
[INFO] [stdout]   --> examples/smol.rs:27:9
[INFO] [stdout]    |
[INFO] [stdout] 27 |           assert_ok!(get("/").on(&app), "successfully spawned a task");
[INFO] [stdout]    |           ^^^^^^^^^ help: a macro with a similar name exists: `assert_eq`
[INFO] [stdout] 
[INFO] [stdout] 
[INFO] [stdout] error[E0433]: failed to resolve: use of undeclared crate or module `trillium_logger`
[INFO] [stdout]  --> examples/smol.rs:4:52
[INFO] [stdout]   |
[INFO] [stdout] 4 |         trillium_logger::Logger::new().with_target(trillium_logger::Target::Stdout),
[INFO] [stdout]   |                                                    ^^^^^^^^^^^^^^^ use of undeclared crate or module `trillium_logger`
[INFO] [stdout] 
[INFO] [stdout] 
[INFO] [stdout] error[E0433]: failed to resolve: use of undeclared crate or module `trillium_logger`
[INFO] [stdout]  --> examples/smol.rs:4:26
[INFO] [stdout]   |
[INFO] [stdout] 4 |         trillium_logger::Logger::new().with_target(trillium_logger::Target::Stdout),
[INFO] [stdout]   |                          ^^^^^^ not found in `trillium_logger`
[INFO] [stdout]   |
[INFO] [stdout] help: consider importing this struct
[INFO] [stdout]   |
[INFO] [stdout] 1 | use env_logger::Logger;
[INFO] [stdout]   |
[INFO] [stdout] 
[INFO] [stdout] 
[INFO] [stdout] error: aborting due to 2 previous errors
[INFO] [stdout] 
[INFO] [stdout] 
[INFO] [stdout] For more information about this error, try `rustc --explain E0433`.
[INFO] [stdout] 
[INFO] [stderr] error: could not compile `trillium-smol` due to 3 previous errors
[INFO] [stderr] warning: build failed, waiting for other jobs to finish...
[INFO] [stdout] error: aborting due to 4 previous errors
[INFO] [stdout] 
[INFO] [stdout] 
[INFO] [stdout] For more information about this error, try `rustc --explain E0433`.
[INFO] [stdout] 
[INFO] [stderr] error: build failed
[INFO] running `Command { std: "docker" "inspect" "3f802f515b2bedb718fa6ab9dc102f6ea76cc30d82a9084f34a01176768dfb56", kill_on_drop: false }`
[INFO] running `Command { std: "docker" "rm" "-f" "3f802f515b2bedb718fa6ab9dc102f6ea76cc30d82a9084f34a01176768dfb56", kill_on_drop: false }`
[INFO] [stdout] 3f802f515b2bedb718fa6ab9dc102f6ea76cc30d82a9084f34a01176768dfb56
