[INFO] fetching crate trillium-proxy 0.2.0...
[INFO] checking trillium-proxy-0.2.0 against 1.55.0 for beta-1.56-3
[INFO] extracting crate trillium-proxy 0.2.0 into /workspace/builds/worker-3/source
[INFO] validating manifest of crates.io crate trillium-proxy 0.2.0 on toolchain 1.55.0
[INFO] running `Command { std: "/workspace/cargo-home/bin/cargo" "+1.55.0" "metadata" "--manifest-path" "Cargo.toml" "--no-deps", kill_on_drop: false }`
[INFO] started tweaking crates.io crate trillium-proxy 0.2.0
[INFO] finished tweaking crates.io crate trillium-proxy 0.2.0
[INFO] tweaked toml for crates.io crate trillium-proxy 0.2.0 written to /workspace/builds/worker-3/source/Cargo.toml
[INFO] crate crates.io crate trillium-proxy 0.2.0 already has a lockfile, it will not be regenerated
[INFO] running `Command { std: "/workspace/cargo-home/bin/cargo" "+1.55.0" "fetch" "--manifest-path" "Cargo.toml", kill_on_drop: false }`
[INFO] [stderr]     Blocking waiting for file lock on package cache
[INFO] running `Command { std: "docker" "create" "-v" "/var/lib/crater-agent-workspace/builds/worker-3/target:/opt/rustwide/target:rw,Z" "-v" "/var/lib/crater-agent-workspace/builds/worker-3/source:/opt/rustwide/workdir:ro,Z" "-v" "/var/lib/crater-agent-workspace/cargo-home:/opt/rustwide/cargo-home:ro,Z" "-v" "/var/lib/crater-agent-workspace/rustup-home:/opt/rustwide/rustup-home:ro,Z" "-e" "SOURCE_DIR=/opt/rustwide/workdir" "-e" "CARGO_TARGET_DIR=/opt/rustwide/target" "-e" "CARGO_HOME=/opt/rustwide/cargo-home" "-e" "RUSTUP_HOME=/opt/rustwide/rustup-home" "-w" "/opt/rustwide/workdir" "-m" "1610612736" "--user" "0:0" "--network" "none" "ghcr.io/rust-lang/crates-build-env/linux@sha256:a89201d6b5b9fd45c15d5952ece0a0129e7e80cb26ec023fd59cf09bc26f1604" "/opt/rustwide/cargo-home/bin/cargo" "+1.55.0" "metadata" "--no-deps" "--format-version=1", kill_on_drop: false }`
[INFO] [stdout] a97fa8d9805ee0fa551b9933327ef0bde91719c3589a9383a839dc9caf36510f
[INFO] running `Command { std: "docker" "start" "-a" "a97fa8d9805ee0fa551b9933327ef0bde91719c3589a9383a839dc9caf36510f", kill_on_drop: false }`
[INFO] running `Command { std: "docker" "inspect" "a97fa8d9805ee0fa551b9933327ef0bde91719c3589a9383a839dc9caf36510f", kill_on_drop: false }`
[INFO] running `Command { std: "docker" "rm" "-f" "a97fa8d9805ee0fa551b9933327ef0bde91719c3589a9383a839dc9caf36510f", kill_on_drop: false }`
[INFO] [stdout] a97fa8d9805ee0fa551b9933327ef0bde91719c3589a9383a839dc9caf36510f
[INFO] running `Command { std: "docker" "create" "-v" "/var/lib/crater-agent-workspace/builds/worker-3/target:/opt/rustwide/target:rw,Z" "-v" "/var/lib/crater-agent-workspace/builds/worker-3/source:/opt/rustwide/workdir:ro,Z" "-v" "/var/lib/crater-agent-workspace/cargo-home:/opt/rustwide/cargo-home:ro,Z" "-v" "/var/lib/crater-agent-workspace/rustup-home:/opt/rustwide/rustup-home:ro,Z" "-e" "SOURCE_DIR=/opt/rustwide/workdir" "-e" "CARGO_TARGET_DIR=/opt/rustwide/target" "-e" "CARGO_INCREMENTAL=0" "-e" "RUST_BACKTRACE=full" "-e" "RUSTFLAGS=--cap-lints=warn" "-e" "CARGO_HOME=/opt/rustwide/cargo-home" "-e" "RUSTUP_HOME=/opt/rustwide/rustup-home" "-w" "/opt/rustwide/workdir" "-m" "1610612736" "--user" "0:0" "--network" "none" "ghcr.io/rust-lang/crates-build-env/linux@sha256:a89201d6b5b9fd45c15d5952ece0a0129e7e80cb26ec023fd59cf09bc26f1604" "/opt/rustwide/cargo-home/bin/cargo" "+1.55.0" "check" "--frozen" "--all" "--all-targets" "--message-format=json", kill_on_drop: false }`
[INFO] [stdout] 9117dc249e5ef75ab3f439ad1807156ebc89c810ac19e633fac19c428c9a6e5d
[INFO] running `Command { std: "docker" "start" "-a" "9117dc249e5ef75ab3f439ad1807156ebc89c810ac19e633fac19c428c9a6e5d", kill_on_drop: false }`
[INFO] [stderr]     Blocking waiting for file lock on package cache
[INFO] [stderr]    Compiling proc-macro2 v1.0.28
[INFO] [stderr]    Compiling memchr v2.4.1
[INFO] [stderr]    Compiling syn v1.0.75
[INFO] [stderr]    Compiling libc v0.2.101
[INFO] [stderr]    Compiling futures-core v0.3.16
[INFO] [stderr]     Checking futures-io v0.3.16
[INFO] [stderr]     Checking parking v2.0.0
[INFO] [stderr]     Checking fastrand v1.5.0
[INFO] [stderr]     Checking waker-fn v1.1.0
[INFO] [stderr]     Checking static_assertions v1.1.0
[INFO] [stderr]    Compiling async-trait v0.1.51
[INFO] [stderr]     Checking slab v0.4.4
[INFO] [stderr]     Checking once_cell v1.8.0
[INFO] [stderr]     Checking unicode-bidi v0.3.6
[INFO] [stderr]     Checking httpdate v1.0.1
[INFO] [stderr]     Checking memmem v0.1.1
[INFO] [stderr]     Checking regex-syntax v0.6.25
[INFO] [stderr]     Checking humantime v2.1.0
[INFO] [stderr]    Compiling ahash v0.7.4
[INFO] [stderr]     Checking tinyvec v1.3.1
[INFO] [stderr]    Compiling num-traits v0.2.14
[INFO] [stderr]     Checking smartstring v0.2.9
[INFO] [stderr]     Checking waker-set v0.2.0
[INFO] [stderr]     Checking smartcow v0.1.0
[INFO] [stderr]    Compiling quote v1.0.9
[INFO] [stderr]     Checking getrandom v0.2.3
[INFO] [stderr]     Checking atty v0.2.14
[INFO] [stderr]     Checking unicode-normalization v0.1.19
[INFO] [stderr]     Checking futures-lite v1.12.0
[INFO] [stderr]     Checking aho-corasick v0.7.18
[INFO] [stderr]     Checking idna v0.2.3
[INFO] [stderr]     Checking hashbrown v0.11.2
[INFO] [stderr]     Checking size v0.1.2
[INFO] [stderr]     Checking regex v1.5.4
[INFO] [stderr]     Checking full-duplex-async-copy v0.1.0
[INFO] [stderr]     Checking url v2.2.2
[INFO] [stderr]     Checking env_logger v0.9.0
[INFO] [stderr]    Compiling pin-project-internal v1.0.8
[INFO] [stderr]    Compiling thiserror-impl v1.0.26
[INFO] [stderr]     Checking pin-project v1.0.8
[INFO] [stderr]     Checking thiserror v1.0.26
[INFO] [stderr]     Checking stopper v0.2.0
[INFO] [stderr]     Checking trillium-http v0.2.0
[INFO] [stderr]     Checking trillium-tls-common v0.1.0
[INFO] [stderr]     Checking trillium-client v0.2.0
[INFO] [stderr]     Checking trillium v0.2.0
[INFO] [stderr]     Checking trillium-proxy v0.2.0 (/opt/rustwide/workdir)
[INFO] [stdout] error[E0432]: unresolved import `trillium_logger`
[INFO] [stdout]  --> examples/proxy.rs:1:5
[INFO] [stdout]   |
[INFO] [stdout] 1 | use trillium_logger::Logger;
[INFO] [stdout]   |     ^^^^^^^^^^^^^^^ use of undeclared crate or module `trillium_logger`
[INFO] [stdout] 
[INFO] [stdout] 
[INFO] [stdout] error[E0432]: unresolved import `trillium_rustls`
[INFO] [stdout]  --> examples/proxy.rs:2:5
[INFO] [stdout]   |
[INFO] [stdout] 2 | use trillium_rustls::RustlsConnector;
[INFO] [stdout]   |     ^^^^^^^^^^^^^^^ use of undeclared crate or module `trillium_rustls`
[INFO] [stdout] 
[INFO] [stdout] 
[INFO] [stdout] error[E0432]: unresolved import `trillium_smol`
[INFO] [stdout]  --> examples/proxy.rs:3:5
[INFO] [stdout]   |
[INFO] [stdout] 3 | use trillium_smol::TcpConnector;
[INFO] [stdout]   |     ^^^^^^^^^^^^^ use of undeclared crate or module `trillium_smol`
[INFO] [stdout] 
[INFO] [stdout] 
[INFO] [stdout] error[E0433]: failed to resolve: use of undeclared crate or module `trillium_smol`
[INFO] [stdout]  --> examples/proxy.rs:9:5
[INFO] [stdout]   |
[INFO] [stdout] 9 |     trillium_smol::run((Logger::new(), Proxy::new("https://httpbin.org/")));
[INFO] [stdout]   |     ^^^^^^^^^^^^^ use of undeclared crate or module `trillium_smol`
[INFO] [stdout] 
[INFO] [stdout] 
[INFO] [stdout] error: aborting due to 4 previous errors
[INFO] [stdout] 
[INFO] [stdout] 
[INFO] [stdout] Some errors have detailed explanations: E0432, E0433.
[INFO] [stdout] 
[INFO] [stdout] For more information about an error, try `rustc --explain E0432`.
[INFO] [stdout] 
[INFO] [stderr] error: could not compile `trillium-proxy` due to 5 previous errors
[INFO] running `Command { std: "docker" "inspect" "9117dc249e5ef75ab3f439ad1807156ebc89c810ac19e633fac19c428c9a6e5d", kill_on_drop: false }`
[INFO] running `Command { std: "docker" "rm" "-f" "9117dc249e5ef75ab3f439ad1807156ebc89c810ac19e633fac19c428c9a6e5d", kill_on_drop: false }`
[INFO] [stdout] 9117dc249e5ef75ab3f439ad1807156ebc89c810ac19e633fac19c428c9a6e5d
