[INFO] fetching crate trillium-conn-id 0.2.0...
[INFO] checking trillium-conn-id-0.2.0 against 1.55.0 for beta-1.56-3
[INFO] extracting crate trillium-conn-id 0.2.0 into /workspace/builds/worker-44/source
[INFO] validating manifest of crates.io crate trillium-conn-id 0.2.0 on toolchain 1.55.0
[INFO] running `Command { std: "/workspace/cargo-home/bin/cargo" "+1.55.0" "metadata" "--manifest-path" "Cargo.toml" "--no-deps", kill_on_drop: false }`
[INFO] started tweaking crates.io crate trillium-conn-id 0.2.0
[INFO] finished tweaking crates.io crate trillium-conn-id 0.2.0
[INFO] tweaked toml for crates.io crate trillium-conn-id 0.2.0 written to /workspace/builds/worker-44/source/Cargo.toml
[INFO] running `Command { std: "/workspace/cargo-home/bin/cargo" "+1.55.0" "generate-lockfile" "--manifest-path" "Cargo.toml" "-Zno-index-update", kill_on_drop: false }`
[INFO] [stderr]     Blocking waiting for file lock on package cache
[INFO] running `Command { std: "/workspace/cargo-home/bin/cargo" "+1.55.0" "fetch" "--manifest-path" "Cargo.toml", kill_on_drop: false }`
[INFO] [stderr]     Blocking waiting for file lock on package cache
[INFO] [stderr]     Blocking waiting for file lock on package cache
[INFO] [stderr]  Downloading crates ...
[INFO] [stderr]   Downloaded extension-trait v1.0.0
[INFO] running `Command { std: "docker" "create" "-v" "/var/lib/crater-agent-workspace/builds/worker-44/target:/opt/rustwide/target:rw,Z" "-v" "/var/lib/crater-agent-workspace/builds/worker-44/source:/opt/rustwide/workdir:ro,Z" "-v" "/var/lib/crater-agent-workspace/cargo-home:/opt/rustwide/cargo-home:ro,Z" "-v" "/var/lib/crater-agent-workspace/rustup-home:/opt/rustwide/rustup-home:ro,Z" "-e" "SOURCE_DIR=/opt/rustwide/workdir" "-e" "CARGO_TARGET_DIR=/opt/rustwide/target" "-e" "CARGO_HOME=/opt/rustwide/cargo-home" "-e" "RUSTUP_HOME=/opt/rustwide/rustup-home" "-w" "/opt/rustwide/workdir" "-m" "1610612736" "--user" "0:0" "--network" "none" "ghcr.io/rust-lang/crates-build-env/linux@sha256:a89201d6b5b9fd45c15d5952ece0a0129e7e80cb26ec023fd59cf09bc26f1604" "/opt/rustwide/cargo-home/bin/cargo" "+1.55.0" "metadata" "--no-deps" "--format-version=1", kill_on_drop: false }`
[INFO] [stdout] 294fd717465836449867fb441af3ecc39468d8a57c23c7142cd31a03c16ec31c
[INFO] running `Command { std: "docker" "start" "-a" "294fd717465836449867fb441af3ecc39468d8a57c23c7142cd31a03c16ec31c", kill_on_drop: false }`
[INFO] running `Command { std: "docker" "inspect" "294fd717465836449867fb441af3ecc39468d8a57c23c7142cd31a03c16ec31c", kill_on_drop: false }`
[INFO] running `Command { std: "docker" "rm" "-f" "294fd717465836449867fb441af3ecc39468d8a57c23c7142cd31a03c16ec31c", kill_on_drop: false }`
[INFO] [stdout] 294fd717465836449867fb441af3ecc39468d8a57c23c7142cd31a03c16ec31c
[INFO] running `Command { std: "docker" "create" "-v" "/var/lib/crater-agent-workspace/builds/worker-44/target:/opt/rustwide/target:rw,Z" "-v" "/var/lib/crater-agent-workspace/builds/worker-44/source:/opt/rustwide/workdir:ro,Z" "-v" "/var/lib/crater-agent-workspace/cargo-home:/opt/rustwide/cargo-home:ro,Z" "-v" "/var/lib/crater-agent-workspace/rustup-home:/opt/rustwide/rustup-home:ro,Z" "-e" "SOURCE_DIR=/opt/rustwide/workdir" "-e" "CARGO_TARGET_DIR=/opt/rustwide/target" "-e" "CARGO_INCREMENTAL=0" "-e" "RUST_BACKTRACE=full" "-e" "RUSTFLAGS=--cap-lints=warn" "-e" "CARGO_HOME=/opt/rustwide/cargo-home" "-e" "RUSTUP_HOME=/opt/rustwide/rustup-home" "-w" "/opt/rustwide/workdir" "-m" "1610612736" "--user" "0:0" "--network" "none" "ghcr.io/rust-lang/crates-build-env/linux@sha256:a89201d6b5b9fd45c15d5952ece0a0129e7e80cb26ec023fd59cf09bc26f1604" "/opt/rustwide/cargo-home/bin/cargo" "+1.55.0" "check" "--frozen" "--all" "--all-targets" "--message-format=json", kill_on_drop: false }`
[INFO] [stdout] a0ae681e104d3e075048d5b0d72c81d89614c82eabe995cb5a7dda5bffd0df5d
[INFO] running `Command { std: "docker" "start" "-a" "a0ae681e104d3e075048d5b0d72c81d89614c82eabe995cb5a7dda5bffd0df5d", kill_on_drop: false }`
[INFO] [stderr]     Blocking waiting for file lock on package cache
[INFO] [stderr]    Compiling syn v1.0.80
[INFO] [stderr]    Compiling futures-core v0.3.17
[INFO] [stderr]    Compiling crossbeam-utils v0.8.5
[INFO] [stderr]     Checking waker-fn v1.1.0
[INFO] [stderr]     Checking fastrand v1.5.0
[INFO] [stderr]     Checking parking v2.0.0
[INFO] [stderr]     Checking once_cell v1.8.0
[INFO] [stderr]     Checking futures-io v0.3.17
[INFO] [stderr]    Compiling async-trait v0.1.51
[INFO] [stderr]     Checking memmem v0.1.1
[INFO] [stderr]    Compiling ahash v0.7.6
[INFO] [stderr]     Checking smartstring v0.2.9
[INFO] [stderr]     Checking getrandom v0.2.3
[INFO] [stderr]     Checking smartcow v0.1.0
[INFO] [stderr]     Checking uuid v0.8.2
[INFO] [stderr]     Checking futures-lite v1.12.0
[INFO] [stderr]     Checking hashbrown v0.11.2
[INFO] [stderr]     Checking waker-set v0.2.0
[INFO] [stderr]    Compiling pin-project-internal v1.0.8
[INFO] [stderr]    Compiling thiserror-impl v1.0.30
[INFO] [stderr]    Compiling extension-trait v1.0.0
[INFO] [stderr]     Checking thiserror v1.0.30
[INFO] [stderr]     Checking pin-project v1.0.8
[INFO] [stderr]     Checking stopper v0.2.0
[INFO] [stderr]     Checking trillium-http v0.2.3
[INFO] [stderr]     Checking trillium v0.2.1
[INFO] [stderr]     Checking trillium-conn-id v0.2.0 (/opt/rustwide/workdir)
[INFO] [stdout] error[E0433]: failed to resolve: use of undeclared crate or module `trillium_testing`
[INFO] [stdout]  --> tests/tests.rs:2:5
[INFO] [stdout]   |
[INFO] [stdout] 2 | use trillium_testing::{prelude::*, TestConn};
[INFO] [stdout]   |     ^^^^^^^^^^^^^^^^ use of undeclared crate or module `trillium_testing`
[INFO] [stdout] 
[INFO] [stdout] 
[INFO] [stdout] error[E0432]: unresolved import `trillium_testing`
[INFO] [stdout]  --> tests/tests.rs:2:5
[INFO] [stdout]   |
[INFO] [stdout] 2 | use trillium_testing::{prelude::*, TestConn};
[INFO] [stdout]   |     ^^^^^^^^^^^^^^^^ use of undeclared crate or module `trillium_testing`
[INFO] [stdout] 
[INFO] [stdout] 
[INFO] [stdout] error: cannot find macro `assert_ok` in this scope
[INFO] [stdout]   --> tests/tests.rs:10:5
[INFO] [stdout]    |
[INFO] [stdout] 10 |       assert_ok!(get("/").on(&app), "ok", "x-request-id" => "U14baHj9ho");
[INFO] [stdout]    |       ^^^^^^^^^ help: a macro with a similar name exists: `assert_eq`
[INFO] [stdout] 
[INFO] [stdout] 
[INFO] [stdout] error: cannot find macro `assert_ok` in this scope
[INFO] [stdout]   --> tests/tests.rs:11:5
[INFO] [stdout]    |
[INFO] [stdout] 11 |       assert_ok!(get("/").on(&app), "ok", "x-request-id" => "AawiNNFjGW");
[INFO] [stdout]    |       ^^^^^^^^^ help: a macro with a similar name exists: `assert_eq`
[INFO] [stdout] 
[INFO] [stdout] 
[INFO] [stdout] error: cannot find macro `assert_ok` in this scope
[INFO] [stdout]   --> tests/tests.rs:12:5
[INFO] [stdout]    |
[INFO] [stdout] 12 |       assert_ok!(
[INFO] [stdout]    |       ^^^^^^^^^ help: a macro with a similar name exists: `assert_eq`
[INFO] [stdout] 
[INFO] [stdout] 
[INFO] [stdout] error: cannot find macro `assert_ok` in this scope
[INFO] [stdout]   --> tests/tests.rs:42:5
[INFO] [stdout]    |
[INFO] [stdout] 42 |       assert_ok!(
[INFO] [stdout]    |       ^^^^^^^^^ help: a macro with a similar name exists: `assert_eq`
[INFO] [stdout] 
[INFO] [stdout] 
[INFO] [stdout] error[E0425]: cannot find function `get` in this scope
[INFO] [stdout]   --> tests/tests.rs:18:16
[INFO] [stdout]    |
[INFO] [stdout] 18 |     let conn = get("/").on(&app);
[INFO] [stdout]    |                ^^^ not found in this scope
[INFO] [stdout] 
[INFO] [stdout] 
[INFO] [stdout] error[E0425]: cannot find function `get` in this scope
[INFO] [stdout]   --> tests/tests.rs:36:20
[INFO] [stdout]    |
[INFO] [stdout] 36 |     let mut conn = get("/").on(&app);
[INFO] [stdout]    |                    ^^^ not found in this scope
[INFO] [stdout] 
[INFO] [stdout] 
[INFO] [stdout] error[E0425]: cannot find function `get` in this scope
[INFO] [stdout]   --> tests/tests.rs:60:20
[INFO] [stdout]    |
[INFO] [stdout] 60 |     let mut conn = get("/").on(&app);
[INFO] [stdout]    |                    ^^^ not found in this scope
[INFO] [stdout] 
[INFO] [stdout] 
[INFO] [stdout] error[E0425]: cannot find function `get` in this scope
[INFO] [stdout]   --> tests/tests.rs:64:20
[INFO] [stdout]    |
[INFO] [stdout] 64 |     let mut conn = get("/")
[INFO] [stdout]    |                    ^^^ not found in this scope
[INFO] [stdout] 
[INFO] [stdout] 
[INFO] [stdout] error: aborting due to 10 previous errors
[INFO] [stdout] 
[INFO] [stdout] 
[INFO] [stdout] Some errors have detailed explanations: E0425, E0432, E0433.
[INFO] [stdout] 
[INFO] [stdout] For more information about an error, try `rustc --explain E0425`.
[INFO] [stdout] 
[INFO] [stderr] error: could not compile `trillium-conn-id` due to 11 previous errors
[INFO] running `Command { std: "docker" "inspect" "a0ae681e104d3e075048d5b0d72c81d89614c82eabe995cb5a7dda5bffd0df5d", kill_on_drop: false }`
[INFO] running `Command { std: "docker" "rm" "-f" "a0ae681e104d3e075048d5b0d72c81d89614c82eabe995cb5a7dda5bffd0df5d", kill_on_drop: false }`
[INFO] [stdout] a0ae681e104d3e075048d5b0d72c81d89614c82eabe995cb5a7dda5bffd0df5d
