[INFO] fetching crate transit_model 0.41.3...
[INFO] checking transit_model-0.41.3 against 1.55.0 for beta-1.56-3
[INFO] extracting crate transit_model 0.41.3 into /workspace/builds/worker-67/source
[INFO] validating manifest of crates.io crate transit_model 0.41.3 on toolchain 1.55.0
[INFO] running `Command { std: "/workspace/cargo-home/bin/cargo" "+1.55.0" "metadata" "--manifest-path" "Cargo.toml" "--no-deps", kill_on_drop: false }`
[INFO] started tweaking crates.io crate transit_model 0.41.3
[INFO] removed 1 missing tests
[INFO] finished tweaking crates.io crate transit_model 0.41.3
[INFO] tweaked toml for crates.io crate transit_model 0.41.3 written to /workspace/builds/worker-67/source/Cargo.toml
[INFO] crate crates.io crate transit_model 0.41.3 already has a lockfile, it will not be regenerated
[INFO] running `Command { std: "/workspace/cargo-home/bin/cargo" "+1.55.0" "fetch" "--manifest-path" "Cargo.toml", kill_on_drop: false }`
[INFO] [stderr]     Blocking waiting for file lock on package cache
[INFO] [stderr]     Blocking waiting for file lock on package cache
[INFO] running `Command { std: "docker" "create" "-v" "/var/lib/crater-agent-workspace/builds/worker-67/target:/opt/rustwide/target:rw,Z" "-v" "/var/lib/crater-agent-workspace/builds/worker-67/source:/opt/rustwide/workdir:ro,Z" "-v" "/var/lib/crater-agent-workspace/cargo-home:/opt/rustwide/cargo-home:ro,Z" "-v" "/var/lib/crater-agent-workspace/rustup-home:/opt/rustwide/rustup-home:ro,Z" "-e" "SOURCE_DIR=/opt/rustwide/workdir" "-e" "CARGO_TARGET_DIR=/opt/rustwide/target" "-e" "CARGO_HOME=/opt/rustwide/cargo-home" "-e" "RUSTUP_HOME=/opt/rustwide/rustup-home" "-w" "/opt/rustwide/workdir" "-m" "1610612736" "--user" "0:0" "--network" "none" "ghcr.io/rust-lang/crates-build-env/linux@sha256:a89201d6b5b9fd45c15d5952ece0a0129e7e80cb26ec023fd59cf09bc26f1604" "/opt/rustwide/cargo-home/bin/cargo" "+1.55.0" "metadata" "--no-deps" "--format-version=1", kill_on_drop: false }`
[INFO] [stdout] 416d1fee07b451c7626ce5859cd5fea0c9785dc8c12f396065e9c1ee76fa461e
[INFO] running `Command { std: "docker" "start" "-a" "416d1fee07b451c7626ce5859cd5fea0c9785dc8c12f396065e9c1ee76fa461e", kill_on_drop: false }`
[INFO] running `Command { std: "docker" "inspect" "416d1fee07b451c7626ce5859cd5fea0c9785dc8c12f396065e9c1ee76fa461e", kill_on_drop: false }`
[INFO] running `Command { std: "docker" "rm" "-f" "416d1fee07b451c7626ce5859cd5fea0c9785dc8c12f396065e9c1ee76fa461e", kill_on_drop: false }`
[INFO] [stdout] 416d1fee07b451c7626ce5859cd5fea0c9785dc8c12f396065e9c1ee76fa461e
[INFO] running `Command { std: "docker" "create" "-v" "/var/lib/crater-agent-workspace/builds/worker-67/target:/opt/rustwide/target:rw,Z" "-v" "/var/lib/crater-agent-workspace/builds/worker-67/source:/opt/rustwide/workdir:ro,Z" "-v" "/var/lib/crater-agent-workspace/cargo-home:/opt/rustwide/cargo-home:ro,Z" "-v" "/var/lib/crater-agent-workspace/rustup-home:/opt/rustwide/rustup-home:ro,Z" "-e" "SOURCE_DIR=/opt/rustwide/workdir" "-e" "CARGO_TARGET_DIR=/opt/rustwide/target" "-e" "CARGO_INCREMENTAL=0" "-e" "RUST_BACKTRACE=full" "-e" "RUSTFLAGS=--cap-lints=warn" "-e" "CARGO_HOME=/opt/rustwide/cargo-home" "-e" "RUSTUP_HOME=/opt/rustwide/rustup-home" "-w" "/opt/rustwide/workdir" "-m" "1610612736" "--user" "0:0" "--network" "none" "ghcr.io/rust-lang/crates-build-env/linux@sha256:a89201d6b5b9fd45c15d5952ece0a0129e7e80cb26ec023fd59cf09bc26f1604" "/opt/rustwide/cargo-home/bin/cargo" "+1.55.0" "check" "--frozen" "--all" "--all-targets" "--message-format=json", kill_on_drop: false }`
[INFO] [stdout] 24ea08d8c37c3fffe3bd4d25703e7280db52ff5e23577a70a764e04b37865fa4
[INFO] running `Command { std: "docker" "start" "-a" "24ea08d8c37c3fffe3bd4d25703e7280db52ff5e23577a70a764e04b37865fa4", kill_on_drop: false }`
[INFO] [stderr]     Blocking waiting for file lock on package cache
[INFO] [stderr]     Blocking waiting for file lock on package cache
[INFO] [stderr]    Compiling proc-macro2 v1.0.29
[INFO] [stderr]    Compiling syn v1.0.76
[INFO] [stderr]    Compiling libc v0.2.102
[INFO] [stderr]    Compiling memchr v2.4.1
[INFO] [stderr]    Compiling serde v1.0.130
[INFO] [stderr]    Compiling typenum v1.14.0
[INFO] [stderr]    Compiling version_check v0.9.3
[INFO] [stderr]    Compiling heapless v0.6.1
[INFO] [stderr]     Checking stable_deref_trait v1.2.0
[INFO] [stderr]    Compiling regex-syntax v0.6.25
[INFO] [stderr]     Checking adler v1.0.2
[INFO] [stderr]    Compiling cc v1.0.70
[INFO] [stderr]    Compiling ryu v1.0.5
[INFO] [stderr]    Compiling unicode-xid v0.0.4
[INFO] [stderr]    Compiling crc32fast v1.2.1
[INFO] [stderr]     Checking smallvec v1.6.1
[INFO] [stderr]     Checking pdqselect v0.1.0
[INFO] [stderr]    Compiling syn v0.15.44
[INFO] [stderr]    Compiling proc-macro-hack v0.5.19
[INFO] [stderr]    Compiling anyhow v1.0.44
[INFO] [stderr]    Compiling quote v0.3.15
[INFO] [stderr]     Checking gimli v0.25.0
[INFO] [stderr]    Compiling failure_derive v0.1.8
[INFO] [stderr]     Checking ppv-lite86 v0.2.10
[INFO] [stderr]     Checking regex-automata v0.1.10
[INFO] [stderr]     Checking itoa v0.4.8
[INFO] [stderr]    Compiling serde_json v1.0.68
[INFO] [stderr]     Checking pin-project-lite v0.2.7
[INFO] [stderr]     Checking arrayvec v0.5.2
[INFO] [stderr]     Checking robust v0.2.3
[INFO] [stderr]     Checking ansi_term v0.12.1
[INFO] [stderr]     Checking diff v0.1.12
[INFO] [stderr]     Checking remove_dir_all v0.5.3
[INFO] [stderr]     Checking same-file v1.0.6
[INFO] [stderr]     Checking md5 v0.7.0
[INFO] [stderr]     Checking iso4217 v0.3.2
[INFO] [stderr]    Compiling num-traits v0.2.14
[INFO] [stderr]    Compiling miniz_oxide v0.4.4
[INFO] [stderr]     Checking hash32 v0.1.1
[INFO] [stderr]    Compiling num-integer v0.1.44
[INFO] [stderr]     Checking tracing-core v0.1.20
[INFO] [stderr]     Checking geographiclib-rs v0.2.0
[INFO] [stderr]     Checking testing_logger v0.1.1
[INFO] [stderr]    Compiling synom v0.11.3
[INFO] [stderr]     Checking pretty_assertions v0.7.2
[INFO] [stderr]     Checking walkdir v2.3.2
[INFO] [stderr]    Compiling generic-array v0.14.4
[INFO] [stderr]    Compiling syn v0.11.11
[INFO] [stderr]     Checking quick-xml v0.17.2
[INFO] [stderr]     Checking object v0.26.2
[INFO] [stderr]     Checking csv-core v0.1.10
[INFO] [stderr]     Checking quick-xml v0.22.0
[INFO] [stderr]    Compiling quote v1.0.9
[INFO] [stderr]     Checking getrandom v0.2.3
[INFO] [stderr]     Checking time v0.1.43
[INFO] [stderr]     Checking minidom v0.12.0
[INFO] [stderr]     Checking rand_core v0.6.3
[INFO] [stderr]     Checking flate2 v1.0.22
[INFO] [stderr]    Compiling regex v1.5.4
[INFO] [stderr]     Checking generic-array v0.12.4
[INFO] [stderr]     Checking generic-array v0.13.3
[INFO] [stderr]     Checking rand_chacha v0.3.1
[INFO] [stderr]    Compiling backtrace v0.3.61
[INFO] [stderr]     Checking approx v0.4.0
[INFO] [stderr]     Checking approx v0.5.0
[INFO] [stderr]     Checking addr2line v0.16.0
[INFO] [stderr]     Checking rand v0.8.4
[INFO] [stderr]     Checking as-slice v0.1.5
[INFO] [stderr]     Checking chrono v0.4.19
[INFO] [stderr]    Compiling relational_types_procmacro v2.0.0
[INFO] [stderr]    Compiling parse-zoneinfo v0.3.0
[INFO] [stderr]     Checking tempfile v3.2.0
[INFO] [stderr]     Checking rstar v0.8.3
[INFO] [stderr]    Compiling chrono-tz v0.5.3
[INFO] [stderr]     Checking geo-types v0.7.2
[INFO] [stderr]     Checking geo v0.18.0
[INFO] [stderr]    Compiling derivative v1.0.4
[INFO] [stderr]    Compiling synstructure v0.12.5
[INFO] [stderr]    Compiling serde_derive v1.0.130
[INFO] [stderr]    Compiling thiserror-impl v1.0.29
[INFO] [stderr]    Compiling derivative v2.2.0
[INFO] [stderr]    Compiling tracing-attributes v0.1.16
[INFO] [stderr]    Compiling git-version-macro v0.3.5
[INFO] [stderr]     Checking git-version v0.3.5
[INFO] [stderr]     Checking failure v0.1.8
[INFO] [stderr]     Checking thiserror v1.0.29
[INFO] [stderr]     Checking minidom_ext v1.1.0
[INFO] [stderr]     Checking minidom_writer v1.0.0
[INFO] [stderr]     Checking wkt v0.9.2
[INFO] [stderr]     Checking zip v0.5.13
[INFO] [stderr]     Checking tracing v0.1.28
[INFO] [stderr]     Checking skip_error v3.1.1
[INFO] [stderr]     Checking typed_index_collection v2.0.0
[INFO] [stderr]     Checking bstr v0.2.17
[INFO] [stderr]     Checking rust_decimal v1.16.0
[INFO] [stderr]     Checking relational_types v2.0.0
[INFO] [stderr]     Checking csv v1.1.6
[INFO] [stderr]    Compiling rust_decimal_macros v1.16.0
[INFO] [stderr]     Checking transit_model v0.41.3 (/opt/rustwide/workdir)
[INFO] [stdout] error[E0433]: failed to resolve: use of undeclared crate or module `transit_model_builder`
[INFO] [stdout]    --> src/enhancers/enhance_pickup_dropoff.rs:501:21
[INFO] [stdout]     |
[INFO] [stdout] 501 |         let model = transit_model_builder::ModelBuilder::default()
[INFO] [stdout]     |                     ^^^^^^^^^^^^^^^^^^^^^ use of undeclared crate or module `transit_model_builder`
[INFO] [stdout] 
[INFO] [stdout] 
[INFO] [stdout] error[E0433]: failed to resolve: use of undeclared crate or module `transit_model_builder`
[INFO] [stdout]    --> src/enhancers/enhance_pickup_dropoff.rs:549:21
[INFO] [stdout]     |
[INFO] [stdout] 549 |         let model = transit_model_builder::ModelBuilder::default()
[INFO] [stdout]     |                     ^^^^^^^^^^^^^^^^^^^^^ use of undeclared crate or module `transit_model_builder`
[INFO] [stdout] 
[INFO] [stdout] 
[INFO] [stdout] error[E0433]: failed to resolve: use of undeclared crate or module `transit_model_builder`
[INFO] [stdout]    --> src/enhancers/enhance_pickup_dropoff.rs:605:21
[INFO] [stdout]     |
[INFO] [stdout] 605 |         let model = transit_model_builder::ModelBuilder::default()
[INFO] [stdout]     |                     ^^^^^^^^^^^^^^^^^^^^^ use of undeclared crate or module `transit_model_builder`
[INFO] [stdout] 
[INFO] [stdout] 
[INFO] [stdout] error[E0433]: failed to resolve: use of undeclared crate or module `transit_model_builder`
[INFO] [stdout]    --> src/enhancers/enhance_pickup_dropoff.rs:665:21
[INFO] [stdout]     |
[INFO] [stdout] 665 |         let model = transit_model_builder::ModelBuilder::default()
[INFO] [stdout]     |                     ^^^^^^^^^^^^^^^^^^^^^ use of undeclared crate or module `transit_model_builder`
[INFO] [stdout] 
[INFO] [stdout] 
[INFO] [stdout] error[E0433]: failed to resolve: use of undeclared crate or module `transit_model_builder`
[INFO] [stdout]    --> src/enhancers/enhance_pickup_dropoff.rs:717:21
[INFO] [stdout]     |
[INFO] [stdout] 717 |         let model = transit_model_builder::ModelBuilder::default()
[INFO] [stdout]     |                     ^^^^^^^^^^^^^^^^^^^^^ use of undeclared crate or module `transit_model_builder`
[INFO] [stdout] 
[INFO] [stdout] 
[INFO] [stdout] error[E0433]: failed to resolve: use of undeclared crate or module `transit_model_builder`
[INFO] [stdout]    --> src/enhancers/enhance_pickup_dropoff.rs:766:21
[INFO] [stdout]     |
[INFO] [stdout] 766 |         let model = transit_model_builder::ModelBuilder::default()
[INFO] [stdout]     |                     ^^^^^^^^^^^^^^^^^^^^^ use of undeclared crate or module `transit_model_builder`
[INFO] [stdout] 
[INFO] [stdout] 
[INFO] [stdout] error[E0433]: failed to resolve: use of undeclared crate or module `transit_model_builder`
[INFO] [stdout]     --> src/model.rs:2166:25
[INFO] [stdout]      |
[INFO] [stdout] 2166 |             let model = transit_model_builder::ModelBuilder::default()
[INFO] [stdout]      |                         ^^^^^^^^^^^^^^^^^^^^^ use of undeclared crate or module `transit_model_builder`
[INFO] [stdout] 
[INFO] [stdout] 
[INFO] [stdout] error[E0433]: failed to resolve: use of undeclared crate or module `transit_model_builder`
[INFO] [stdout]     --> src/model.rs:2195:25
[INFO] [stdout]      |
[INFO] [stdout] 2195 |             let model = transit_model_builder::ModelBuilder::default()
[INFO] [stdout]      |                         ^^^^^^^^^^^^^^^^^^^^^ use of undeclared crate or module `transit_model_builder`
[INFO] [stdout] 
[INFO] [stdout] 
[INFO] [stdout] error: aborting due to 8 previous errors
[INFO] [stdout] 
[INFO] [stdout] 
[INFO] [stdout] For more information about this error, try `rustc --explain E0433`.
[INFO] [stdout] 
[INFO] [stderr] error: could not compile `transit_model` due to 9 previous errors
[INFO] [stderr] warning: build failed, waiting for other jobs to finish...
[INFO] [stderr] error: build failed
[INFO] running `Command { std: "docker" "inspect" "24ea08d8c37c3fffe3bd4d25703e7280db52ff5e23577a70a764e04b37865fa4", kill_on_drop: false }`
[INFO] running `Command { std: "docker" "rm" "-f" "24ea08d8c37c3fffe3bd4d25703e7280db52ff5e23577a70a764e04b37865fa4", kill_on_drop: false }`
[INFO] [stdout] 24ea08d8c37c3fffe3bd4d25703e7280db52ff5e23577a70a764e04b37865fa4
