[INFO] fetching crate traffic_generator 0.1.0...
[INFO] checking traffic_generator-0.1.0 against beta-2021-10-15 for beta-1.56-3
[INFO] extracting crate traffic_generator 0.1.0 into /workspace/builds/worker-2/source
[INFO] validating manifest of crates.io crate traffic_generator 0.1.0 on toolchain beta-2021-10-15
[INFO] running `Command { std: "/workspace/cargo-home/bin/cargo" "+beta-2021-10-15" "metadata" "--manifest-path" "Cargo.toml" "--no-deps", kill_on_drop: false }`
[INFO] started tweaking crates.io crate traffic_generator 0.1.0
[INFO] finished tweaking crates.io crate traffic_generator 0.1.0
[INFO] tweaked toml for crates.io crate traffic_generator 0.1.0 written to /workspace/builds/worker-2/source/Cargo.toml
[INFO] running `Command { std: "/workspace/cargo-home/bin/cargo" "+beta-2021-10-15" "generate-lockfile" "--manifest-path" "Cargo.toml" "-Zno-index-update", kill_on_drop: false }`
[INFO] [stderr]     Blocking waiting for file lock on package cache
[INFO] running `Command { std: "/workspace/cargo-home/bin/cargo" "+beta-2021-10-15" "fetch" "--manifest-path" "Cargo.toml", kill_on_drop: false }`
[INFO] [stderr] warning: unused manifest key: package.respository
[INFO] [stderr]     Blocking waiting for file lock on package cache
[INFO] running `Command { std: "docker" "create" "-v" "/var/lib/crater-agent-workspace/builds/worker-2/target:/opt/rustwide/target:rw,Z" "-v" "/var/lib/crater-agent-workspace/builds/worker-2/source:/opt/rustwide/workdir:ro,Z" "-v" "/var/lib/crater-agent-workspace/cargo-home:/opt/rustwide/cargo-home:ro,Z" "-v" "/var/lib/crater-agent-workspace/rustup-home:/opt/rustwide/rustup-home:ro,Z" "-e" "SOURCE_DIR=/opt/rustwide/workdir" "-e" "CARGO_TARGET_DIR=/opt/rustwide/target" "-e" "CARGO_HOME=/opt/rustwide/cargo-home" "-e" "RUSTUP_HOME=/opt/rustwide/rustup-home" "-w" "/opt/rustwide/workdir" "-m" "1610612736" "--user" "0:0" "--network" "none" "ghcr.io/rust-lang/crates-build-env/linux@sha256:a89201d6b5b9fd45c15d5952ece0a0129e7e80cb26ec023fd59cf09bc26f1604" "/opt/rustwide/cargo-home/bin/cargo" "+beta-2021-10-15" "metadata" "--no-deps" "--format-version=1", kill_on_drop: false }`
[INFO] [stdout] 81c01287c8ce79a7aeeca91f24abbf85c2e0e712d14a7affbf6983916121d117
[INFO] running `Command { std: "docker" "start" "-a" "81c01287c8ce79a7aeeca91f24abbf85c2e0e712d14a7affbf6983916121d117", kill_on_drop: false }`
[INFO] running `Command { std: "docker" "inspect" "81c01287c8ce79a7aeeca91f24abbf85c2e0e712d14a7affbf6983916121d117", kill_on_drop: false }`
[INFO] running `Command { std: "docker" "rm" "-f" "81c01287c8ce79a7aeeca91f24abbf85c2e0e712d14a7affbf6983916121d117", kill_on_drop: false }`
[INFO] [stdout] 81c01287c8ce79a7aeeca91f24abbf85c2e0e712d14a7affbf6983916121d117
[INFO] running `Command { std: "docker" "create" "-v" "/var/lib/crater-agent-workspace/builds/worker-2/target:/opt/rustwide/target:rw,Z" "-v" "/var/lib/crater-agent-workspace/builds/worker-2/source:/opt/rustwide/workdir:ro,Z" "-v" "/var/lib/crater-agent-workspace/cargo-home:/opt/rustwide/cargo-home:ro,Z" "-v" "/var/lib/crater-agent-workspace/rustup-home:/opt/rustwide/rustup-home:ro,Z" "-e" "SOURCE_DIR=/opt/rustwide/workdir" "-e" "CARGO_TARGET_DIR=/opt/rustwide/target" "-e" "CARGO_INCREMENTAL=0" "-e" "RUST_BACKTRACE=full" "-e" "RUSTFLAGS=--cap-lints=warn" "-e" "CARGO_HOME=/opt/rustwide/cargo-home" "-e" "RUSTUP_HOME=/opt/rustwide/rustup-home" "-w" "/opt/rustwide/workdir" "-m" "1610612736" "--user" "0:0" "--network" "none" "ghcr.io/rust-lang/crates-build-env/linux@sha256:a89201d6b5b9fd45c15d5952ece0a0129e7e80cb26ec023fd59cf09bc26f1604" "/opt/rustwide/cargo-home/bin/cargo" "+beta-2021-10-15" "check" "--frozen" "--all" "--all-targets" "--message-format=json", kill_on_drop: false }`
[INFO] [stdout] c353f8dca7ac0b98eef1ec950f6d7adff2a2fc551c3f8528f2f1823489849577
[INFO] running `Command { std: "docker" "start" "-a" "c353f8dca7ac0b98eef1ec950f6d7adff2a2fc551c3f8528f2f1823489849577", kill_on_drop: false }`
[INFO] [stderr] warning: unused manifest key: package.respository
[INFO] [stderr]     Blocking waiting for file lock on package cache
[INFO] [stderr]     Blocking waiting for file lock on package cache
[INFO] [stderr]    Compiling log v0.4.14
[INFO] [stderr]    Compiling typenum v1.14.0
[INFO] [stderr]    Compiling getrandom v0.1.16
[INFO] [stderr]     Checking tinyvec_macros v0.1.0
[INFO] [stderr]    Compiling futures-core v0.3.17
[INFO] [stderr]     Checking pin-project-lite v0.2.7
[INFO] [stderr]     Checking byteorder v1.4.3
[INFO] [stderr]     Checking byte-tools v0.3.1
[INFO] [stderr]    Compiling futures-task v0.3.17
[INFO] [stderr]     Checking matches v0.1.9
[INFO] [stderr]    Compiling httparse v1.5.1
[INFO] [stderr]     Checking percent-encoding v2.1.0
[INFO] [stderr]     Checking fnv v1.0.7
[INFO] [stderr]     Checking unicode-bidi v0.3.7
[INFO] [stderr]    Compiling futures-channel v0.3.17
[INFO] [stderr]     Checking lazy_static v1.4.0
[INFO] [stderr]     Checking slab v0.4.5
[INFO] [stderr]     Checking bytes v1.1.0
[INFO] [stderr]     Checking itoa v0.4.8
[INFO] [stderr]     Checking try-lock v0.2.3
[INFO] [stderr]     Checking fake-simd v0.1.2
[INFO] [stderr]     Checking regex-syntax v0.6.25
[INFO] [stderr]     Checking lazycell v1.3.0
[INFO] [stderr]     Checking opaque-debug v0.2.3
[INFO] [stderr]     Checking humantime v2.1.0
[INFO] [stderr]     Checking httpdate v1.0.1
[INFO] [stderr]     Checking rustc-serialize v0.3.24
[INFO] [stderr]     Checking tower-service v0.3.1
[INFO] [stderr]     Checking termcolor v1.1.2
[INFO] [stderr]    Compiling num-traits v0.2.14
[INFO] [stderr]    Compiling num-integer v0.1.44
[INFO] [stderr]    Compiling num-iter v0.1.42
[INFO] [stderr]    Compiling futures-util v0.3.17
[INFO] [stderr]    Compiling tokio v1.12.0
[INFO] [stderr]     Checking iovec v0.1.4
[INFO] [stderr]     Checking getrandom v0.2.3
[INFO] [stderr]     Checking net2 v0.2.37
[INFO] [stderr]     Checking atty v0.2.14
[INFO] [stderr]     Checking time v0.1.44
[INFO] [stderr]     Checking tinyvec v1.5.0
[INFO] [stderr]     Checking form_urlencoded v1.0.1
[INFO] [stderr]     Checking block-padding v0.1.5
[INFO] [stderr]     Checking rand_core v0.6.3
[INFO] [stderr]     Checking bytes v0.4.12
[INFO] [stderr]     Checking tracing-core v0.1.21
[INFO] [stderr]     Checking rand_chacha v0.3.1
[INFO] [stderr]     Checking rand_core v0.5.1
[INFO] [stderr]     Checking http v0.2.5
[INFO] [stderr]     Checking tracing v0.1.29
[INFO] [stderr]     Checking mio v0.6.23
[INFO] [stderr]     Checking want v0.3.0
[INFO] [stderr]     Checking rand_chacha v0.2.2
[INFO] [stderr]     Checking rand v0.8.4
[INFO] [stderr]     Checking rand v0.7.3
[INFO] [stderr]     Checking generic-array v0.12.4
[INFO] [stderr]     Checking unicode-normalization v0.1.19
[INFO] [stderr]     Checking block-buffer v0.7.3
[INFO] [stderr]     Checking digest v0.8.1
[INFO] [stderr]     Checking regex v1.5.4
[INFO] [stderr]     Checking mio-extras v2.0.6
[INFO] [stderr]     Checking sha-1 v0.8.2
[INFO] [stderr]     Checking num v0.1.42
[INFO] [stderr]     Checking chrono v0.2.25
[INFO] [stderr]     Checking http-body v0.4.3
[INFO] [stderr]     Checking idna v0.2.3
[INFO] [stderr]     Checking env_logger v0.9.0
[INFO] [stderr]     Checking hyper v0.14.13
[INFO] [stderr]     Checking url v2.2.2
[INFO] [stderr]     Checking ws v0.9.1
[INFO] [stderr]     Checking traffic_generator v0.1.0 (/opt/rustwide/workdir)
[INFO] [stdout] warning: use of deprecated macro `try`: use the `?` operator instead
[INFO] [stdout]   --> src/main.rs:62:32
[INFO] [stdout]    |
[INFO] [stdout] 62 |         if let Some(ip_addr) = try!(shake.remote_addr()) {
[INFO] [stdout]    |                                ^^^
[INFO] [stdout]    |
[INFO] [stdout]    = note: `#[warn(deprecated)]` on by default
[INFO] [stdout] 
[INFO] [stdout] 
[INFO] [stdout] error[E0107]: this associated function takes 2 generic arguments but 1 generic argument was supplied
[INFO] [stdout]    --> src/main.rs:42:19
[INFO] [stdout]     |
[INFO] [stdout] 42  |         rate: rng.gen_range::<i32>(0, 3000),
[INFO] [stdout]     |                   ^^^^^^^^^   --- supplied 1 generic argument
[INFO] [stdout]     |                   |
[INFO] [stdout]     |                   expected 2 generic arguments
[INFO] [stdout]     |
[INFO] [stdout] note: associated function defined here, with 2 generic parameters: `T`, `R`
[INFO] [stdout]    --> /opt/rustwide/cargo-home/registry/src/github.com-1ecc6299db9ec823/rand-0.8.4/src/rng.rs:129:8
[INFO] [stdout]     |
[INFO] [stdout] 129 |     fn gen_range<T, R>(&mut self, range: R) -> T
[INFO] [stdout]     |        ^^^^^^^^^ -  -
[INFO] [stdout] help: add missing generic argument
[INFO] [stdout]     |
[INFO] [stdout] 42  |         rate: rng.gen_range::<i32, R>(0, 3000),
[INFO] [stdout]     |                                  +++
[INFO] [stdout] 
[INFO] [stdout] 
[INFO] [stdout] error[E0061]: this function takes 1 argument but 2 arguments were supplied
[INFO] [stdout]    --> src/main.rs:42:19
[INFO] [stdout]     |
[INFO] [stdout] 42  |         rate: rng.gen_range::<i32>(0, 3000),
[INFO] [stdout]     |                   ^^^^^^^^^        -  ---- supplied 2 arguments
[INFO] [stdout]     |                   |
[INFO] [stdout]     |                   expected 1 argument
[INFO] [stdout]     |
[INFO] [stdout] note: associated function defined here
[INFO] [stdout]    --> /opt/rustwide/cargo-home/registry/src/github.com-1ecc6299db9ec823/rand-0.8.4/src/rng.rs:129:8
[INFO] [stdout]     |
[INFO] [stdout] 129 |     fn gen_range<T, R>(&mut self, range: R) -> T
[INFO] [stdout]     |        ^^^^^^^^^
[INFO] [stdout] 
[INFO] [stdout] 
[INFO] [stdout] warning: use of deprecated macro `try`: use the `?` operator instead
[INFO] [stdout]   --> src/main.rs:62:32
[INFO] [stdout]    |
[INFO] [stdout] 62 |         if let Some(ip_addr) = try!(shake.remote_addr()) {
[INFO] [stdout]    |                                ^^^
[INFO] [stdout]    |
[INFO] [stdout]    = note: `#[warn(deprecated)]` on by default
[INFO] [stdout] 
[INFO] [stdout] 
[INFO] [stdout] error[E0107]: this associated function takes 2 generic arguments but 1 generic argument was supplied
[INFO] [stdout]    --> src/main.rs:42:19
[INFO] [stdout]     |
[INFO] [stdout] 42  |         rate: rng.gen_range::<i32>(0, 3000),
[INFO] [stdout]     |                   ^^^^^^^^^   --- supplied 1 generic argument
[INFO] [stdout]     |                   |
[INFO] [stdout]     |                   expected 2 generic arguments
[INFO] [stdout]     |
[INFO] [stdout] note: associated function defined here, with 2 generic parameters: `T`, `R`
[INFO] [stdout]    --> /opt/rustwide/cargo-home/registry/src/github.com-1ecc6299db9ec823/rand-0.8.4/src/rng.rs:129:8
[INFO] [stdout]     |
[INFO] [stdout] 129 |     fn gen_range<T, R>(&mut self, range: R) -> T
[INFO] [stdout]     |        ^^^^^^^^^ -  -
[INFO] [stdout] help: add missing generic argument
[INFO] [stdout]     |
[INFO] [stdout] 42  |         rate: rng.gen_range::<i32, R>(0, 3000),
[INFO] [stdout]     |                                  +++
[INFO] [stdout] 
[INFO] [stdout] 
[INFO] [stdout] error[E0061]: this function takes 1 argument but 2 arguments were supplied
[INFO] [stdout]    --> src/main.rs:42:19
[INFO] [stdout]     |
[INFO] [stdout] 42  |         rate: rng.gen_range::<i32>(0, 3000),
[INFO] [stdout]     |                   ^^^^^^^^^        -  ---- supplied 2 arguments
[INFO] [stdout]     |                   |
[INFO] [stdout]     |                   expected 1 argument
[INFO] [stdout]     |
[INFO] [stdout] note: associated function defined here
[INFO] [stdout]    --> /opt/rustwide/cargo-home/registry/src/github.com-1ecc6299db9ec823/rand-0.8.4/src/rng.rs:129:8
[INFO] [stdout]     |
[INFO] [stdout] 129 |     fn gen_range<T, R>(&mut self, range: R) -> T
[INFO] [stdout]     |        ^^^^^^^^^
[INFO] [stdout] 
[INFO] [stdout] 
[INFO] [stdout] error[E0599]: no method named `unwrap` found for unit type `()` in the current scope
[INFO] [stdout]   --> src/main.rs:87:24
[INFO] [stdout]    |
[INFO] [stdout] 87 |     env_logger::init().unwrap();
[INFO] [stdout]    |                        ^^^^^^ method not found in `()`
[INFO] [stdout] 
[INFO] [stdout] 
[INFO] [stdout] error[E0599]: no method named `unwrap` found for unit type `()` in the current scope
[INFO] [stdout]   --> src/main.rs:87:24
[INFO] [stdout]    |
[INFO] [stdout] 87 |     env_logger::init().unwrap();
[INFO] [stdout]    |                        ^^^^^^ method not found in `()`
[INFO] [stdout] 
[INFO] [stdout] 
[INFO] [stdout] error: aborting due to 3 previous errors; 1 warning emitted
[INFO] [stdout] 
[INFO] [stdout] 
[INFO] [stdout] Some errors have detailed explanations: E0061, E0107, E0599.
[INFO] [stdout] 
[INFO] [stdout] For more information about an error, try `rustc --explain E0061`.
[INFO] [stdout] 
[INFO] [stdout] error: aborting due to 3 previous errors; 1 warning emitted
[INFO] [stdout] 
[INFO] [stdout] 
[INFO] [stdout] Some errors have detailed explanations: E0061, E0107, E0599.
[INFO] [stdout] 
[INFO] [stdout] For more information about an error, try `rustc --explain E0061`.
[INFO] [stdout] 
[INFO] [stderr] error: could not compile `traffic_generator` due to 4 previous errors; 1 warning emitted
[INFO] [stderr] warning: build failed, waiting for other jobs to finish...
[INFO] [stderr] error: build failed
[INFO] running `Command { std: "docker" "inspect" "c353f8dca7ac0b98eef1ec950f6d7adff2a2fc551c3f8528f2f1823489849577", kill_on_drop: false }`
[INFO] running `Command { std: "docker" "rm" "-f" "c353f8dca7ac0b98eef1ec950f6d7adff2a2fc551c3f8528f2f1823489849577", kill_on_drop: false }`
[INFO] [stdout] c353f8dca7ac0b98eef1ec950f6d7adff2a2fc551c3f8528f2f1823489849577
