[INFO] fetching crate tokio-resource-pool 0.5.0-alpha.1...
[INFO] checking tokio-resource-pool-0.5.0-alpha.1 against beta-2021-10-15 for beta-1.56-3
[INFO] extracting crate tokio-resource-pool 0.5.0-alpha.1 into /workspace/builds/worker-40/source
[INFO] validating manifest of crates.io crate tokio-resource-pool 0.5.0-alpha.1 on toolchain beta-2021-10-15
[INFO] running `Command { std: "/workspace/cargo-home/bin/cargo" "+beta-2021-10-15" "metadata" "--manifest-path" "Cargo.toml" "--no-deps", kill_on_drop: false }`
[INFO] started tweaking crates.io crate tokio-resource-pool 0.5.0-alpha.1
[INFO] finished tweaking crates.io crate tokio-resource-pool 0.5.0-alpha.1
[INFO] tweaked toml for crates.io crate tokio-resource-pool 0.5.0-alpha.1 written to /workspace/builds/worker-40/source/Cargo.toml
[INFO] running `Command { std: "/workspace/cargo-home/bin/cargo" "+beta-2021-10-15" "generate-lockfile" "--manifest-path" "Cargo.toml" "-Zno-index-update", kill_on_drop: false }`
[INFO] [stderr]     Blocking waiting for file lock on package cache
[INFO] running `Command { std: "/workspace/cargo-home/bin/cargo" "+beta-2021-10-15" "fetch" "--manifest-path" "Cargo.toml", kill_on_drop: false }`
[INFO] [stderr]     Blocking waiting for file lock on package cache
[INFO] running `Command { std: "docker" "create" "-v" "/var/lib/crater-agent-workspace/builds/worker-40/target:/opt/rustwide/target:rw,Z" "-v" "/var/lib/crater-agent-workspace/builds/worker-40/source:/opt/rustwide/workdir:ro,Z" "-v" "/var/lib/crater-agent-workspace/cargo-home:/opt/rustwide/cargo-home:ro,Z" "-v" "/var/lib/crater-agent-workspace/rustup-home:/opt/rustwide/rustup-home:ro,Z" "-e" "SOURCE_DIR=/opt/rustwide/workdir" "-e" "CARGO_TARGET_DIR=/opt/rustwide/target" "-e" "CARGO_HOME=/opt/rustwide/cargo-home" "-e" "RUSTUP_HOME=/opt/rustwide/rustup-home" "-w" "/opt/rustwide/workdir" "-m" "1610612736" "--user" "0:0" "--network" "none" "ghcr.io/rust-lang/crates-build-env/linux@sha256:a89201d6b5b9fd45c15d5952ece0a0129e7e80cb26ec023fd59cf09bc26f1604" "/opt/rustwide/cargo-home/bin/cargo" "+beta-2021-10-15" "metadata" "--no-deps" "--format-version=1", kill_on_drop: false }`
[INFO] [stdout] d0d66ca9675becfedd0f8d17749beab91869087400a87d85da25c5a4b3f6cb04
[INFO] running `Command { std: "docker" "start" "-a" "d0d66ca9675becfedd0f8d17749beab91869087400a87d85da25c5a4b3f6cb04", kill_on_drop: false }`
[INFO] running `Command { std: "docker" "inspect" "d0d66ca9675becfedd0f8d17749beab91869087400a87d85da25c5a4b3f6cb04", kill_on_drop: false }`
[INFO] running `Command { std: "docker" "rm" "-f" "d0d66ca9675becfedd0f8d17749beab91869087400a87d85da25c5a4b3f6cb04", kill_on_drop: false }`
[INFO] [stdout] d0d66ca9675becfedd0f8d17749beab91869087400a87d85da25c5a4b3f6cb04
[INFO] running `Command { std: "docker" "create" "-v" "/var/lib/crater-agent-workspace/builds/worker-40/target:/opt/rustwide/target:rw,Z" "-v" "/var/lib/crater-agent-workspace/builds/worker-40/source:/opt/rustwide/workdir:ro,Z" "-v" "/var/lib/crater-agent-workspace/cargo-home:/opt/rustwide/cargo-home:ro,Z" "-v" "/var/lib/crater-agent-workspace/rustup-home:/opt/rustwide/rustup-home:ro,Z" "-e" "SOURCE_DIR=/opt/rustwide/workdir" "-e" "CARGO_TARGET_DIR=/opt/rustwide/target" "-e" "CARGO_INCREMENTAL=0" "-e" "RUST_BACKTRACE=full" "-e" "RUSTFLAGS=--cap-lints=warn" "-e" "CARGO_HOME=/opt/rustwide/cargo-home" "-e" "RUSTUP_HOME=/opt/rustwide/rustup-home" "-w" "/opt/rustwide/workdir" "-m" "1610612736" "--user" "0:0" "--network" "none" "ghcr.io/rust-lang/crates-build-env/linux@sha256:a89201d6b5b9fd45c15d5952ece0a0129e7e80cb26ec023fd59cf09bc26f1604" "/opt/rustwide/cargo-home/bin/cargo" "+beta-2021-10-15" "check" "--frozen" "--all" "--all-targets" "--message-format=json", kill_on_drop: false }`
[INFO] [stdout] 5fa3a2853bb37fec3cd0d0383938df63439e6d24a330165b8ed4bf1be576125b
[INFO] running `Command { std: "docker" "start" "-a" "5fa3a2853bb37fec3cd0d0383938df63439e6d24a330165b8ed4bf1be576125b", kill_on_drop: false }`
[INFO] [stderr]     Checking futures-sink-preview v0.3.0-alpha.19
[INFO] [stderr]     Checking futures-core-preview v0.3.0-alpha.19
[INFO] [stderr]     Checking futures-io-preview v0.3.0-alpha.19
[INFO] [stderr]    Compiling log v0.4.14
[INFO] [stderr]     Checking tokio v0.2.25
[INFO] [stderr]     Checking crossbeam-queue v0.1.2
[INFO] [stderr]     Checking futures-channel-preview v0.3.0-alpha.19
[INFO] [stderr]     Checking futures-util-preview v0.3.0-alpha.19
[INFO] [stderr]     Checking futures-executor-preview v0.3.0-alpha.19
[INFO] [stderr]     Checking tokio-sync v0.2.0-alpha.6
[INFO] [stderr]     Checking futures-preview v0.3.0-alpha.19
[INFO] [stderr]     Checking tokio-resource-pool v0.5.0-alpha.1 (/opt/rustwide/workdir)
[INFO] [stdout] error[E0433]: failed to resolve: could not find `test` in `tokio`
[INFO] [stdout]   --> src/tests.rs:90:10
[INFO] [stdout]    |
[INFO] [stdout] 90 | #[tokio::test]
[INFO] [stdout]    |          ^^^^ could not find `test` in `tokio`
[INFO] [stdout] 
[INFO] [stdout] 
[INFO] [stdout] error[E0433]: failed to resolve: could not find `test` in `tokio`
[INFO] [stdout]    --> src/tests.rs:101:10
[INFO] [stdout]     |
[INFO] [stdout] 101 | #[tokio::test]
[INFO] [stdout]     |          ^^^^ could not find `test` in `tokio`
[INFO] [stdout] 
[INFO] [stdout] 
[INFO] [stdout] error[E0433]: failed to resolve: could not find `test` in `tokio`
[INFO] [stdout]    --> src/tests.rs:119:10
[INFO] [stdout]     |
[INFO] [stdout] 119 | #[tokio::test]
[INFO] [stdout]     |          ^^^^ could not find `test` in `tokio`
[INFO] [stdout] 
[INFO] [stdout] 
[INFO] [stdout] error[E0433]: failed to resolve: could not find `test` in `tokio`
[INFO] [stdout]    --> src/tests.rs:138:10
[INFO] [stdout]     |
[INFO] [stdout] 138 | #[tokio::test]
[INFO] [stdout]     |          ^^^^ could not find `test` in `tokio`
[INFO] [stdout] 
[INFO] [stdout] 
[INFO] [stdout] error[E0554]: `#![feature]` may not be used on the beta release channel
[INFO] [stdout]    --> src/lib.rs:136:1
[INFO] [stdout]     |
[INFO] [stdout] 136 | #![feature(associated_type_defaults)]
[INFO] [stdout]     | ^^^^^^^^^^^^^^^^^^^^^^^^^^^^^^^^^^^^^
[INFO] [stdout] 
[INFO] [stdout] 
[INFO] [stdout] error[E0554]: `#![feature]` may not be used on the beta release channel
[INFO] [stdout]    --> src/lib.rs:136:1
[INFO] [stdout]     |
[INFO] [stdout] 136 | #![feature(associated_type_defaults)]
[INFO] [stdout]     | ^^^^^^^^^^^^^^^^^^^^^^^^^^^^^^^^^^^^^
[INFO] [stdout] 
[INFO] [stdout] 
[INFO] [stdout] error: aborting due to previous error
[INFO] [stdout] 
[INFO] [stdout] 
[INFO] [stderr] error: could not compile `tokio-resource-pool` due to 2 previous errors
[INFO] [stdout] For more information about this error, try `rustc --explain E0554`.
[INFO] [stdout] 
[INFO] [stderr] warning: build failed, waiting for other jobs to finish...
[INFO] [stdout] error: aborting due to 5 previous errors
[INFO] [stdout] 
[INFO] [stdout] 
[INFO] [stdout] Some errors have detailed explanations: E0433, E0554.
[INFO] [stdout] 
[INFO] [stdout] For more information about an error, try `rustc --explain E0433`.
[INFO] [stdout] 
[INFO] [stderr] error: build failed
[INFO] running `Command { std: "docker" "inspect" "5fa3a2853bb37fec3cd0d0383938df63439e6d24a330165b8ed4bf1be576125b", kill_on_drop: false }`
[INFO] running `Command { std: "docker" "rm" "-f" "5fa3a2853bb37fec3cd0d0383938df63439e6d24a330165b8ed4bf1be576125b", kill_on_drop: false }`
[INFO] [stdout] 5fa3a2853bb37fec3cd0d0383938df63439e6d24a330165b8ed4bf1be576125b
