[INFO] fetching crate tinysearch-cuckoofilter 0.4.1...
[INFO] checking tinysearch-cuckoofilter-0.4.1 against beta-2021-10-15 for beta-1.56-3
[INFO] extracting crate tinysearch-cuckoofilter 0.4.1 into /workspace/builds/worker-3/source
[INFO] validating manifest of crates.io crate tinysearch-cuckoofilter 0.4.1 on toolchain beta-2021-10-15
[INFO] running `Command { std: "/workspace/cargo-home/bin/cargo" "+beta-2021-10-15" "metadata" "--manifest-path" "Cargo.toml" "--no-deps", kill_on_drop: false }`
[INFO] started tweaking crates.io crate tinysearch-cuckoofilter 0.4.1
[INFO] finished tweaking crates.io crate tinysearch-cuckoofilter 0.4.1
[INFO] tweaked toml for crates.io crate tinysearch-cuckoofilter 0.4.1 written to /workspace/builds/worker-3/source/Cargo.toml
[INFO] running `Command { std: "/workspace/cargo-home/bin/cargo" "+beta-2021-10-15" "generate-lockfile" "--manifest-path" "Cargo.toml" "-Zno-index-update", kill_on_drop: false }`
[INFO] [stderr]     Blocking waiting for file lock on package cache
[INFO] running `Command { std: "/workspace/cargo-home/bin/cargo" "+beta-2021-10-15" "fetch" "--manifest-path" "Cargo.toml", kill_on_drop: false }`
[INFO] [stderr]     Blocking waiting for file lock on package cache
[INFO] [stderr]  Downloading crates ...
[INFO] [stderr]   Downloaded nom v1.2.4
[INFO] [stderr]   Downloaded quine-mc_cluskey v0.2.4
[INFO] [stderr]   Downloaded semver v0.2.3
[INFO] [stderr]   Downloaded toml v0.1.30
[INFO] [stderr]   Downloaded clippy v0.0.77
[INFO] [stderr]   Downloaded clippy_lints v0.0.77
[INFO] [stderr]   Downloaded farmhash v1.1.5
[INFO] running `Command { std: "docker" "create" "-v" "/var/lib/crater-agent-workspace/builds/worker-3/target:/opt/rustwide/target:rw,Z" "-v" "/var/lib/crater-agent-workspace/builds/worker-3/source:/opt/rustwide/workdir:ro,Z" "-v" "/var/lib/crater-agent-workspace/cargo-home:/opt/rustwide/cargo-home:ro,Z" "-v" "/var/lib/crater-agent-workspace/rustup-home:/opt/rustwide/rustup-home:ro,Z" "-e" "SOURCE_DIR=/opt/rustwide/workdir" "-e" "CARGO_TARGET_DIR=/opt/rustwide/target" "-e" "CARGO_HOME=/opt/rustwide/cargo-home" "-e" "RUSTUP_HOME=/opt/rustwide/rustup-home" "-w" "/opt/rustwide/workdir" "-m" "1610612736" "--user" "0:0" "--network" "none" "ghcr.io/rust-lang/crates-build-env/linux@sha256:a89201d6b5b9fd45c15d5952ece0a0129e7e80cb26ec023fd59cf09bc26f1604" "/opt/rustwide/cargo-home/bin/cargo" "+beta-2021-10-15" "metadata" "--no-deps" "--format-version=1", kill_on_drop: false }`
[INFO] [stdout] 48daffa1b486a130b443bd6bee3a378edbb3b82ca616eb2c19b42d414fc33c81
[INFO] [stderr] WARNING: Your kernel does not support swap limit capabilities or the cgroup is not mounted. Memory limited without swap.
[INFO] running `Command { std: "docker" "start" "-a" "48daffa1b486a130b443bd6bee3a378edbb3b82ca616eb2c19b42d414fc33c81", kill_on_drop: false }`
[INFO] running `Command { std: "docker" "inspect" "48daffa1b486a130b443bd6bee3a378edbb3b82ca616eb2c19b42d414fc33c81", kill_on_drop: false }`
[INFO] running `Command { std: "docker" "rm" "-f" "48daffa1b486a130b443bd6bee3a378edbb3b82ca616eb2c19b42d414fc33c81", kill_on_drop: false }`
[INFO] [stdout] 48daffa1b486a130b443bd6bee3a378edbb3b82ca616eb2c19b42d414fc33c81
[INFO] running `Command { std: "docker" "create" "-v" "/var/lib/crater-agent-workspace/builds/worker-3/target:/opt/rustwide/target:rw,Z" "-v" "/var/lib/crater-agent-workspace/builds/worker-3/source:/opt/rustwide/workdir:ro,Z" "-v" "/var/lib/crater-agent-workspace/cargo-home:/opt/rustwide/cargo-home:ro,Z" "-v" "/var/lib/crater-agent-workspace/rustup-home:/opt/rustwide/rustup-home:ro,Z" "-e" "SOURCE_DIR=/opt/rustwide/workdir" "-e" "CARGO_TARGET_DIR=/opt/rustwide/target" "-e" "CARGO_INCREMENTAL=0" "-e" "RUST_BACKTRACE=full" "-e" "RUSTFLAGS=--cap-lints=warn" "-e" "CARGO_HOME=/opt/rustwide/cargo-home" "-e" "RUSTUP_HOME=/opt/rustwide/rustup-home" "-w" "/opt/rustwide/workdir" "-m" "1610612736" "--user" "0:0" "--network" "none" "ghcr.io/rust-lang/crates-build-env/linux@sha256:a89201d6b5b9fd45c15d5952ece0a0129e7e80cb26ec023fd59cf09bc26f1604" "/opt/rustwide/cargo-home/bin/cargo" "+beta-2021-10-15" "check" "--frozen" "--all" "--all-targets" "--message-format=json", kill_on_drop: false }`
[INFO] [stdout] 9e442bceac7fb0463394538a1c07016be21e5e5253122d4fa31f2bfc2641853e
[INFO] [stderr] WARNING: Your kernel does not support swap limit capabilities or the cgroup is not mounted. Memory limited without swap.
[INFO] running `Command { std: "docker" "start" "-a" "9e442bceac7fb0463394538a1c07016be21e5e5253122d4fa31f2bfc2641853e", kill_on_drop: false }`
[INFO] [stderr]     Checking tinysearch-cuckoofilter v0.4.1 (/opt/rustwide/workdir)
[INFO] [stdout] warning: this method call resolves to `<&[T; N] as IntoIterator>::into_iter` (due to backwards compatibility), but will resolve to <[T; N] as IntoIterator>::into_iter in Rust 2021.
[INFO] [stdout]   --> src/bucket.rs:90:34
[INFO] [stdout]    |
[INFO] [stdout] 90 |             .flat_map(|f| f.data.into_iter())
[INFO] [stdout]    |                                  ^^^^^^^^^
[INFO] [stdout]    |
[INFO] [stdout]    = note: `#[warn(array_into_iter)]` on by default
[INFO] [stdout]    = warning: this changes meaning in Rust 2021
[INFO] [stdout]    = note: for more information, see <https://doc.rust-lang.org/nightly/edition-guide/rust-2021/IntoIterator-for-arrays.html>
[INFO] [stdout] help: use `.iter()` instead of `.into_iter()` to avoid ambiguity
[INFO] [stdout]    |
[INFO] [stdout] 90 |             .flat_map(|f| f.data.iter())
[INFO] [stdout]    |                                  ~~~~
[INFO] [stdout] help: or use `IntoIterator::into_iter(..)` instead of `.into_iter()` to explicitly iterate by value
[INFO] [stdout]    |
[INFO] [stdout] 90 |             .flat_map(|f| IntoIterator::into_iter(f.data))
[INFO] [stdout]    |                           ++++++++++++++++++++++++      ~
[INFO] [stdout] 
[INFO] [stdout] 
[INFO] [stdout] warning: this method call resolves to `<&[T; N] as IntoIterator>::into_iter` (due to backwards compatibility), but will resolve to <[T; N] as IntoIterator>::into_iter in Rust 2021.
[INFO] [stdout]   --> src/bucket.rs:90:34
[INFO] [stdout]    |
[INFO] [stdout] 90 |             .flat_map(|f| f.data.into_iter())
[INFO] [stdout]    |                                  ^^^^^^^^^
[INFO] [stdout]    |
[INFO] [stdout]    = note: `#[warn(array_into_iter)]` on by default
[INFO] [stdout]    = warning: this changes meaning in Rust 2021
[INFO] [stdout]    = note: for more information, see <https://doc.rust-lang.org/nightly/edition-guide/rust-2021/IntoIterator-for-arrays.html>
[INFO] [stdout] help: use `.iter()` instead of `.into_iter()` to avoid ambiguity
[INFO] [stdout]    |
[INFO] [stdout] 90 |             .flat_map(|f| f.data.iter())
[INFO] [stdout]    |                                  ~~~~
[INFO] [stdout] help: or use `IntoIterator::into_iter(..)` instead of `.into_iter()` to explicitly iterate by value
[INFO] [stdout]    |
[INFO] [stdout] 90 |             .flat_map(|f| IntoIterator::into_iter(f.data))
[INFO] [stdout]    |                           ++++++++++++++++++++++++      ~
[INFO] [stdout] 
[INFO] [stdout] 
[INFO] [stdout] warning: 1 warning emitted
[INFO] [stdout] 
[INFO] [stdout] 
[INFO] [stdout] warning: 1 warning emitted
[INFO] [stdout] 
[INFO] [stdout] 
[INFO] [stdout] error[E0432]: unresolved import `self::cuckoofilter`
[INFO] [stdout]   --> benches/bench_lib.rs:10:11
[INFO] [stdout]    |
[INFO] [stdout] 10 | use self::cuckoofilter::*;
[INFO] [stdout]    |           ^^^^^^^^^^^^ could not find `cuckoofilter` in the crate root
[INFO] [stdout] 
[INFO] [stdout] 
[INFO] [stdout] error[E0433]: failed to resolve: use of undeclared type `CuckooFilter`
[INFO] [stdout]   --> benches/bench_lib.rs:38:18
[INFO] [stdout]    |
[INFO] [stdout] 38 |     let mut cf = CuckooFilter::<H>::with_capacity(split.len() * 2);
[INFO] [stdout]    |                  ^^^^^^^^^^^^ not found in this scope
[INFO] [stdout]    |
[INFO] [stdout] help: consider importing this struct
[INFO] [stdout]    |
[INFO] [stdout] 10 | use tinysearch_cuckoofilter::CuckooFilter;
[INFO] [stdout]    |
[INFO] [stdout] 
[INFO] [stdout] 
[INFO] [stdout] error[E0433]: failed to resolve: use of undeclared type `CuckooFilter`
[INFO] [stdout]   --> benches/bench_lib.rs:50:25
[INFO] [stdout]    |
[INFO] [stdout] 50 |         test::black_box(CuckooFilter::new());
[INFO] [stdout]    |                         ^^^^^^^^^^^^ not found in this scope
[INFO] [stdout]    |
[INFO] [stdout] help: consider importing this struct
[INFO] [stdout]    |
[INFO] [stdout] 10 | use tinysearch_cuckoofilter::CuckooFilter;
[INFO] [stdout]    |
[INFO] [stdout] 
[INFO] [stdout] 
[INFO] [stdout] error[E0554]: `#![feature]` may not be used on the beta release channel
[INFO] [stdout]  --> benches/bench_lib.rs:1:1
[INFO] [stdout]   |
[INFO] [stdout] 1 | #![feature(test)]
[INFO] [stdout]   | ^^^^^^^^^^^^^^^^^
[INFO] [stdout] 
[INFO] [stdout] 
[INFO] [stdout] warning: use of deprecated associated function `std::error::Error::description`: use the Display impl or to_string()
[INFO] [stdout]   --> benches/bench_lib.rs:24:68
[INFO] [stdout]    |
[INFO] [stdout] 24 |         Err(why) => panic!("couldn't open {}: {}", display, Error::description(&why)),
[INFO] [stdout]    |                                                                    ^^^^^^^^^^^
[INFO] [stdout]    |
[INFO] [stdout]    = note: `#[warn(deprecated)]` on by default
[INFO] [stdout] 
[INFO] [stdout] 
[INFO] [stdout] warning: use of deprecated associated function `std::error::Error::description`: use the Display impl or to_string()
[INFO] [stdout]   --> benches/bench_lib.rs:30:56
[INFO] [stdout]    |
[INFO] [stdout] 30 |         panic!("couldn't read {}: {}", display, Error::description(&why));
[INFO] [stdout]    |                                                        ^^^^^^^^^^^
[INFO] [stdout] 
[INFO] [stdout] 
[INFO] [stdout] error: aborting due to 4 previous errors; 2 warnings emitted
[INFO] [stdout] 
[INFO] [stdout] 
[INFO] [stdout] Some errors have detailed explanations: E0432, E0433, E0554.
[INFO] [stdout] 
[INFO] [stdout] For more information about an error, try `rustc --explain E0432`.
[INFO] [stdout] 
[INFO] [stderr] error: could not compile `tinysearch-cuckoofilter` due to 5 previous errors; 2 warnings emitted
[INFO] [stderr] warning: build failed, waiting for other jobs to finish...
[INFO] [stderr] error: build failed
[INFO] running `Command { std: "docker" "inspect" "9e442bceac7fb0463394538a1c07016be21e5e5253122d4fa31f2bfc2641853e", kill_on_drop: false }`
[INFO] running `Command { std: "docker" "rm" "-f" "9e442bceac7fb0463394538a1c07016be21e5e5253122d4fa31f2bfc2641853e", kill_on_drop: false }`
[INFO] [stdout] 9e442bceac7fb0463394538a1c07016be21e5e5253122d4fa31f2bfc2641853e
